{"id":8064,"date":"2025-08-13T10:15:59","date_gmt":"2025-08-13T08:15:59","guid":{"rendered":"https:\/\/www.kliinikum.ee\/taastusravi\/?page_id=8064"},"modified":"2025-09-10T08:23:45","modified_gmt":"2025-09-10T06:23:45","slug":"parkimine","status":"publish","type":"page","link":"https:\/\/www.kliinikum.ee\/taastusravi\/patsiendile\/parkimine\/","title":{"rendered":"Parkimine"},"content":{"rendered":"\n<p>Parkimine Tartus:<\/p>\n\n\n\n<ul class=\"wp-block-list\">\n<li><strong>L. Puusepa 1a ja mujal T\u00dc Kliinikumi meditsiinilinnaku \u00fcmbruses:\u00a0<\/strong><a href=\"https:\/\/www.kliinikum.ee\/patsiendile\/parkimine\/\">https:\/\/www.kliinikum.ee\/patsiendile\/parkimine\/<\/a><\/li>\n\n\n\n<li><strong>Parkimine Ujula 4 <\/strong>(T\u00dc Spordihoone)<strong> <\/strong>ees asuvas parklas on tasulise parkimise aeg t\u00f6\u00f6p\u00e4evadel kell 8\u201319. L\u00fchiajalise parkimise tunnitasu on\u00a0<strong>1,5<\/strong>\u00a0eurot ning \u00f6\u00f6p\u00e4evatasu suurus on\u00a0<strong>4<\/strong>\u00a0eurot. Lisainfo: <a href=\"https:\/\/sport.ut.ee\/spordihoone\/\">https:\/\/sport.ut.ee\/spordihoone\/<\/a> <\/li>\n<\/ul>\n\n\n\n<p>Parkimine Tallinnas, aadressi<strong> Sepapaja 12\/1<\/strong>:<br><\/p>\n\n\n\n<ul class=\"wp-block-list\">\n<li><strong>S\u00f5iduautoga<\/strong>\u00a0tulles s\u00f5iduki registreerimisel Tervisemaja fuajees paiknevas\u00a0parkimisautomaadis\u00a0teatud aladel 2 tundi parkimist tasuta.<\/li>\n\n\n\n<li>Hoone vahetus l\u00e4hedusel asuvad ka mitmed<strong>\u00a0rattaparklad.<\/strong><\/li>\n\n\n\n<li><strong>\u00dchistranspordi\u00a0bussid<\/strong>\u00a07, 15, 45, 49, 64, 65. V\u00e4ljuda Valukoja bussipeatuses.<\/li>\n\n\n\n<li><strong>Rongiga<\/strong>\u00a0tulles v\u00e4ljuda \u00dclemiste jaamas.<\/li>\n<\/ul>\n\n\n\n<p><\/p>\n","protected":false},"excerpt":{"rendered":"<p>Parkimine Tartus: Parkimine Tallinnas, aadressi Sepapaja 12\/1:<\/p>\n","protected":false},"author":30,"featured_media":0,"parent":15,"menu_order":8,"comment_status":"closed","ping_status":"closed","template":"","meta":{"_acf_changed":false,"_uag_custom_page_level_css":"","footnotes":""},"class_list":["post-8064","page","type-page","status-publish","hentry"],"acf":[],"yoast_head":"<!-- This site is optimized with the Yoast SEO plugin v27.3 - https:\/\/yoast.com\/product\/yoast-seo-wordpress\/ -->\n<title>Parkimine - Spordimeditsiini ja taastusravi kliinik<\/title>\n<meta name=\"robots\" content=\"index, follow, max-snippet:-1, max-image-preview:large, max-video-preview:-1\" \/>\n<link rel=\"canonical\" href=\"https:\/\/www.kliinikum.ee\/taastusravi\/patsiendile\/parkimine\/\" \/>\n<meta property=\"og:locale\" content=\"et_EE\" \/>\n<meta property=\"og:type\" content=\"article\" \/>\n<meta property=\"og:title\" content=\"Parkimine - Spordimeditsiini ja taastusravi kliinik\" \/>\n<meta property=\"og:description\" content=\"Parkimine Tartus: Parkimine Tallinnas, aadressi Sepapaja 12\/1:\" \/>\n<meta property=\"og:url\" content=\"https:\/\/www.kliinikum.ee\/taastusravi\/patsiendile\/parkimine\/\" \/>\n<meta property=\"og:site_name\" content=\"Spordimeditsiini ja taastusravi kliinik\" \/>\n<meta property=\"article:modified_time\" content=\"2025-09-10T06:23:45+00:00\" \/>\n<meta name=\"twitter:card\" content=\"summary_large_image\" \/>\n<meta name=\"twitter:label1\" content=\"Est. reading time\" \/>\n\t<meta name=\"twitter:data1\" content=\"1 minut\" \/>\n<script type=\"application\/ld+json\" class=\"yoast-schema-graph\">{\"@context\":\"https:\\\/\\\/schema.org\",\"@graph\":[{\"@type\":\"WebPage\",\"@id\":\"https:\\\/\\\/www.kliinikum.ee\\\/taastusravi\\\/patsiendile\\\/parkimine\\\/\",\"url\":\"https:\\\/\\\/www.kliinikum.ee\\\/taastusravi\\\/patsiendile\\\/parkimine\\\/\",\"name\":\"Parkimine - Spordimeditsiini ja taastusravi kliinik\",\"isPartOf\":{\"@id\":\"https:\\\/\\\/www.kliinikum.ee\\\/taastusravi\\\/#website\"},\"datePublished\":\"2025-08-13T08:15:59+00:00\",\"dateModified\":\"2025-09-10T06:23:45+00:00\",\"breadcrumb\":{\"@id\":\"https:\\\/\\\/www.kliinikum.ee\\\/taastusravi\\\/patsiendile\\\/parkimine\\\/#breadcrumb\"},\"inLanguage\":\"et\",\"potentialAction\":[{\"@type\":\"ReadAction\",\"target\":[\"https:\\\/\\\/www.kliinikum.ee\\\/taastusravi\\\/patsiendile\\\/parkimine\\\/\"]}]},{\"@type\":\"BreadcrumbList\",\"@id\":\"https:\\\/\\\/www.kliinikum.ee\\\/taastusravi\\\/patsiendile\\\/parkimine\\\/#breadcrumb\",\"itemListElement\":[{\"@type\":\"ListItem\",\"position\":1,\"name\":\"Home\",\"item\":\"https:\\\/\\\/www.kliinikum.ee\\\/taastusravi\\\/\"},{\"@type\":\"ListItem\",\"position\":2,\"name\":\"Patsiendile\",\"item\":\"https:\\\/\\\/www.kliinikum.ee\\\/taastusravi\\\/patsiendile\\\/\"},{\"@type\":\"ListItem\",\"position\":3,\"name\":\"Parkimine\"}]},{\"@type\":\"WebSite\",\"@id\":\"https:\\\/\\\/www.kliinikum.ee\\\/taastusravi\\\/#website\",\"url\":\"https:\\\/\\\/www.kliinikum.ee\\\/taastusravi\\\/\",\"name\":\"Spordimeditsiini ja taastusravi kliinik\",\"description\":\"Hoolivus, Uuendusmeelsus, P\u00e4devus ja Usaldusv\u00e4\u00e4rsus\",\"potentialAction\":[{\"@type\":\"SearchAction\",\"target\":{\"@type\":\"EntryPoint\",\"urlTemplate\":\"https:\\\/\\\/www.kliinikum.ee\\\/taastusravi\\\/?s={search_term_string}\"},\"query-input\":{\"@type\":\"PropertyValueSpecification\",\"valueRequired\":true,\"valueName\":\"search_term_string\"}}],\"inLanguage\":\"et\"}]}<\/script>\n<!-- \/ Yoast SEO plugin. -->","yoast_head_json":{"title":"Parkimine - Spordimeditsiini ja taastusravi kliinik","robots":{"index":"index","follow":"follow","max-snippet":"max-snippet:-1","max-image-preview":"max-image-preview:large","max-video-preview":"max-video-preview:-1"},"canonical":"https:\/\/www.kliinikum.ee\/taastusravi\/patsiendile\/parkimine\/","og_locale":"et_EE","og_type":"article","og_title":"Parkimine - Spordimeditsiini ja taastusravi kliinik","og_description":"Parkimine Tartus: Parkimine Tallinnas, aadressi Sepapaja 12\/1:","og_url":"https:\/\/www.kliinikum.ee\/taastusravi\/patsiendile\/parkimine\/","og_site_name":"Spordimeditsiini ja taastusravi kliinik","article_modified_time":"2025-09-10T06:23:45+00:00","twitter_card":"summary_large_image","twitter_misc":{"Est. reading time":"1 minut"},"schema":{"@context":"https:\/\/schema.org","@graph":[{"@type":"WebPage","@id":"https:\/\/www.kliinikum.ee\/taastusravi\/patsiendile\/parkimine\/","url":"https:\/\/www.kliinikum.ee\/taastusravi\/patsiendile\/parkimine\/","name":"Parkimine - Spordimeditsiini ja taastusravi kliinik","isPartOf":{"@id":"https:\/\/www.kliinikum.ee\/taastusravi\/#website"},"datePublished":"2025-08-13T08:15:59+00:00","dateModified":"2025-09-10T06:23:45+00:00","breadcrumb":{"@id":"https:\/\/www.kliinikum.ee\/taastusravi\/patsiendile\/parkimine\/#breadcrumb"},"inLanguage":"et","potentialAction":[{"@type":"ReadAction","target":["https:\/\/www.kliinikum.ee\/taastusravi\/patsiendile\/parkimine\/"]}]},{"@type":"BreadcrumbList","@id":"https:\/\/www.kliinikum.ee\/taastusravi\/patsiendile\/parkimine\/#breadcrumb","itemListElement":[{"@type":"ListItem","position":1,"name":"Home","item":"https:\/\/www.kliinikum.ee\/taastusravi\/"},{"@type":"ListItem","position":2,"name":"Patsiendile","item":"https:\/\/www.kliinikum.ee\/taastusravi\/patsiendile\/"},{"@type":"ListItem","position":3,"name":"Parkimine"}]},{"@type":"WebSite","@id":"https:\/\/www.kliinikum.ee\/taastusravi\/#website","url":"https:\/\/www.kliinikum.ee\/taastusravi\/","name":"Spordimeditsiini ja taastusravi kliinik","description":"Hoolivus, Uuendusmeelsus, P\u00e4devus ja Usaldusv\u00e4\u00e4rsus","potentialAction":[{"@type":"SearchAction","target":{"@type":"EntryPoint","urlTemplate":"https:\/\/www.kliinikum.ee\/taastusravi\/?s={search_term_string}"},"query-input":{"@type":"PropertyValueSpecification","valueRequired":true,"valueName":"search_term_string"}}],"inLanguage":"et"}]}},"uagb_featured_image_src":{"full":false,"thumbnail":false,"medium":false,"medium_large":false,"large":false,"1536x1536":false,"2048x2048":false},"uagb_author_info":{"display_name":"Mari S\u00f6\u00f6t","author_link":"https:\/\/www.kliinikum.ee\/taastusravi\/author\/maritar\/"},"uagb_comment_info":0,"uagb_excerpt":"Parkimine Tartus: Parkimine Tallinnas, aadressi Sepapaja 12\/1:","_links":{"self":[{"href":"https:\/\/www.kliinikum.ee\/taastusravi\/wp-json\/wp\/v2\/pages\/8064","targetHints":{"allow":["GET"]}}],"collection":[{"href":"https:\/\/www.kliinikum.ee\/taastusravi\/wp-json\/wp\/v2\/pages"}],"about":[{"href":"https:\/\/www.kliinikum.ee\/taastusravi\/wp-json\/wp\/v2\/types\/page"}],"author":[{"embeddable":true,"href":"https:\/\/www.kliinikum.ee\/taastusravi\/wp-json\/wp\/v2\/users\/30"}],"replies":[{"embeddable":true,"href":"https:\/\/www.kliinikum.ee\/taastusravi\/wp-json\/wp\/v2\/comments?post=8064"}],"version-history":[{"count":0,"href":"https:\/\/www.kliinikum.ee\/taastusravi\/wp-json\/wp\/v2\/pages\/8064\/revisions"}],"up":[{"embeddable":true,"href":"https:\/\/www.kliinikum.ee\/taastusravi\/wp-json\/wp\/v2\/pages\/15"}],"wp:attachment":[{"href":"https:\/\/www.kliinikum.ee\/taastusravi\/wp-json\/wp\/v2\/media?parent=8064"}],"curies":[{"name":"wp","href":"https:\/\/api.w.org\/{rel}","templated":true}]}}