{"id":6550,"date":"2023-10-20T10:11:40","date_gmt":"2023-10-20T08:11:40","guid":{"rendered":"https:\/\/www.kliinikum.ee\/teadusarendus\/?page_id=6550"},"modified":"2023-10-20T10:19:14","modified_gmt":"2023-10-20T08:19:14","slug":"healthcare-transformation-academy","status":"publish","type":"page","link":"https:\/\/www.kliinikum.ee\/teadusarendus\/arendusprojektid\/tervisekassa\/healthcare-transformation-academy\/","title":{"rendered":"Healthcare Transformation Academy"},"content":{"rendered":"\n<p><strong>Projekti kestus<\/strong>: 2021-2023<\/p>\n\n\n\n<p><strong>Rahastaja<\/strong>: EIT (European Institute of Innovation and Technology) Health<\/p>\n\n\n\n<p><strong>Projektipartnerid<\/strong>: Karolinska \u00dclikooli haigla, Karolinska Instituut, Vall d\u2019Hebron Haigla, King\u00b4s Health Partners, Erasmus Medical Center, UZ Leuven, Rotterdami linn, Region Stockholm, TU Delft, Medtronic, Philips, Tartu \u00dclikooli Kliinikum, German Trias I Pujol, Institut Catal\u00e0 de la Salut<\/p>\n\n\n\n<p><strong>Eesm\u00e4rk<\/strong>: anda tervishoiut\u00f6\u00f6tajatele tervishoiuvaldkonna tulevikuoskused, et haiglad saaksid tervishoidu n-\u00f6 seestpoolt muutma hakata ning innovatsiooniga s\u00fcsteemselt tegeleda.<\/p>\n\n\n\n<p><strong>Tegevused<\/strong>:<\/p>\n\n\n\n<p>Kliinikumi roll projektis on piloteerida erinevaid innovatsioonikoolitusi:<\/p>\n\n\n\n<ol class=\"wp-block-list\">\n<li>baastase \u201cIntroduction to Innovation\u201d tutvustab tervishoiuinnovatsiooni p\u00f5hialuseid;<\/li>\n\n\n\n<li>\u201cInnovation ambassadors\u201d eesm\u00e4rk on koolitada t\u00f6\u00f6tajaid \u201cinnovatsioonisaadikuteks\u201d, tekitada organisatsioonisisene innovatsiooniv\u00f5rgustik ning \u00f5petada neid lahendama oma t\u00f6\u00f6s ettetulevaid probleeme (mh teenusedisaini meetoditega).<\/li>\n\n\n\n<li>\u201cInnovation for leaders\u201d on suunatud juhtidele (nt kliinikute, teenistuste ja osakondade juhid, projektijuhid).<\/li>\n<\/ol>\n\n\n\n<p><strong>Kontakt<\/strong>: Projekti kliinikumi-poolne koordinaator Liina P\u00e4\u00e4bo,&nbsp;<a href=\"mailto:Liina.Paabo@kliinikum.ee\">Liina.Paabo@kliinikum.ee<\/a>, 731 9246 \/ 514 7906<\/p>\n\n\n\n<p><strong>Lisainfo<\/strong>:&nbsp;<a href=\"https:\/\/eithealth.eu\/project\/healthcare-transformation-academy\/\">https:\/\/eithealth.eu\/project\/healthcare-transformation-academy\/<\/a><\/p>\n","protected":false},"excerpt":{"rendered":"<p>Projekti kestus: 2021-2023 Rahastaja: EIT (European Institute of Innovation and Technology) Health Projektipartnerid: Karolinska \u00dclikooli haigla, Karolinska Instituut, Vall d\u2019Hebron Haigla, King\u00b4s Health Partners, Erasmus Medical Center, UZ Leuven, Rotterdami linn, Region Stockholm, TU Delft, Medtronic, Philips, Tartu \u00dclikooli Kliinikum, German Trias I Pujol, Institut Catal\u00e0 de la Salut Eesm\u00e4rk: anda tervishoiut\u00f6\u00f6tajatele tervishoiuvaldkonna tulevikuoskused, et [&hellip;]<\/p>\n","protected":false},"author":35,"featured_media":0,"parent":6471,"menu_order":0,"comment_status":"closed","ping_status":"closed","template":"","meta":{"_acf_changed":false,"_uag_custom_page_level_css":"","footnotes":""},"class_list":["post-6550","page","type-page","status-publish","hentry"],"acf":[],"yoast_head":"<!-- This site is optimized with the Yoast SEO plugin v27.3 - https:\/\/yoast.com\/product\/yoast-seo-wordpress\/ -->\n<title>Healthcare Transformation Academy - Teadus-ja arendusteenistus<\/title>\n<meta name=\"robots\" content=\"index, follow, max-snippet:-1, max-image-preview:large, max-video-preview:-1\" \/>\n<link rel=\"canonical\" href=\"https:\/\/www.kliinikum.ee\/teadusarendus\/arendusprojektid\/tervisekassa\/healthcare-transformation-academy\/\" \/>\n<meta property=\"og:locale\" content=\"et_EE\" \/>\n<meta property=\"og:type\" content=\"article\" \/>\n<meta property=\"og:title\" content=\"Healthcare Transformation Academy - Teadus-ja arendusteenistus\" \/>\n<meta property=\"og:description\" content=\"Projekti kestus: 2021-2023 Rahastaja: EIT (European Institute of Innovation and Technology) Health Projektipartnerid: Karolinska \u00dclikooli haigla, Karolinska Instituut, Vall d\u2019Hebron Haigla, King\u00b4s Health Partners, Erasmus Medical Center, UZ Leuven, Rotterdami linn, Region Stockholm, TU Delft, Medtronic, Philips, Tartu \u00dclikooli Kliinikum, German Trias I Pujol, Institut Catal\u00e0 de la Salut Eesm\u00e4rk: anda tervishoiut\u00f6\u00f6tajatele tervishoiuvaldkonna tulevikuoskused, et [&hellip;]\" \/>\n<meta property=\"og:url\" content=\"https:\/\/www.kliinikum.ee\/teadusarendus\/arendusprojektid\/tervisekassa\/healthcare-transformation-academy\/\" \/>\n<meta property=\"og:site_name\" content=\"Teadus-ja arendusteenistus\" \/>\n<meta property=\"article:modified_time\" content=\"2023-10-20T08:19:14+00:00\" \/>\n<meta name=\"twitter:card\" content=\"summary_large_image\" \/>\n<meta name=\"twitter:label1\" content=\"Est. reading time\" \/>\n\t<meta name=\"twitter:data1\" content=\"1 minut\" \/>\n<script type=\"application\/ld+json\" class=\"yoast-schema-graph\">{\"@context\":\"https:\\\/\\\/schema.org\",\"@graph\":[{\"@type\":\"WebPage\",\"@id\":\"https:\\\/\\\/www.kliinikum.ee\\\/teadusarendus\\\/arendusprojektid\\\/tervisekassa\\\/healthcare-transformation-academy\\\/\",\"url\":\"https:\\\/\\\/www.kliinikum.ee\\\/teadusarendus\\\/arendusprojektid\\\/tervisekassa\\\/healthcare-transformation-academy\\\/\",\"name\":\"Healthcare Transformation Academy - Teadus-ja arendusteenistus\",\"isPartOf\":{\"@id\":\"https:\\\/\\\/www.kliinikum.ee\\\/teadusarendus\\\/#website\"},\"datePublished\":\"2023-10-20T08:11:40+00:00\",\"dateModified\":\"2023-10-20T08:19:14+00:00\",\"breadcrumb\":{\"@id\":\"https:\\\/\\\/www.kliinikum.ee\\\/teadusarendus\\\/arendusprojektid\\\/tervisekassa\\\/healthcare-transformation-academy\\\/#breadcrumb\"},\"inLanguage\":\"et\",\"potentialAction\":[{\"@type\":\"ReadAction\",\"target\":[\"https:\\\/\\\/www.kliinikum.ee\\\/teadusarendus\\\/arendusprojektid\\\/tervisekassa\\\/healthcare-transformation-academy\\\/\"]}]},{\"@type\":\"BreadcrumbList\",\"@id\":\"https:\\\/\\\/www.kliinikum.ee\\\/teadusarendus\\\/arendusprojektid\\\/tervisekassa\\\/healthcare-transformation-academy\\\/#breadcrumb\",\"itemListElement\":[{\"@type\":\"ListItem\",\"position\":1,\"name\":\"Home\",\"item\":\"https:\\\/\\\/www.kliinikum.ee\\\/teadusarendus\\\/\"},{\"@type\":\"ListItem\",\"position\":2,\"name\":\"Teadus-arendusprojektid\",\"item\":\"https:\\\/\\\/www.kliinikum.ee\\\/teadusarendus\\\/arendusprojektid\\\/\"},{\"@type\":\"ListItem\",\"position\":3,\"name\":\"Tervisekassa innovatsioonifondi projektid\",\"item\":\"https:\\\/\\\/www.kliinikum.ee\\\/teadusarendus\\\/arendusprojektid\\\/tervisekassa\\\/\"},{\"@type\":\"ListItem\",\"position\":4,\"name\":\"Healthcare Transformation Academy\"}]},{\"@type\":\"WebSite\",\"@id\":\"https:\\\/\\\/www.kliinikum.ee\\\/teadusarendus\\\/#website\",\"url\":\"https:\\\/\\\/www.kliinikum.ee\\\/teadusarendus\\\/\",\"name\":\"Teadus-ja arendusteenistus\",\"description\":\"Hoolivus, Uuendusmeelsus, P\u00e4devus ja Usaldusv\u00e4\u00e4rsus\",\"potentialAction\":[{\"@type\":\"SearchAction\",\"target\":{\"@type\":\"EntryPoint\",\"urlTemplate\":\"https:\\\/\\\/www.kliinikum.ee\\\/teadusarendus\\\/?s={search_term_string}\"},\"query-input\":{\"@type\":\"PropertyValueSpecification\",\"valueRequired\":true,\"valueName\":\"search_term_string\"}}],\"inLanguage\":\"et\"}]}<\/script>\n<!-- \/ Yoast SEO plugin. -->","yoast_head_json":{"title":"Healthcare Transformation Academy - Teadus-ja arendusteenistus","robots":{"index":"index","follow":"follow","max-snippet":"max-snippet:-1","max-image-preview":"max-image-preview:large","max-video-preview":"max-video-preview:-1"},"canonical":"https:\/\/www.kliinikum.ee\/teadusarendus\/arendusprojektid\/tervisekassa\/healthcare-transformation-academy\/","og_locale":"et_EE","og_type":"article","og_title":"Healthcare Transformation Academy - Teadus-ja arendusteenistus","og_description":"Projekti kestus: 2021-2023 Rahastaja: EIT (European Institute of Innovation and Technology) Health Projektipartnerid: Karolinska \u00dclikooli haigla, Karolinska Instituut, Vall d\u2019Hebron Haigla, King\u00b4s Health Partners, Erasmus Medical Center, UZ Leuven, Rotterdami linn, Region Stockholm, TU Delft, Medtronic, Philips, Tartu \u00dclikooli Kliinikum, German Trias I Pujol, Institut Catal\u00e0 de la Salut Eesm\u00e4rk: anda tervishoiut\u00f6\u00f6tajatele tervishoiuvaldkonna tulevikuoskused, et [&hellip;]","og_url":"https:\/\/www.kliinikum.ee\/teadusarendus\/arendusprojektid\/tervisekassa\/healthcare-transformation-academy\/","og_site_name":"Teadus-ja arendusteenistus","article_modified_time":"2023-10-20T08:19:14+00:00","twitter_card":"summary_large_image","twitter_misc":{"Est. reading time":"1 minut"},"schema":{"@context":"https:\/\/schema.org","@graph":[{"@type":"WebPage","@id":"https:\/\/www.kliinikum.ee\/teadusarendus\/arendusprojektid\/tervisekassa\/healthcare-transformation-academy\/","url":"https:\/\/www.kliinikum.ee\/teadusarendus\/arendusprojektid\/tervisekassa\/healthcare-transformation-academy\/","name":"Healthcare Transformation Academy - Teadus-ja arendusteenistus","isPartOf":{"@id":"https:\/\/www.kliinikum.ee\/teadusarendus\/#website"},"datePublished":"2023-10-20T08:11:40+00:00","dateModified":"2023-10-20T08:19:14+00:00","breadcrumb":{"@id":"https:\/\/www.kliinikum.ee\/teadusarendus\/arendusprojektid\/tervisekassa\/healthcare-transformation-academy\/#breadcrumb"},"inLanguage":"et","potentialAction":[{"@type":"ReadAction","target":["https:\/\/www.kliinikum.ee\/teadusarendus\/arendusprojektid\/tervisekassa\/healthcare-transformation-academy\/"]}]},{"@type":"BreadcrumbList","@id":"https:\/\/www.kliinikum.ee\/teadusarendus\/arendusprojektid\/tervisekassa\/healthcare-transformation-academy\/#breadcrumb","itemListElement":[{"@type":"ListItem","position":1,"name":"Home","item":"https:\/\/www.kliinikum.ee\/teadusarendus\/"},{"@type":"ListItem","position":2,"name":"Teadus-arendusprojektid","item":"https:\/\/www.kliinikum.ee\/teadusarendus\/arendusprojektid\/"},{"@type":"ListItem","position":3,"name":"Tervisekassa innovatsioonifondi projektid","item":"https:\/\/www.kliinikum.ee\/teadusarendus\/arendusprojektid\/tervisekassa\/"},{"@type":"ListItem","position":4,"name":"Healthcare Transformation Academy"}]},{"@type":"WebSite","@id":"https:\/\/www.kliinikum.ee\/teadusarendus\/#website","url":"https:\/\/www.kliinikum.ee\/teadusarendus\/","name":"Teadus-ja arendusteenistus","description":"Hoolivus, Uuendusmeelsus, P\u00e4devus ja Usaldusv\u00e4\u00e4rsus","potentialAction":[{"@type":"SearchAction","target":{"@type":"EntryPoint","urlTemplate":"https:\/\/www.kliinikum.ee\/teadusarendus\/?s={search_term_string}"},"query-input":{"@type":"PropertyValueSpecification","valueRequired":true,"valueName":"search_term_string"}}],"inLanguage":"et"}]}},"uagb_featured_image_src":{"full":false,"thumbnail":false,"medium":false,"medium_large":false,"large":false,"1536x1536":false,"2048x2048":false},"uagb_author_info":{"display_name":"Jane Freimann","author_link":"https:\/\/www.kliinikum.ee\/teadusarendus\/author\/janef\/"},"uagb_comment_info":0,"uagb_excerpt":"Projekti kestus: 2021-2023 Rahastaja: EIT (European Institute of Innovation and Technology) Health Projektipartnerid: Karolinska \u00dclikooli haigla, Karolinska Instituut, Vall d\u2019Hebron Haigla, King\u00b4s Health Partners, Erasmus Medical Center, UZ Leuven, Rotterdami linn, Region Stockholm, TU Delft, Medtronic, Philips, Tartu \u00dclikooli Kliinikum, German Trias I Pujol, Institut Catal\u00e0 de la Salut Eesm\u00e4rk: anda tervishoiut\u00f6\u00f6tajatele tervishoiuvaldkonna tulevikuoskused, et&hellip;","_links":{"self":[{"href":"https:\/\/www.kliinikum.ee\/teadusarendus\/wp-json\/wp\/v2\/pages\/6550","targetHints":{"allow":["GET"]}}],"collection":[{"href":"https:\/\/www.kliinikum.ee\/teadusarendus\/wp-json\/wp\/v2\/pages"}],"about":[{"href":"https:\/\/www.kliinikum.ee\/teadusarendus\/wp-json\/wp\/v2\/types\/page"}],"author":[{"embeddable":true,"href":"https:\/\/www.kliinikum.ee\/teadusarendus\/wp-json\/wp\/v2\/users\/35"}],"replies":[{"embeddable":true,"href":"https:\/\/www.kliinikum.ee\/teadusarendus\/wp-json\/wp\/v2\/comments?post=6550"}],"version-history":[{"count":0,"href":"https:\/\/www.kliinikum.ee\/teadusarendus\/wp-json\/wp\/v2\/pages\/6550\/revisions"}],"up":[{"embeddable":true,"href":"https:\/\/www.kliinikum.ee\/teadusarendus\/wp-json\/wp\/v2\/pages\/6471"}],"wp:attachment":[{"href":"https:\/\/www.kliinikum.ee\/teadusarendus\/wp-json\/wp\/v2\/media?parent=6550"}],"curies":[{"name":"wp","href":"https:\/\/api.w.org\/{rel}","templated":true}]}}