{"id":6592,"date":"2023-10-30T14:39:17","date_gmt":"2023-10-30T12:39:17","guid":{"rendered":"https:\/\/www.kliinikum.ee\/teadusarendus\/?page_id=6592"},"modified":"2023-10-31T10:34:02","modified_gmt":"2023-10-31T08:34:02","slug":"psoriaasi-patsiendi-terviklik-jalgimine-raviteekonnal-ja-haiguse-agenemiste-ennetamine","status":"publish","type":"page","link":"https:\/\/www.kliinikum.ee\/teadusarendus\/arendusprojektid\/tervisekassa\/psoriaasi-patsiendi-terviklik-jalgimine-raviteekonnal-ja-haiguse-agenemiste-ennetamine\/","title":{"rendered":"Psoriaasi patsiendi terviklik j\u00e4lgimine raviteekonnal ja haiguse \u00e4genemiste ennetamine"},"content":{"rendered":"\n<p><strong>Rahastaja<\/strong>: Tervisekassa<\/p>\n\n\n\n<p><strong>Eesm\u00e4rk<\/strong>: Eestis p\u00f5eb psoriaasi 42 000 inimest. Psoriaas on krooniline retsidiividega kulgev nahahaigus, mis suurendab paljude teiste haiguste tekkeriski. Kuigi psoriaasist ei saa l\u00f5plikult terveneda, on v\u00f5imalik pideva raviga oluliselt parandada elukvaliteeti, sealhulgas suurendada l\u00f6\u00f6bevabasid perioode ja avastada varakult kaasuvaid haigusi. On t\u00e4htis, et haiguse \u00e4genemisel saaks patsient kontakti raviasutusega. Samuti on oluline, et arst saaks hinnata ravi edenemist pideva j\u00e4lgimisinfo p\u00f5hjal. Projekti abil luuaksegi uus teenusmudel, kus arst saab parema \u00fclevaate patsiendi seisundist, sest patsient saab saata distantsilt asjakohast j\u00e4lgimisinfot ja pilte naha seisukorrast. Piltide ja haiguse raskusastme-skooride p\u00f5hjal saab arst otsustada raviskeemi muutusi v\u00f5i n\u00e4iteks suunata patsiendi teistele eriarstidele (kaasuvate haiguste puhul) v\u00f5i perearsti j\u00e4lgimisele (kergelt kulgeva haiguse puhul). Patsiendi jaoks peab olema seisundi kohta info jagamise v\u00f5imalus pidev ja lihtne ning tervishoiut\u00f6\u00f6tajatele info asjakohane, \u00fclevaatlik ja k\u00e4ttesaadav. Elukvaliteeti parandava uue teenusemudeli loomisel ja rakendamisel kasutatakse Dermtest Pildivaatur ja Pildivaatur+ tarkvara, millele tehakse kohandused.<\/p>\n\n\n\n<p><strong>Koost\u00f6\u00f6partnerid<\/strong>: Projekti p\u00f5hipartner on Tartu \u00dclikooli Kliinikumi Nahakliinik; teaduspartner on T\u00dc Kliinilise meditsiini instituut ning tehnoloogiapartner Dermtest O\u00dc.<\/p>\n\n\n\n<p><strong>Kontakt<\/strong>: projektijuht Katrin Kaarna&nbsp;<a href=\"mailto:katrin.kaarna@ut.ee\">katrin.kaarna@ut.ee<\/a><\/p>\n\n\n\n<p><strong>Meediakajastus:<\/strong><\/p>\n\n\n\n<p><a href=\"https:\/\/arst.ee\/2023\/10\/25\/eestis-viidi-edukalt-labi-unikaalne-ravi-kaugjalgimise-projekt\/\">https:\/\/arst.ee\/2023\/10\/25\/eestis-viidi-edukalt-labi-unikaalne-ravi-kaugjalgimise-projekt\/<\/a><\/p>\n\n\n\n<div class=\"wp-block-uagb-container uagb-block-cf7a37aa alignfull uagb-is-root-container\"><div class=\"uagb-container-inner-blocks-wrap\">\n<div class=\"wp-block-uagb-container uagb-block-73893e56\">\n<figure class=\"wp-block-image size-full\"><img loading=\"lazy\" decoding=\"async\" width=\"212\" height=\"60\" src=\"https:\/\/www.kliinikum.ee\/teadusarendus\/wp-content\/uploads\/2023\/10\/Dermtest_logo-1.png\" alt=\"\" class=\"wp-image-6630\"\/><\/figure>\n<\/div>\n\n\n\n<div class=\"wp-block-uagb-container uagb-block-054863e6\">\n<figure class=\"wp-block-image size-full\"><img loading=\"lazy\" decoding=\"async\" width=\"209\" height=\"36\" src=\"https:\/\/www.kliinikum.ee\/teadusarendus\/wp-content\/uploads\/2023\/10\/TervisekassaLogoBlacksmall-1.jpg\" alt=\"\" class=\"wp-image-6632\"\/><\/figure>\n<\/div>\n\n\n\n<div class=\"wp-block-uagb-container uagb-block-5dacf549\">\n<figure class=\"wp-block-image size-large\"><img loading=\"lazy\" decoding=\"async\" width=\"1024\" height=\"181\" src=\"https:\/\/www.kliinikum.ee\/teadusarendus\/wp-content\/uploads\/2023\/10\/TU_logo_horisontaal_est_sinine-1024x181.png\" alt=\"\" class=\"wp-image-6608\" srcset=\"https:\/\/www.kliinikum.ee\/teadusarendus\/wp-content\/uploads\/2023\/10\/TU_logo_horisontaal_est_sinine-1024x181.png 1024w, https:\/\/www.kliinikum.ee\/teadusarendus\/wp-content\/uploads\/2023\/10\/TU_logo_horisontaal_est_sinine-300x53.png 300w, https:\/\/www.kliinikum.ee\/teadusarendus\/wp-content\/uploads\/2023\/10\/TU_logo_horisontaal_est_sinine-768x136.png 768w, https:\/\/www.kliinikum.ee\/teadusarendus\/wp-content\/uploads\/2023\/10\/TU_logo_horisontaal_est_sinine.png 1071w\" sizes=\"auto, (max-width: 1024px) 100vw, 1024px\" \/><\/figure>\n<\/div>\n<\/div><\/div>\n","protected":false},"excerpt":{"rendered":"<p>Rahastaja: Tervisekassa Eesm\u00e4rk: Eestis p\u00f5eb psoriaasi 42 000 inimest. Psoriaas on krooniline retsidiividega kulgev nahahaigus, mis suurendab paljude teiste haiguste tekkeriski. Kuigi psoriaasist ei saa l\u00f5plikult terveneda, on v\u00f5imalik pideva raviga oluliselt parandada elukvaliteeti, sealhulgas suurendada l\u00f6\u00f6bevabasid perioode ja avastada varakult kaasuvaid haigusi. On t\u00e4htis, et haiguse \u00e4genemisel saaks patsient kontakti raviasutusega. Samuti on oluline, [&hellip;]<\/p>\n","protected":false},"author":35,"featured_media":0,"parent":6471,"menu_order":2,"comment_status":"closed","ping_status":"closed","template":"","meta":{"_acf_changed":false,"_uag_custom_page_level_css":"","footnotes":""},"class_list":["post-6592","page","type-page","status-publish","hentry"],"acf":[],"yoast_head":"<!-- This site is optimized with the Yoast SEO plugin v27.3 - https:\/\/yoast.com\/product\/yoast-seo-wordpress\/ -->\n<title>Psoriaasi patsiendi terviklik j\u00e4lgimine raviteekonnal ja haiguse \u00e4genemiste ennetamine - Teadus-ja arendusteenistus<\/title>\n<meta name=\"robots\" content=\"index, follow, max-snippet:-1, max-image-preview:large, max-video-preview:-1\" \/>\n<link rel=\"canonical\" href=\"https:\/\/www.kliinikum.ee\/teadusarendus\/arendusprojektid\/tervisekassa\/psoriaasi-patsiendi-terviklik-jalgimine-raviteekonnal-ja-haiguse-agenemiste-ennetamine\/\" \/>\n<meta property=\"og:locale\" content=\"et_EE\" \/>\n<meta property=\"og:type\" content=\"article\" \/>\n<meta property=\"og:title\" content=\"Psoriaasi patsiendi terviklik j\u00e4lgimine raviteekonnal ja haiguse \u00e4genemiste ennetamine - Teadus-ja arendusteenistus\" \/>\n<meta property=\"og:description\" content=\"Rahastaja: Tervisekassa Eesm\u00e4rk: Eestis p\u00f5eb psoriaasi 42 000 inimest. Psoriaas on krooniline retsidiividega kulgev nahahaigus, mis suurendab paljude teiste haiguste tekkeriski. Kuigi psoriaasist ei saa l\u00f5plikult terveneda, on v\u00f5imalik pideva raviga oluliselt parandada elukvaliteeti, sealhulgas suurendada l\u00f6\u00f6bevabasid perioode ja avastada varakult kaasuvaid haigusi. On t\u00e4htis, et haiguse \u00e4genemisel saaks patsient kontakti raviasutusega. Samuti on oluline, [&hellip;]\" \/>\n<meta property=\"og:url\" content=\"https:\/\/www.kliinikum.ee\/teadusarendus\/arendusprojektid\/tervisekassa\/psoriaasi-patsiendi-terviklik-jalgimine-raviteekonnal-ja-haiguse-agenemiste-ennetamine\/\" \/>\n<meta property=\"og:site_name\" content=\"Teadus-ja arendusteenistus\" \/>\n<meta property=\"article:modified_time\" content=\"2023-10-31T08:34:02+00:00\" \/>\n<meta property=\"og:image\" content=\"https:\/\/www.kliinikum.ee\/teadusarendus\/wp-content\/uploads\/2023\/10\/Dermtest_logo-1.png\" \/>\n<meta name=\"twitter:card\" content=\"summary_large_image\" \/>\n<meta name=\"twitter:label1\" content=\"Est. reading time\" \/>\n\t<meta name=\"twitter:data1\" content=\"2 minutit\" \/>\n<script type=\"application\/ld+json\" class=\"yoast-schema-graph\">{\"@context\":\"https:\\\/\\\/schema.org\",\"@graph\":[{\"@type\":\"WebPage\",\"@id\":\"https:\\\/\\\/www.kliinikum.ee\\\/teadusarendus\\\/arendusprojektid\\\/tervisekassa\\\/psoriaasi-patsiendi-terviklik-jalgimine-raviteekonnal-ja-haiguse-agenemiste-ennetamine\\\/\",\"url\":\"https:\\\/\\\/www.kliinikum.ee\\\/teadusarendus\\\/arendusprojektid\\\/tervisekassa\\\/psoriaasi-patsiendi-terviklik-jalgimine-raviteekonnal-ja-haiguse-agenemiste-ennetamine\\\/\",\"name\":\"Psoriaasi patsiendi terviklik j\u00e4lgimine raviteekonnal ja haiguse \u00e4genemiste ennetamine - Teadus-ja arendusteenistus\",\"isPartOf\":{\"@id\":\"https:\\\/\\\/www.kliinikum.ee\\\/teadusarendus\\\/#website\"},\"primaryImageOfPage\":{\"@id\":\"https:\\\/\\\/www.kliinikum.ee\\\/teadusarendus\\\/arendusprojektid\\\/tervisekassa\\\/psoriaasi-patsiendi-terviklik-jalgimine-raviteekonnal-ja-haiguse-agenemiste-ennetamine\\\/#primaryimage\"},\"image\":{\"@id\":\"https:\\\/\\\/www.kliinikum.ee\\\/teadusarendus\\\/arendusprojektid\\\/tervisekassa\\\/psoriaasi-patsiendi-terviklik-jalgimine-raviteekonnal-ja-haiguse-agenemiste-ennetamine\\\/#primaryimage\"},\"thumbnailUrl\":\"https:\\\/\\\/www.kliinikum.ee\\\/teadusarendus\\\/wp-content\\\/uploads\\\/2023\\\/10\\\/Dermtest_logo-1.png\",\"datePublished\":\"2023-10-30T12:39:17+00:00\",\"dateModified\":\"2023-10-31T08:34:02+00:00\",\"breadcrumb\":{\"@id\":\"https:\\\/\\\/www.kliinikum.ee\\\/teadusarendus\\\/arendusprojektid\\\/tervisekassa\\\/psoriaasi-patsiendi-terviklik-jalgimine-raviteekonnal-ja-haiguse-agenemiste-ennetamine\\\/#breadcrumb\"},\"inLanguage\":\"et\",\"potentialAction\":[{\"@type\":\"ReadAction\",\"target\":[\"https:\\\/\\\/www.kliinikum.ee\\\/teadusarendus\\\/arendusprojektid\\\/tervisekassa\\\/psoriaasi-patsiendi-terviklik-jalgimine-raviteekonnal-ja-haiguse-agenemiste-ennetamine\\\/\"]}]},{\"@type\":\"ImageObject\",\"inLanguage\":\"et\",\"@id\":\"https:\\\/\\\/www.kliinikum.ee\\\/teadusarendus\\\/arendusprojektid\\\/tervisekassa\\\/psoriaasi-patsiendi-terviklik-jalgimine-raviteekonnal-ja-haiguse-agenemiste-ennetamine\\\/#primaryimage\",\"url\":\"https:\\\/\\\/www.kliinikum.ee\\\/teadusarendus\\\/wp-content\\\/uploads\\\/2023\\\/10\\\/Dermtest_logo-1.png\",\"contentUrl\":\"https:\\\/\\\/www.kliinikum.ee\\\/teadusarendus\\\/wp-content\\\/uploads\\\/2023\\\/10\\\/Dermtest_logo-1.png\",\"width\":212,\"height\":60},{\"@type\":\"BreadcrumbList\",\"@id\":\"https:\\\/\\\/www.kliinikum.ee\\\/teadusarendus\\\/arendusprojektid\\\/tervisekassa\\\/psoriaasi-patsiendi-terviklik-jalgimine-raviteekonnal-ja-haiguse-agenemiste-ennetamine\\\/#breadcrumb\",\"itemListElement\":[{\"@type\":\"ListItem\",\"position\":1,\"name\":\"Home\",\"item\":\"https:\\\/\\\/www.kliinikum.ee\\\/teadusarendus\\\/\"},{\"@type\":\"ListItem\",\"position\":2,\"name\":\"Teadus-arendusprojektid\",\"item\":\"https:\\\/\\\/www.kliinikum.ee\\\/teadusarendus\\\/arendusprojektid\\\/\"},{\"@type\":\"ListItem\",\"position\":3,\"name\":\"Tervisekassa innovatsioonifondi projektid\",\"item\":\"https:\\\/\\\/www.kliinikum.ee\\\/teadusarendus\\\/arendusprojektid\\\/tervisekassa\\\/\"},{\"@type\":\"ListItem\",\"position\":4,\"name\":\"Psoriaasi patsiendi terviklik j\u00e4lgimine raviteekonnal ja haiguse \u00e4genemiste ennetamine\"}]},{\"@type\":\"WebSite\",\"@id\":\"https:\\\/\\\/www.kliinikum.ee\\\/teadusarendus\\\/#website\",\"url\":\"https:\\\/\\\/www.kliinikum.ee\\\/teadusarendus\\\/\",\"name\":\"Teadus-ja arendusteenistus\",\"description\":\"Hoolivus, Uuendusmeelsus, P\u00e4devus ja Usaldusv\u00e4\u00e4rsus\",\"potentialAction\":[{\"@type\":\"SearchAction\",\"target\":{\"@type\":\"EntryPoint\",\"urlTemplate\":\"https:\\\/\\\/www.kliinikum.ee\\\/teadusarendus\\\/?s={search_term_string}\"},\"query-input\":{\"@type\":\"PropertyValueSpecification\",\"valueRequired\":true,\"valueName\":\"search_term_string\"}}],\"inLanguage\":\"et\"}]}<\/script>\n<!-- \/ Yoast SEO plugin. -->","yoast_head_json":{"title":"Psoriaasi patsiendi terviklik j\u00e4lgimine raviteekonnal ja haiguse \u00e4genemiste ennetamine - Teadus-ja arendusteenistus","robots":{"index":"index","follow":"follow","max-snippet":"max-snippet:-1","max-image-preview":"max-image-preview:large","max-video-preview":"max-video-preview:-1"},"canonical":"https:\/\/www.kliinikum.ee\/teadusarendus\/arendusprojektid\/tervisekassa\/psoriaasi-patsiendi-terviklik-jalgimine-raviteekonnal-ja-haiguse-agenemiste-ennetamine\/","og_locale":"et_EE","og_type":"article","og_title":"Psoriaasi patsiendi terviklik j\u00e4lgimine raviteekonnal ja haiguse \u00e4genemiste ennetamine - Teadus-ja arendusteenistus","og_description":"Rahastaja: Tervisekassa Eesm\u00e4rk: Eestis p\u00f5eb psoriaasi 42 000 inimest. Psoriaas on krooniline retsidiividega kulgev nahahaigus, mis suurendab paljude teiste haiguste tekkeriski. Kuigi psoriaasist ei saa l\u00f5plikult terveneda, on v\u00f5imalik pideva raviga oluliselt parandada elukvaliteeti, sealhulgas suurendada l\u00f6\u00f6bevabasid perioode ja avastada varakult kaasuvaid haigusi. On t\u00e4htis, et haiguse \u00e4genemisel saaks patsient kontakti raviasutusega. Samuti on oluline, [&hellip;]","og_url":"https:\/\/www.kliinikum.ee\/teadusarendus\/arendusprojektid\/tervisekassa\/psoriaasi-patsiendi-terviklik-jalgimine-raviteekonnal-ja-haiguse-agenemiste-ennetamine\/","og_site_name":"Teadus-ja arendusteenistus","article_modified_time":"2023-10-31T08:34:02+00:00","og_image":[{"url":"https:\/\/www.kliinikum.ee\/teadusarendus\/wp-content\/uploads\/2023\/10\/Dermtest_logo-1.png","type":"","width":"","height":""}],"twitter_card":"summary_large_image","twitter_misc":{"Est. reading time":"2 minutit"},"schema":{"@context":"https:\/\/schema.org","@graph":[{"@type":"WebPage","@id":"https:\/\/www.kliinikum.ee\/teadusarendus\/arendusprojektid\/tervisekassa\/psoriaasi-patsiendi-terviklik-jalgimine-raviteekonnal-ja-haiguse-agenemiste-ennetamine\/","url":"https:\/\/www.kliinikum.ee\/teadusarendus\/arendusprojektid\/tervisekassa\/psoriaasi-patsiendi-terviklik-jalgimine-raviteekonnal-ja-haiguse-agenemiste-ennetamine\/","name":"Psoriaasi patsiendi terviklik j\u00e4lgimine raviteekonnal ja haiguse \u00e4genemiste ennetamine - Teadus-ja arendusteenistus","isPartOf":{"@id":"https:\/\/www.kliinikum.ee\/teadusarendus\/#website"},"primaryImageOfPage":{"@id":"https:\/\/www.kliinikum.ee\/teadusarendus\/arendusprojektid\/tervisekassa\/psoriaasi-patsiendi-terviklik-jalgimine-raviteekonnal-ja-haiguse-agenemiste-ennetamine\/#primaryimage"},"image":{"@id":"https:\/\/www.kliinikum.ee\/teadusarendus\/arendusprojektid\/tervisekassa\/psoriaasi-patsiendi-terviklik-jalgimine-raviteekonnal-ja-haiguse-agenemiste-ennetamine\/#primaryimage"},"thumbnailUrl":"https:\/\/www.kliinikum.ee\/teadusarendus\/wp-content\/uploads\/2023\/10\/Dermtest_logo-1.png","datePublished":"2023-10-30T12:39:17+00:00","dateModified":"2023-10-31T08:34:02+00:00","breadcrumb":{"@id":"https:\/\/www.kliinikum.ee\/teadusarendus\/arendusprojektid\/tervisekassa\/psoriaasi-patsiendi-terviklik-jalgimine-raviteekonnal-ja-haiguse-agenemiste-ennetamine\/#breadcrumb"},"inLanguage":"et","potentialAction":[{"@type":"ReadAction","target":["https:\/\/www.kliinikum.ee\/teadusarendus\/arendusprojektid\/tervisekassa\/psoriaasi-patsiendi-terviklik-jalgimine-raviteekonnal-ja-haiguse-agenemiste-ennetamine\/"]}]},{"@type":"ImageObject","inLanguage":"et","@id":"https:\/\/www.kliinikum.ee\/teadusarendus\/arendusprojektid\/tervisekassa\/psoriaasi-patsiendi-terviklik-jalgimine-raviteekonnal-ja-haiguse-agenemiste-ennetamine\/#primaryimage","url":"https:\/\/www.kliinikum.ee\/teadusarendus\/wp-content\/uploads\/2023\/10\/Dermtest_logo-1.png","contentUrl":"https:\/\/www.kliinikum.ee\/teadusarendus\/wp-content\/uploads\/2023\/10\/Dermtest_logo-1.png","width":212,"height":60},{"@type":"BreadcrumbList","@id":"https:\/\/www.kliinikum.ee\/teadusarendus\/arendusprojektid\/tervisekassa\/psoriaasi-patsiendi-terviklik-jalgimine-raviteekonnal-ja-haiguse-agenemiste-ennetamine\/#breadcrumb","itemListElement":[{"@type":"ListItem","position":1,"name":"Home","item":"https:\/\/www.kliinikum.ee\/teadusarendus\/"},{"@type":"ListItem","position":2,"name":"Teadus-arendusprojektid","item":"https:\/\/www.kliinikum.ee\/teadusarendus\/arendusprojektid\/"},{"@type":"ListItem","position":3,"name":"Tervisekassa innovatsioonifondi projektid","item":"https:\/\/www.kliinikum.ee\/teadusarendus\/arendusprojektid\/tervisekassa\/"},{"@type":"ListItem","position":4,"name":"Psoriaasi patsiendi terviklik j\u00e4lgimine raviteekonnal ja haiguse \u00e4genemiste ennetamine"}]},{"@type":"WebSite","@id":"https:\/\/www.kliinikum.ee\/teadusarendus\/#website","url":"https:\/\/www.kliinikum.ee\/teadusarendus\/","name":"Teadus-ja arendusteenistus","description":"Hoolivus, Uuendusmeelsus, P\u00e4devus ja Usaldusv\u00e4\u00e4rsus","potentialAction":[{"@type":"SearchAction","target":{"@type":"EntryPoint","urlTemplate":"https:\/\/www.kliinikum.ee\/teadusarendus\/?s={search_term_string}"},"query-input":{"@type":"PropertyValueSpecification","valueRequired":true,"valueName":"search_term_string"}}],"inLanguage":"et"}]}},"uagb_featured_image_src":{"full":false,"thumbnail":false,"medium":false,"medium_large":false,"large":false,"1536x1536":false,"2048x2048":false},"uagb_author_info":{"display_name":"Jane Freimann","author_link":"https:\/\/www.kliinikum.ee\/teadusarendus\/author\/janef\/"},"uagb_comment_info":0,"uagb_excerpt":"Rahastaja: Tervisekassa Eesm\u00e4rk: Eestis p\u00f5eb psoriaasi 42 000 inimest. Psoriaas on krooniline retsidiividega kulgev nahahaigus, mis suurendab paljude teiste haiguste tekkeriski. Kuigi psoriaasist ei saa l\u00f5plikult terveneda, on v\u00f5imalik pideva raviga oluliselt parandada elukvaliteeti, sealhulgas suurendada l\u00f6\u00f6bevabasid perioode ja avastada varakult kaasuvaid haigusi. On t\u00e4htis, et haiguse \u00e4genemisel saaks patsient kontakti raviasutusega. Samuti on oluline,&hellip;","_links":{"self":[{"href":"https:\/\/www.kliinikum.ee\/teadusarendus\/wp-json\/wp\/v2\/pages\/6592","targetHints":{"allow":["GET"]}}],"collection":[{"href":"https:\/\/www.kliinikum.ee\/teadusarendus\/wp-json\/wp\/v2\/pages"}],"about":[{"href":"https:\/\/www.kliinikum.ee\/teadusarendus\/wp-json\/wp\/v2\/types\/page"}],"author":[{"embeddable":true,"href":"https:\/\/www.kliinikum.ee\/teadusarendus\/wp-json\/wp\/v2\/users\/35"}],"replies":[{"embeddable":true,"href":"https:\/\/www.kliinikum.ee\/teadusarendus\/wp-json\/wp\/v2\/comments?post=6592"}],"version-history":[{"count":0,"href":"https:\/\/www.kliinikum.ee\/teadusarendus\/wp-json\/wp\/v2\/pages\/6592\/revisions"}],"up":[{"embeddable":true,"href":"https:\/\/www.kliinikum.ee\/teadusarendus\/wp-json\/wp\/v2\/pages\/6471"}],"wp:attachment":[{"href":"https:\/\/www.kliinikum.ee\/teadusarendus\/wp-json\/wp\/v2\/media?parent=6592"}],"curies":[{"name":"wp","href":"https:\/\/api.w.org\/{rel}","templated":true}]}}