{"id":5853,"date":"2023-06-09T12:01:08","date_gmt":"2023-06-09T10:01:08","guid":{"rendered":"https:\/\/www.kliinikum.ee\/tyvirakukeskus\/?page_id=5853"},"modified":"2023-09-28T14:50:56","modified_gmt":"2023-09-28T12:50:56","slug":"vereloome-tuvirakkude-siirdamine","status":"publish","type":"page","link":"https:\/\/www.kliinikum.ee\/tyvirakukeskus\/vereloome-tuvirakkude-siirdamine\/","title":{"rendered":"Siirdamine"},"content":{"rendered":"\n<p>\u00a0Vereloome t\u00fcvirakkude siirdamist kasutatakse paljude vereloome ja l\u00fcmfis\u00fcsteemi haiguste nagu \u00e4gedad leukeemiad (\u00e4ge m\u00fceloidleukeemia, \u00e4ge l\u00fcmfoidleukeemia) ja aplastiline aneemia, harvem l\u00fcmfoomide, krooniliste leukeemiate (krooniline l\u00fcmfoidleukeemia ja krooniline m\u00fceloidleukeemia), hulgim\u00fceloomi ja m\u00fcelod\u00fcsplaasiate raviks.<\/p>\n\n\n\n<p>Vereloome t\u00fcvirakkude siirdamise puhul patsiendi enda haiguslik vereloome h\u00e4vitatakse eelneva intensiivse keemia- v\u00f5i kiiritusraviga ning see taastatakse siirdamise k\u00e4igus \u00fclekantavate vereloome t\u00fcvirakkude poolt.<\/p>\n\n\n\n<p>S\u00f5ltuvalt sellest kas siirdamiseks kasutatakse patsiendi enda v\u00f5i doonorilt p\u00e4rinevaid t\u00fcvirakke eristatakse autoloogset ja allogeenset vereloome t\u00fcvirakkude siirdamist.<\/p>\n\n\n\n<p><\/p>\n","protected":false},"excerpt":{"rendered":"<p>\u00a0Vereloome t\u00fcvirakkude siirdamist kasutatakse paljude vereloome ja l\u00fcmfis\u00fcsteemi haiguste nagu \u00e4gedad leukeemiad (\u00e4ge m\u00fceloidleukeemia, \u00e4ge l\u00fcmfoidleukeemia) ja aplastiline aneemia, harvem l\u00fcmfoomide, krooniliste leukeemiate (krooniline l\u00fcmfoidleukeemia ja krooniline m\u00fceloidleukeemia), hulgim\u00fceloomi ja m\u00fcelod\u00fcsplaasiate raviks. Vereloome t\u00fcvirakkude siirdamise puhul patsiendi enda haiguslik vereloome h\u00e4vitatakse eelneva intensiivse keemia- v\u00f5i kiiritusraviga ning see taastatakse siirdamise k\u00e4igus \u00fclekantavate vereloome t\u00fcvirakkude poolt. [&hellip;]<\/p>\n","protected":false},"author":34,"featured_media":0,"parent":0,"menu_order":3,"comment_status":"closed","ping_status":"closed","template":"","meta":{"_acf_changed":false,"_uag_custom_page_level_css":"","footnotes":""},"class_list":["post-5853","page","type-page","status-publish","hentry"],"acf":[],"yoast_head":"<!-- This site is optimized with the Yoast SEO plugin v27.5 - https:\/\/yoast.com\/product\/yoast-seo-wordpress\/ -->\n<title>Siirdamine - T\u00fcvirakukeskus<\/title>\n<meta name=\"robots\" content=\"index, follow, max-snippet:-1, max-image-preview:large, max-video-preview:-1\" \/>\n<link rel=\"canonical\" href=\"https:\/\/www.kliinikum.ee\/tyvirakukeskus\/vereloome-tuvirakkude-siirdamine\/\" \/>\n<meta property=\"og:locale\" content=\"et_EE\" \/>\n<meta property=\"og:type\" content=\"article\" \/>\n<meta property=\"og:title\" content=\"Siirdamine - T\u00fcvirakukeskus\" \/>\n<meta property=\"og:description\" content=\"\u00a0Vereloome t\u00fcvirakkude siirdamist kasutatakse paljude vereloome ja l\u00fcmfis\u00fcsteemi haiguste nagu \u00e4gedad leukeemiad (\u00e4ge m\u00fceloidleukeemia, \u00e4ge l\u00fcmfoidleukeemia) ja aplastiline aneemia, harvem l\u00fcmfoomide, krooniliste leukeemiate (krooniline l\u00fcmfoidleukeemia ja krooniline m\u00fceloidleukeemia), hulgim\u00fceloomi ja m\u00fcelod\u00fcsplaasiate raviks. Vereloome t\u00fcvirakkude siirdamise puhul patsiendi enda haiguslik vereloome h\u00e4vitatakse eelneva intensiivse keemia- v\u00f5i kiiritusraviga ning see taastatakse siirdamise k\u00e4igus \u00fclekantavate vereloome t\u00fcvirakkude poolt. [&hellip;]\" \/>\n<meta property=\"og:url\" content=\"https:\/\/www.kliinikum.ee\/tyvirakukeskus\/vereloome-tuvirakkude-siirdamine\/\" \/>\n<meta property=\"og:site_name\" content=\"T\u00fcvirakukeskus\" \/>\n<meta property=\"article:modified_time\" content=\"2023-09-28T12:50:56+00:00\" \/>\n<meta name=\"twitter:card\" content=\"summary_large_image\" \/>\n<meta name=\"twitter:label1\" content=\"Est. reading time\" \/>\n\t<meta name=\"twitter:data1\" content=\"1 minut\" \/>\n<script type=\"application\/ld+json\" class=\"yoast-schema-graph\">{\"@context\":\"https:\\\/\\\/schema.org\",\"@graph\":[{\"@type\":\"WebPage\",\"@id\":\"https:\\\/\\\/www.kliinikum.ee\\\/tyvirakukeskus\\\/vereloome-tuvirakkude-siirdamine\\\/\",\"url\":\"https:\\\/\\\/www.kliinikum.ee\\\/tyvirakukeskus\\\/vereloome-tuvirakkude-siirdamine\\\/\",\"name\":\"Siirdamine - T\u00fcvirakukeskus\",\"isPartOf\":{\"@id\":\"https:\\\/\\\/www.kliinikum.ee\\\/tyvirakukeskus\\\/#website\"},\"datePublished\":\"2023-06-09T10:01:08+00:00\",\"dateModified\":\"2023-09-28T12:50:56+00:00\",\"breadcrumb\":{\"@id\":\"https:\\\/\\\/www.kliinikum.ee\\\/tyvirakukeskus\\\/vereloome-tuvirakkude-siirdamine\\\/#breadcrumb\"},\"inLanguage\":\"et\",\"potentialAction\":[{\"@type\":\"ReadAction\",\"target\":[\"https:\\\/\\\/www.kliinikum.ee\\\/tyvirakukeskus\\\/vereloome-tuvirakkude-siirdamine\\\/\"]}]},{\"@type\":\"BreadcrumbList\",\"@id\":\"https:\\\/\\\/www.kliinikum.ee\\\/tyvirakukeskus\\\/vereloome-tuvirakkude-siirdamine\\\/#breadcrumb\",\"itemListElement\":[{\"@type\":\"ListItem\",\"position\":1,\"name\":\"Home\",\"item\":\"https:\\\/\\\/www.kliinikum.ee\\\/tyvirakukeskus\\\/\"},{\"@type\":\"ListItem\",\"position\":2,\"name\":\"Siirdamine\"}]},{\"@type\":\"WebSite\",\"@id\":\"https:\\\/\\\/www.kliinikum.ee\\\/tyvirakukeskus\\\/#website\",\"url\":\"https:\\\/\\\/www.kliinikum.ee\\\/tyvirakukeskus\\\/\",\"name\":\"T\u00fcvirakukeskus\",\"description\":\"Hoolivus, Uuendusmeelsus, P\u00e4devus ja Usaldusv\u00e4\u00e4rsus\",\"potentialAction\":[{\"@type\":\"SearchAction\",\"target\":{\"@type\":\"EntryPoint\",\"urlTemplate\":\"https:\\\/\\\/www.kliinikum.ee\\\/tyvirakukeskus\\\/?s={search_term_string}\"},\"query-input\":{\"@type\":\"PropertyValueSpecification\",\"valueRequired\":true,\"valueName\":\"search_term_string\"}}],\"inLanguage\":\"et\"}]}<\/script>\n<!-- \/ Yoast SEO plugin. -->","yoast_head_json":{"title":"Siirdamine - T\u00fcvirakukeskus","robots":{"index":"index","follow":"follow","max-snippet":"max-snippet:-1","max-image-preview":"max-image-preview:large","max-video-preview":"max-video-preview:-1"},"canonical":"https:\/\/www.kliinikum.ee\/tyvirakukeskus\/vereloome-tuvirakkude-siirdamine\/","og_locale":"et_EE","og_type":"article","og_title":"Siirdamine - T\u00fcvirakukeskus","og_description":"\u00a0Vereloome t\u00fcvirakkude siirdamist kasutatakse paljude vereloome ja l\u00fcmfis\u00fcsteemi haiguste nagu \u00e4gedad leukeemiad (\u00e4ge m\u00fceloidleukeemia, \u00e4ge l\u00fcmfoidleukeemia) ja aplastiline aneemia, harvem l\u00fcmfoomide, krooniliste leukeemiate (krooniline l\u00fcmfoidleukeemia ja krooniline m\u00fceloidleukeemia), hulgim\u00fceloomi ja m\u00fcelod\u00fcsplaasiate raviks. Vereloome t\u00fcvirakkude siirdamise puhul patsiendi enda haiguslik vereloome h\u00e4vitatakse eelneva intensiivse keemia- v\u00f5i kiiritusraviga ning see taastatakse siirdamise k\u00e4igus \u00fclekantavate vereloome t\u00fcvirakkude poolt. [&hellip;]","og_url":"https:\/\/www.kliinikum.ee\/tyvirakukeskus\/vereloome-tuvirakkude-siirdamine\/","og_site_name":"T\u00fcvirakukeskus","article_modified_time":"2023-09-28T12:50:56+00:00","twitter_card":"summary_large_image","twitter_misc":{"Est. reading time":"1 minut"},"schema":{"@context":"https:\/\/schema.org","@graph":[{"@type":"WebPage","@id":"https:\/\/www.kliinikum.ee\/tyvirakukeskus\/vereloome-tuvirakkude-siirdamine\/","url":"https:\/\/www.kliinikum.ee\/tyvirakukeskus\/vereloome-tuvirakkude-siirdamine\/","name":"Siirdamine - T\u00fcvirakukeskus","isPartOf":{"@id":"https:\/\/www.kliinikum.ee\/tyvirakukeskus\/#website"},"datePublished":"2023-06-09T10:01:08+00:00","dateModified":"2023-09-28T12:50:56+00:00","breadcrumb":{"@id":"https:\/\/www.kliinikum.ee\/tyvirakukeskus\/vereloome-tuvirakkude-siirdamine\/#breadcrumb"},"inLanguage":"et","potentialAction":[{"@type":"ReadAction","target":["https:\/\/www.kliinikum.ee\/tyvirakukeskus\/vereloome-tuvirakkude-siirdamine\/"]}]},{"@type":"BreadcrumbList","@id":"https:\/\/www.kliinikum.ee\/tyvirakukeskus\/vereloome-tuvirakkude-siirdamine\/#breadcrumb","itemListElement":[{"@type":"ListItem","position":1,"name":"Home","item":"https:\/\/www.kliinikum.ee\/tyvirakukeskus\/"},{"@type":"ListItem","position":2,"name":"Siirdamine"}]},{"@type":"WebSite","@id":"https:\/\/www.kliinikum.ee\/tyvirakukeskus\/#website","url":"https:\/\/www.kliinikum.ee\/tyvirakukeskus\/","name":"T\u00fcvirakukeskus","description":"Hoolivus, Uuendusmeelsus, P\u00e4devus ja Usaldusv\u00e4\u00e4rsus","potentialAction":[{"@type":"SearchAction","target":{"@type":"EntryPoint","urlTemplate":"https:\/\/www.kliinikum.ee\/tyvirakukeskus\/?s={search_term_string}"},"query-input":{"@type":"PropertyValueSpecification","valueRequired":true,"valueName":"search_term_string"}}],"inLanguage":"et"}]}},"uagb_featured_image_src":{"full":false,"thumbnail":false,"medium":false,"medium_large":false,"large":false,"1536x1536":false,"2048x2048":false},"uagb_author_info":{"display_name":"Jane Freimann","author_link":"https:\/\/www.kliinikum.ee\/tyvirakukeskus\/author\/janef\/"},"uagb_comment_info":0,"uagb_excerpt":"\u00a0Vereloome t\u00fcvirakkude siirdamist kasutatakse paljude vereloome ja l\u00fcmfis\u00fcsteemi haiguste nagu \u00e4gedad leukeemiad (\u00e4ge m\u00fceloidleukeemia, \u00e4ge l\u00fcmfoidleukeemia) ja aplastiline aneemia, harvem l\u00fcmfoomide, krooniliste leukeemiate (krooniline l\u00fcmfoidleukeemia ja krooniline m\u00fceloidleukeemia), hulgim\u00fceloomi ja m\u00fcelod\u00fcsplaasiate raviks. Vereloome t\u00fcvirakkude siirdamise puhul patsiendi enda haiguslik vereloome h\u00e4vitatakse eelneva intensiivse keemia- v\u00f5i kiiritusraviga ning see taastatakse siirdamise k\u00e4igus \u00fclekantavate vereloome t\u00fcvirakkude poolt.&hellip;","_links":{"self":[{"href":"https:\/\/www.kliinikum.ee\/tyvirakukeskus\/wp-json\/wp\/v2\/pages\/5853","targetHints":{"allow":["GET"]}}],"collection":[{"href":"https:\/\/www.kliinikum.ee\/tyvirakukeskus\/wp-json\/wp\/v2\/pages"}],"about":[{"href":"https:\/\/www.kliinikum.ee\/tyvirakukeskus\/wp-json\/wp\/v2\/types\/page"}],"author":[{"embeddable":true,"href":"https:\/\/www.kliinikum.ee\/tyvirakukeskus\/wp-json\/wp\/v2\/users\/34"}],"replies":[{"embeddable":true,"href":"https:\/\/www.kliinikum.ee\/tyvirakukeskus\/wp-json\/wp\/v2\/comments?post=5853"}],"version-history":[{"count":0,"href":"https:\/\/www.kliinikum.ee\/tyvirakukeskus\/wp-json\/wp\/v2\/pages\/5853\/revisions"}],"wp:attachment":[{"href":"https:\/\/www.kliinikum.ee\/tyvirakukeskus\/wp-json\/wp\/v2\/media?parent=5853"}],"curies":[{"name":"wp","href":"https:\/\/api.w.org\/{rel}","templated":true}]}}