{"id":5889,"date":"2023-06-09T12:30:25","date_gmt":"2023-06-09T10:30:25","guid":{"rendered":"https:\/\/www.kliinikum.ee\/tyvirakukeskus\/?page_id=5889"},"modified":"2023-12-26T10:55:06","modified_gmt":"2023-12-26T08:55:06","slug":"doonori-valik","status":"publish","type":"page","link":"https:\/\/www.kliinikum.ee\/tyvirakukeskus\/vereloome-tuvirakkude-siirdamine\/doonori-valik\/","title":{"rendered":"Doonori valik"},"content":{"rendered":"\n<p>Kui patsiendi raviprogrammis osutub vajalikuks allogeenne vereloome t\u00fcvirakkude siirdamine, siis esmalt p\u00fc\u00fctakse patsiendile sobivat doonorit leida tema \u00f5dede-vendade seast. Selleks m\u00e4\u00e4ratakse nii patsiendil kui tema \u00f5dedel-vendadel koesobivuse antigeenid ning v\u00f5rreldakse neid omavahel. Paraku k\u00f5igil meil \u00f5desid-vendasid ei ole ja kui ka on, siis t\u00f5en\u00e4osus, et kellegi vend v\u00f5i \u00f5de sobib talle doonoriks on vaid 25%. Kui perekonnas doonorit ei ole, siis algatatakse doonori otsing luu\u00fcdi doonorite registritest.<\/p>\n\n\n\n<p>K\u00f5igepealt teostatakse nn. esialgne otsing, millega selgitatakse v\u00e4lja potensiaalsete doonorikandidaatide olemasolu. Kui esialgne otsing osutub edukaks, siis v\u00f5etakse patsiendilt teistkordselt vereanal\u00fc\u00fcsid koesobivuse antigeenide m\u00e4\u00e4ramiseks. Nende vastuste saabumisel valitakse v\u00e4lja kolm-neli doonorikandidaati, kellel samuti m\u00e4\u00e4ratakse teistkordselt koesobivuse antigeenid. N\u00fc\u00fcd valitakse nende seast patsiendile k\u00f5ige sobivam doonor, ideaalis peaks doonori ja patsiendi vahel olema 100% sobivus HLA A, HLA B, HLA C, HLA DR ja HLA DQ antigeenide osas. Mitme sobiva doonori olemasolul arvestatakse doonori valikul veel lisanduvaid faktoreid nagu doonori ja patsiendi sugu, veregruppide erinevust ja m\u00f5ningaid teisi faktoreid.<br>Sobiva doonori olemasolul teostatakse l\u00f5plik valik, hinnatakse veelkord patsiendi valmisolekut siirdamiseks ning siis toimub l\u00f5plik kuup\u00e4evade kokkuleppimine siirdamiskeskuse, doonorkeskuse ja doonori vahel.<\/p>\n","protected":false},"excerpt":{"rendered":"<p>Kui patsiendi raviprogrammis osutub vajalikuks allogeenne vereloome t\u00fcvirakkude siirdamine, siis esmalt p\u00fc\u00fctakse patsiendile sobivat doonorit leida tema \u00f5dede-vendade seast. Selleks m\u00e4\u00e4ratakse nii patsiendil kui tema \u00f5dedel-vendadel koesobivuse antigeenid ning v\u00f5rreldakse neid omavahel. Paraku k\u00f5igil meil \u00f5desid-vendasid ei ole ja kui ka on, siis t\u00f5en\u00e4osus, et kellegi vend v\u00f5i \u00f5de sobib talle doonoriks on vaid 25%. [&hellip;]<\/p>\n","protected":false},"author":34,"featured_media":0,"parent":5853,"menu_order":4,"comment_status":"closed","ping_status":"closed","template":"","meta":{"_acf_changed":false,"_uag_custom_page_level_css":"","footnotes":""},"class_list":["post-5889","page","type-page","status-publish","hentry"],"acf":[],"yoast_head":"<!-- This site is optimized with the Yoast SEO plugin v27.3 - https:\/\/yoast.com\/product\/yoast-seo-wordpress\/ -->\n<title>Doonori valik - T\u00fcvirakukeskus<\/title>\n<meta name=\"robots\" content=\"index, follow, max-snippet:-1, max-image-preview:large, max-video-preview:-1\" \/>\n<link rel=\"canonical\" href=\"https:\/\/www.kliinikum.ee\/tyvirakukeskus\/vereloome-tuvirakkude-siirdamine\/doonori-valik\/\" \/>\n<meta property=\"og:locale\" content=\"et_EE\" \/>\n<meta property=\"og:type\" content=\"article\" \/>\n<meta property=\"og:title\" content=\"Doonori valik - T\u00fcvirakukeskus\" \/>\n<meta property=\"og:description\" content=\"Kui patsiendi raviprogrammis osutub vajalikuks allogeenne vereloome t\u00fcvirakkude siirdamine, siis esmalt p\u00fc\u00fctakse patsiendile sobivat doonorit leida tema \u00f5dede-vendade seast. Selleks m\u00e4\u00e4ratakse nii patsiendil kui tema \u00f5dedel-vendadel koesobivuse antigeenid ning v\u00f5rreldakse neid omavahel. Paraku k\u00f5igil meil \u00f5desid-vendasid ei ole ja kui ka on, siis t\u00f5en\u00e4osus, et kellegi vend v\u00f5i \u00f5de sobib talle doonoriks on vaid 25%. [&hellip;]\" \/>\n<meta property=\"og:url\" content=\"https:\/\/www.kliinikum.ee\/tyvirakukeskus\/vereloome-tuvirakkude-siirdamine\/doonori-valik\/\" \/>\n<meta property=\"og:site_name\" content=\"T\u00fcvirakukeskus\" \/>\n<meta property=\"article:modified_time\" content=\"2023-12-26T08:55:06+00:00\" \/>\n<meta name=\"twitter:card\" content=\"summary_large_image\" \/>\n<meta name=\"twitter:label1\" content=\"Est. reading time\" \/>\n\t<meta name=\"twitter:data1\" content=\"1 minut\" \/>\n<script type=\"application\/ld+json\" class=\"yoast-schema-graph\">{\"@context\":\"https:\\\/\\\/schema.org\",\"@graph\":[{\"@type\":\"WebPage\",\"@id\":\"https:\\\/\\\/www.kliinikum.ee\\\/tyvirakukeskus\\\/vereloome-tuvirakkude-siirdamine\\\/doonori-valik\\\/\",\"url\":\"https:\\\/\\\/www.kliinikum.ee\\\/tyvirakukeskus\\\/vereloome-tuvirakkude-siirdamine\\\/doonori-valik\\\/\",\"name\":\"Doonori valik - T\u00fcvirakukeskus\",\"isPartOf\":{\"@id\":\"https:\\\/\\\/www.kliinikum.ee\\\/tyvirakukeskus\\\/#website\"},\"datePublished\":\"2023-06-09T10:30:25+00:00\",\"dateModified\":\"2023-12-26T08:55:06+00:00\",\"breadcrumb\":{\"@id\":\"https:\\\/\\\/www.kliinikum.ee\\\/tyvirakukeskus\\\/vereloome-tuvirakkude-siirdamine\\\/doonori-valik\\\/#breadcrumb\"},\"inLanguage\":\"et\",\"potentialAction\":[{\"@type\":\"ReadAction\",\"target\":[\"https:\\\/\\\/www.kliinikum.ee\\\/tyvirakukeskus\\\/vereloome-tuvirakkude-siirdamine\\\/doonori-valik\\\/\"]}]},{\"@type\":\"BreadcrumbList\",\"@id\":\"https:\\\/\\\/www.kliinikum.ee\\\/tyvirakukeskus\\\/vereloome-tuvirakkude-siirdamine\\\/doonori-valik\\\/#breadcrumb\",\"itemListElement\":[{\"@type\":\"ListItem\",\"position\":1,\"name\":\"Home\",\"item\":\"https:\\\/\\\/www.kliinikum.ee\\\/tyvirakukeskus\\\/\"},{\"@type\":\"ListItem\",\"position\":2,\"name\":\"Siirdamine\",\"item\":\"https:\\\/\\\/www.kliinikum.ee\\\/tyvirakukeskus\\\/vereloome-tuvirakkude-siirdamine\\\/\"},{\"@type\":\"ListItem\",\"position\":3,\"name\":\"Doonori valik\"}]},{\"@type\":\"WebSite\",\"@id\":\"https:\\\/\\\/www.kliinikum.ee\\\/tyvirakukeskus\\\/#website\",\"url\":\"https:\\\/\\\/www.kliinikum.ee\\\/tyvirakukeskus\\\/\",\"name\":\"T\u00fcvirakukeskus\",\"description\":\"Hoolivus, Uuendusmeelsus, P\u00e4devus ja Usaldusv\u00e4\u00e4rsus\",\"potentialAction\":[{\"@type\":\"SearchAction\",\"target\":{\"@type\":\"EntryPoint\",\"urlTemplate\":\"https:\\\/\\\/www.kliinikum.ee\\\/tyvirakukeskus\\\/?s={search_term_string}\"},\"query-input\":{\"@type\":\"PropertyValueSpecification\",\"valueRequired\":true,\"valueName\":\"search_term_string\"}}],\"inLanguage\":\"et\"}]}<\/script>\n<!-- \/ Yoast SEO plugin. -->","yoast_head_json":{"title":"Doonori valik - T\u00fcvirakukeskus","robots":{"index":"index","follow":"follow","max-snippet":"max-snippet:-1","max-image-preview":"max-image-preview:large","max-video-preview":"max-video-preview:-1"},"canonical":"https:\/\/www.kliinikum.ee\/tyvirakukeskus\/vereloome-tuvirakkude-siirdamine\/doonori-valik\/","og_locale":"et_EE","og_type":"article","og_title":"Doonori valik - T\u00fcvirakukeskus","og_description":"Kui patsiendi raviprogrammis osutub vajalikuks allogeenne vereloome t\u00fcvirakkude siirdamine, siis esmalt p\u00fc\u00fctakse patsiendile sobivat doonorit leida tema \u00f5dede-vendade seast. Selleks m\u00e4\u00e4ratakse nii patsiendil kui tema \u00f5dedel-vendadel koesobivuse antigeenid ning v\u00f5rreldakse neid omavahel. Paraku k\u00f5igil meil \u00f5desid-vendasid ei ole ja kui ka on, siis t\u00f5en\u00e4osus, et kellegi vend v\u00f5i \u00f5de sobib talle doonoriks on vaid 25%. [&hellip;]","og_url":"https:\/\/www.kliinikum.ee\/tyvirakukeskus\/vereloome-tuvirakkude-siirdamine\/doonori-valik\/","og_site_name":"T\u00fcvirakukeskus","article_modified_time":"2023-12-26T08:55:06+00:00","twitter_card":"summary_large_image","twitter_misc":{"Est. reading time":"1 minut"},"schema":{"@context":"https:\/\/schema.org","@graph":[{"@type":"WebPage","@id":"https:\/\/www.kliinikum.ee\/tyvirakukeskus\/vereloome-tuvirakkude-siirdamine\/doonori-valik\/","url":"https:\/\/www.kliinikum.ee\/tyvirakukeskus\/vereloome-tuvirakkude-siirdamine\/doonori-valik\/","name":"Doonori valik - T\u00fcvirakukeskus","isPartOf":{"@id":"https:\/\/www.kliinikum.ee\/tyvirakukeskus\/#website"},"datePublished":"2023-06-09T10:30:25+00:00","dateModified":"2023-12-26T08:55:06+00:00","breadcrumb":{"@id":"https:\/\/www.kliinikum.ee\/tyvirakukeskus\/vereloome-tuvirakkude-siirdamine\/doonori-valik\/#breadcrumb"},"inLanguage":"et","potentialAction":[{"@type":"ReadAction","target":["https:\/\/www.kliinikum.ee\/tyvirakukeskus\/vereloome-tuvirakkude-siirdamine\/doonori-valik\/"]}]},{"@type":"BreadcrumbList","@id":"https:\/\/www.kliinikum.ee\/tyvirakukeskus\/vereloome-tuvirakkude-siirdamine\/doonori-valik\/#breadcrumb","itemListElement":[{"@type":"ListItem","position":1,"name":"Home","item":"https:\/\/www.kliinikum.ee\/tyvirakukeskus\/"},{"@type":"ListItem","position":2,"name":"Siirdamine","item":"https:\/\/www.kliinikum.ee\/tyvirakukeskus\/vereloome-tuvirakkude-siirdamine\/"},{"@type":"ListItem","position":3,"name":"Doonori valik"}]},{"@type":"WebSite","@id":"https:\/\/www.kliinikum.ee\/tyvirakukeskus\/#website","url":"https:\/\/www.kliinikum.ee\/tyvirakukeskus\/","name":"T\u00fcvirakukeskus","description":"Hoolivus, Uuendusmeelsus, P\u00e4devus ja Usaldusv\u00e4\u00e4rsus","potentialAction":[{"@type":"SearchAction","target":{"@type":"EntryPoint","urlTemplate":"https:\/\/www.kliinikum.ee\/tyvirakukeskus\/?s={search_term_string}"},"query-input":{"@type":"PropertyValueSpecification","valueRequired":true,"valueName":"search_term_string"}}],"inLanguage":"et"}]}},"uagb_featured_image_src":{"full":false,"thumbnail":false,"medium":false,"medium_large":false,"large":false,"1536x1536":false,"2048x2048":false},"uagb_author_info":{"display_name":"Jane Freimann","author_link":"https:\/\/www.kliinikum.ee\/tyvirakukeskus\/author\/janef\/"},"uagb_comment_info":0,"uagb_excerpt":"Kui patsiendi raviprogrammis osutub vajalikuks allogeenne vereloome t\u00fcvirakkude siirdamine, siis esmalt p\u00fc\u00fctakse patsiendile sobivat doonorit leida tema \u00f5dede-vendade seast. Selleks m\u00e4\u00e4ratakse nii patsiendil kui tema \u00f5dedel-vendadel koesobivuse antigeenid ning v\u00f5rreldakse neid omavahel. Paraku k\u00f5igil meil \u00f5desid-vendasid ei ole ja kui ka on, siis t\u00f5en\u00e4osus, et kellegi vend v\u00f5i \u00f5de sobib talle doonoriks on vaid 25%.&hellip;","_links":{"self":[{"href":"https:\/\/www.kliinikum.ee\/tyvirakukeskus\/wp-json\/wp\/v2\/pages\/5889","targetHints":{"allow":["GET"]}}],"collection":[{"href":"https:\/\/www.kliinikum.ee\/tyvirakukeskus\/wp-json\/wp\/v2\/pages"}],"about":[{"href":"https:\/\/www.kliinikum.ee\/tyvirakukeskus\/wp-json\/wp\/v2\/types\/page"}],"author":[{"embeddable":true,"href":"https:\/\/www.kliinikum.ee\/tyvirakukeskus\/wp-json\/wp\/v2\/users\/34"}],"replies":[{"embeddable":true,"href":"https:\/\/www.kliinikum.ee\/tyvirakukeskus\/wp-json\/wp\/v2\/comments?post=5889"}],"version-history":[{"count":0,"href":"https:\/\/www.kliinikum.ee\/tyvirakukeskus\/wp-json\/wp\/v2\/pages\/5889\/revisions"}],"up":[{"embeddable":true,"href":"https:\/\/www.kliinikum.ee\/tyvirakukeskus\/wp-json\/wp\/v2\/pages\/5853"}],"wp:attachment":[{"href":"https:\/\/www.kliinikum.ee\/tyvirakukeskus\/wp-json\/wp\/v2\/media?parent=5889"}],"curies":[{"name":"wp","href":"https:\/\/api.w.org\/{rel}","templated":true}]}}