{"id":5917,"date":"2023-06-09T13:03:42","date_gmt":"2023-06-09T11:03:42","guid":{"rendered":"https:\/\/www.kliinikum.ee\/tyvirakukeskus\/?page_id=5917"},"modified":"2025-05-30T14:40:19","modified_gmt":"2025-05-30T12:40:19","slug":"kuidas-liituda","status":"publish","type":"page","link":"https:\/\/www.kliinikum.ee\/tyvirakukeskus\/tuvirakuregister\/kuidas-liituda\/","title":{"rendered":"Kuidas liituda"},"content":{"rendered":"\n<div class=\"wp-block-uagb-container uagb-block-ea9dbd9d default uagb-is-root-container\">\n<div class=\"wp-block-columns is-layout-flex wp-container-core-columns-is-layout-28f84493 wp-block-columns-is-layout-flex\">\n<div class=\"wp-block-column is-layout-flow wp-block-column-is-layout-flow\" style=\"flex-basis:50%\">\n<div class=\"wp-block-uagb-container uagb-block-26a49436\">\n<div class=\"wp-block-columns is-layout-flex wp-container-core-columns-is-layout-28f84493 wp-block-columns-is-layout-flex\">\n<div class=\"wp-block-column is-layout-flow wp-block-column-is-layout-flow\" style=\"flex-basis:100%\">\n<p>Vereloome t\u00fcvirakkude doonorite registriga saab liituda: <\/p>\n\n\n\n<p><strong>Tartu \u00dclikooli Kliinikumi hematoloogia ja luu\u00fcdi transplantatsiooni osakond<\/strong><br>L. Puusepa 8, Tartu, J korpus kabinet J68 ja kab J61<br>E-N kl 8.30-15.00<br>R kl 8.30-13.00<\/p>\n\n\n\n<p><strong>Tartu \u00dclikooli Kliinikumi Verekeskus<\/strong><br>L. Puusepa 8, Tartu, B korpus, 1. korrus<br>E-K kl 8-17<br>N kl 8-18<br>R kl 8-15 <\/p>\n\n\n\n<p><strong>P\u00f5hja-Eesti Regionaalhaigla Verekeskus<\/strong><br>\u00c4dala 2, Tallinn<br>E,&nbsp;R kell 8-16<br>T-N&nbsp; kell 11-19<br>Registratuur:&nbsp;617 3001<\/p>\n\n\n\n<p><strong>P\u00f5hja-Eesti Regionaalhaigla Verekeskuse \u00dclemiste Doonorikeskus<\/strong><br>Valukoja 7, Tallinn, Karl Papello maja<br>E, K, R 9.00-17.00; T ja N 10.00-18.00 Registratuur: 664 0470<\/p>\n\n\n\n<p><strong>P\u00e4rnu Haigla Vereteenistus<\/strong><br>Metsa 1, P\u00e4rnu<br>E, K ja R 8-13<br>T ja N kl 13-17<\/p>\n\n\n\n<p>Registriga liitumiseks peab t\u00e4itma registreerimisvormi ja tervisliku seisundi k\u00fcsimustiku ning registriga liitujalt v\u00f5etakse veenist vereproov koesobivuse antigeenide m\u00e4\u00e4ramiseks. Vereproov anal\u00fc\u00fcsitakse Tartu \u00dclikooli Kliinikumi \u00fchendlaboris ning tulemused saadetakse s\u00e4ilitamiseks Soome Luu\u00fcdi Doonorite Registrisse. Igasugust informatsiooni, mida registriga liituja annab oma tervisliku seisundi kohta, kaasa arvatud koesobivusanal\u00fc\u00fcside vastused, t\u00f6\u00f6deldakse konfidentsiaalselt ning v\u00f5ib kindel olla, et k\u00f5rvalistel isikutel puudub nendele juurdep\u00e4\u00e4s. Oma koesobivusanal\u00fc\u00fcside vastuseid saate vaadata <a href=\"http:\/\/www.terviseportaal.ee\" target=\"_blank\" rel=\"noreferrer noopener\">Terviseportaalist<\/a>.<\/p>\n<\/div>\n<\/div>\n\n\n\n<p><\/p>\n\n\n\n<p><\/p>\n\n\n\n<p><\/p>\n\n\n\n<p><\/p>\n<\/div>\n<\/div>\n\n\n\n<div class=\"wp-block-column is-vertically-aligned-top is-layout-flow wp-block-column-is-layout-flow\" style=\"flex-basis:50%\">\n<p><a href=\"https:\/\/www.kliinikum.ee\/tyvirakukeskus\/wp-content\/uploads\/2023\/11\/Registriga-liitumise-vorm.pdf\">Liitumisvorm <\/a><a href=\"https:\/\/www.kliinikum.ee\/tyvirakukeskus\/wp-content\/uploads\/2023\/11\/Registriga-liitumise-vorm.pdf\" target=\"_blank\" rel=\"noreferrer noopener\">(eestikeelne)<\/a><\/p>\n\n\n\n<p class=\"has-light-green-cyan-color has-text-color\"><a href=\"https:\/\/www.kliinikum.ee\/tyvirakukeskus\/wp-content\/uploads\/2023\/11\/Registriga-liitumise-vorm-VENE.pdf\" target=\"_blank\" rel=\"noreferrer noopener\">Liitumisvorm (venekeelne)<\/a><\/p>\n\n\n\n<p><a href=\"https:\/\/www.kliinikum.ee\/tyvirakukeskus\/wp-content\/uploads\/2023\/12\/Registriga-liitumise-vorm-ingl.pdf\" target=\"_blank\" rel=\"noreferrer noopener\">Liitumisvorm (inglisekeelne)<\/a><\/p>\n\n\n\n<p><\/p>\n\n\n\n<p><\/p>\n\n\n\n<p><\/p>\n\n\n\n<p><\/p>\n\n\n\n<p><\/p>\n\n\n\n<p><\/p>\n\n\n\n<p><\/p>\n\n\n\n<p><\/p>\n\n\n\n<p><\/p>\n\n\n\n<p><\/p>\n\n\n\n<p><\/p>\n\n\n\n<p><\/p>\n\n\n\n<p><\/p>\n\n\n\n<p><\/p>\n\n\n\n<p><\/p>\n\n\n\n<p><\/p>\n\n\n\n<p><\/p>\n<\/div>\n<\/div>\n<\/div>\n\n\n\n<div class=\"wp-block-columns is-layout-flex wp-container-core-columns-is-layout-28f84493 wp-block-columns-is-layout-flex\">\n<div class=\"wp-block-column is-layout-flow wp-block-column-is-layout-flow\" style=\"flex-basis:50%\">\n<div class=\"wp-block-columns is-layout-flex wp-container-core-columns-is-layout-28f84493 wp-block-columns-is-layout-flex\">\n<div class=\"wp-block-column is-layout-flow wp-block-column-is-layout-flow\" style=\"flex-basis:100%\">\n<div class=\"wp-block-uagb-container uagb-block-8b5a5fad default uagb-is-root-container\">\n<div class=\"wp-block-uagb-container uagb-block-e13681fd\"><\/div>\n<\/div>\n<\/div>\n<\/div>\n<\/div>\n\n\n\n<div class=\"wp-block-column is-layout-flow wp-block-column-is-layout-flow\" style=\"flex-basis:50%\">\n<p><\/p>\n<\/div>\n<\/div>\n","protected":false},"excerpt":{"rendered":"<p>Vereloome t\u00fcvirakkude doonorite registriga saab liituda: Tartu \u00dclikooli Kliinikumi hematoloogia ja luu\u00fcdi transplantatsiooni osakondL. Puusepa 8, Tartu, J korpus kabinet J68 ja kab J61E-N kl 8.30-15.00R kl 8.30-13.00 Tartu \u00dclikooli Kliinikumi VerekeskusL. Puusepa 8, Tartu, B korpus, 1. korrusE-K kl 8-17N kl 8-18R kl 8-15 P\u00f5hja-Eesti Regionaalhaigla Verekeskus\u00c4dala 2, TallinnE,&nbsp;R kell 8-16T-N&nbsp; kell 11-19Registratuur:&nbsp;617 3001 [&hellip;]<\/p>\n","protected":false},"author":31,"featured_media":0,"parent":5859,"menu_order":4,"comment_status":"closed","ping_status":"closed","template":"","meta":{"_acf_changed":false,"_uag_custom_page_level_css":"","footnotes":""},"class_list":["post-5917","page","type-page","status-publish","hentry"],"acf":[],"yoast_head":"<!-- This site is optimized with the Yoast SEO plugin v27.1.1 - https:\/\/yoast.com\/product\/yoast-seo-wordpress\/ -->\n<title>Kuidas liituda - T\u00fcvirakukeskus<\/title>\n<meta name=\"robots\" content=\"index, follow, max-snippet:-1, max-image-preview:large, max-video-preview:-1\" \/>\n<link rel=\"canonical\" href=\"https:\/\/www.kliinikum.ee\/tyvirakukeskus\/tuvirakuregister\/kuidas-liituda\/\" \/>\n<meta property=\"og:locale\" content=\"et_EE\" \/>\n<meta property=\"og:type\" content=\"article\" \/>\n<meta property=\"og:title\" content=\"Kuidas liituda - T\u00fcvirakukeskus\" \/>\n<meta property=\"og:description\" content=\"Vereloome t\u00fcvirakkude doonorite registriga saab liituda: Tartu \u00dclikooli Kliinikumi hematoloogia ja luu\u00fcdi transplantatsiooni osakondL. Puusepa 8, Tartu, J korpus kabinet J68 ja kab J61E-N kl 8.30-15.00R kl 8.30-13.00 Tartu \u00dclikooli Kliinikumi VerekeskusL. Puusepa 8, Tartu, B korpus, 1. korrusE-K kl 8-17N kl 8-18R kl 8-15 P\u00f5hja-Eesti Regionaalhaigla Verekeskus\u00c4dala 2, TallinnE,&nbsp;R kell 8-16T-N&nbsp; kell 11-19Registratuur:&nbsp;617 3001 [&hellip;]\" \/>\n<meta property=\"og:url\" content=\"https:\/\/www.kliinikum.ee\/tyvirakukeskus\/tuvirakuregister\/kuidas-liituda\/\" \/>\n<meta property=\"og:site_name\" content=\"T\u00fcvirakukeskus\" \/>\n<meta property=\"article:modified_time\" content=\"2025-05-30T12:40:19+00:00\" \/>\n<meta name=\"twitter:card\" content=\"summary_large_image\" \/>\n<meta name=\"twitter:label1\" content=\"Est. reading time\" \/>\n\t<meta name=\"twitter:data1\" content=\"1 minut\" \/>\n<script type=\"application\/ld+json\" class=\"yoast-schema-graph\">{\"@context\":\"https:\/\/schema.org\",\"@graph\":[{\"@type\":\"WebPage\",\"@id\":\"https:\/\/www.kliinikum.ee\/tyvirakukeskus\/tuvirakuregister\/kuidas-liituda\/\",\"url\":\"https:\/\/www.kliinikum.ee\/tyvirakukeskus\/tuvirakuregister\/kuidas-liituda\/\",\"name\":\"Kuidas liituda - T\u00fcvirakukeskus\",\"isPartOf\":{\"@id\":\"https:\/\/www.kliinikum.ee\/tyvirakukeskus\/#website\"},\"datePublished\":\"2023-06-09T11:03:42+00:00\",\"dateModified\":\"2025-05-30T12:40:19+00:00\",\"breadcrumb\":{\"@id\":\"https:\/\/www.kliinikum.ee\/tyvirakukeskus\/tuvirakuregister\/kuidas-liituda\/#breadcrumb\"},\"inLanguage\":\"et\",\"potentialAction\":[{\"@type\":\"ReadAction\",\"target\":[\"https:\/\/www.kliinikum.ee\/tyvirakukeskus\/tuvirakuregister\/kuidas-liituda\/\"]}]},{\"@type\":\"BreadcrumbList\",\"@id\":\"https:\/\/www.kliinikum.ee\/tyvirakukeskus\/tuvirakuregister\/kuidas-liituda\/#breadcrumb\",\"itemListElement\":[{\"@type\":\"ListItem\",\"position\":1,\"name\":\"Home\",\"item\":\"https:\/\/www.kliinikum.ee\/tyvirakukeskus\/\"},{\"@type\":\"ListItem\",\"position\":2,\"name\":\"T\u00fcvirakuregister\",\"item\":\"https:\/\/www.kliinikum.ee\/tyvirakukeskus\/tuvirakuregister\/\"},{\"@type\":\"ListItem\",\"position\":3,\"name\":\"Kuidas liituda\"}]},{\"@type\":\"WebSite\",\"@id\":\"https:\/\/www.kliinikum.ee\/tyvirakukeskus\/#website\",\"url\":\"https:\/\/www.kliinikum.ee\/tyvirakukeskus\/\",\"name\":\"T\u00fcvirakukeskus\",\"description\":\"Hoolivus, Uuendusmeelsus, P\u00e4devus ja Usaldusv\u00e4\u00e4rsus\",\"potentialAction\":[{\"@type\":\"SearchAction\",\"target\":{\"@type\":\"EntryPoint\",\"urlTemplate\":\"https:\/\/www.kliinikum.ee\/tyvirakukeskus\/?s={search_term_string}\"},\"query-input\":{\"@type\":\"PropertyValueSpecification\",\"valueRequired\":true,\"valueName\":\"search_term_string\"}}],\"inLanguage\":\"et\"}]}<\/script>\n<!-- \/ Yoast SEO plugin. -->","yoast_head_json":{"title":"Kuidas liituda - T\u00fcvirakukeskus","robots":{"index":"index","follow":"follow","max-snippet":"max-snippet:-1","max-image-preview":"max-image-preview:large","max-video-preview":"max-video-preview:-1"},"canonical":"https:\/\/www.kliinikum.ee\/tyvirakukeskus\/tuvirakuregister\/kuidas-liituda\/","og_locale":"et_EE","og_type":"article","og_title":"Kuidas liituda - T\u00fcvirakukeskus","og_description":"Vereloome t\u00fcvirakkude doonorite registriga saab liituda: Tartu \u00dclikooli Kliinikumi hematoloogia ja luu\u00fcdi transplantatsiooni osakondL. Puusepa 8, Tartu, J korpus kabinet J68 ja kab J61E-N kl 8.30-15.00R kl 8.30-13.00 Tartu \u00dclikooli Kliinikumi VerekeskusL. Puusepa 8, Tartu, B korpus, 1. korrusE-K kl 8-17N kl 8-18R kl 8-15 P\u00f5hja-Eesti Regionaalhaigla Verekeskus\u00c4dala 2, TallinnE,&nbsp;R kell 8-16T-N&nbsp; kell 11-19Registratuur:&nbsp;617 3001 [&hellip;]","og_url":"https:\/\/www.kliinikum.ee\/tyvirakukeskus\/tuvirakuregister\/kuidas-liituda\/","og_site_name":"T\u00fcvirakukeskus","article_modified_time":"2025-05-30T12:40:19+00:00","twitter_card":"summary_large_image","twitter_misc":{"Est. reading time":"1 minut"},"schema":{"@context":"https:\/\/schema.org","@graph":[{"@type":"WebPage","@id":"https:\/\/www.kliinikum.ee\/tyvirakukeskus\/tuvirakuregister\/kuidas-liituda\/","url":"https:\/\/www.kliinikum.ee\/tyvirakukeskus\/tuvirakuregister\/kuidas-liituda\/","name":"Kuidas liituda - T\u00fcvirakukeskus","isPartOf":{"@id":"https:\/\/www.kliinikum.ee\/tyvirakukeskus\/#website"},"datePublished":"2023-06-09T11:03:42+00:00","dateModified":"2025-05-30T12:40:19+00:00","breadcrumb":{"@id":"https:\/\/www.kliinikum.ee\/tyvirakukeskus\/tuvirakuregister\/kuidas-liituda\/#breadcrumb"},"inLanguage":"et","potentialAction":[{"@type":"ReadAction","target":["https:\/\/www.kliinikum.ee\/tyvirakukeskus\/tuvirakuregister\/kuidas-liituda\/"]}]},{"@type":"BreadcrumbList","@id":"https:\/\/www.kliinikum.ee\/tyvirakukeskus\/tuvirakuregister\/kuidas-liituda\/#breadcrumb","itemListElement":[{"@type":"ListItem","position":1,"name":"Home","item":"https:\/\/www.kliinikum.ee\/tyvirakukeskus\/"},{"@type":"ListItem","position":2,"name":"T\u00fcvirakuregister","item":"https:\/\/www.kliinikum.ee\/tyvirakukeskus\/tuvirakuregister\/"},{"@type":"ListItem","position":3,"name":"Kuidas liituda"}]},{"@type":"WebSite","@id":"https:\/\/www.kliinikum.ee\/tyvirakukeskus\/#website","url":"https:\/\/www.kliinikum.ee\/tyvirakukeskus\/","name":"T\u00fcvirakukeskus","description":"Hoolivus, Uuendusmeelsus, P\u00e4devus ja Usaldusv\u00e4\u00e4rsus","potentialAction":[{"@type":"SearchAction","target":{"@type":"EntryPoint","urlTemplate":"https:\/\/www.kliinikum.ee\/tyvirakukeskus\/?s={search_term_string}"},"query-input":{"@type":"PropertyValueSpecification","valueRequired":true,"valueName":"search_term_string"}}],"inLanguage":"et"}]}},"uagb_featured_image_src":{"full":false,"thumbnail":false,"medium":false,"medium_large":false,"large":false,"1536x1536":false,"2048x2048":false},"uagb_author_info":{"display_name":"Ain Kaare","author_link":"https:\/\/www.kliinikum.ee\/tyvirakukeskus\/author\/ainka\/"},"uagb_comment_info":0,"uagb_excerpt":"Vereloome t\u00fcvirakkude doonorite registriga saab liituda: Tartu \u00dclikooli Kliinikumi hematoloogia ja luu\u00fcdi transplantatsiooni osakondL. Puusepa 8, Tartu, J korpus kabinet J68 ja kab J61E-N kl 8.30-15.00R kl 8.30-13.00 Tartu \u00dclikooli Kliinikumi VerekeskusL. Puusepa 8, Tartu, B korpus, 1. korrusE-K kl 8-17N kl 8-18R kl 8-15 P\u00f5hja-Eesti Regionaalhaigla Verekeskus\u00c4dala 2, TallinnE,&nbsp;R kell 8-16T-N&nbsp; kell 11-19Registratuur:&nbsp;617 3001&hellip;","_links":{"self":[{"href":"https:\/\/www.kliinikum.ee\/tyvirakukeskus\/wp-json\/wp\/v2\/pages\/5917","targetHints":{"allow":["GET"]}}],"collection":[{"href":"https:\/\/www.kliinikum.ee\/tyvirakukeskus\/wp-json\/wp\/v2\/pages"}],"about":[{"href":"https:\/\/www.kliinikum.ee\/tyvirakukeskus\/wp-json\/wp\/v2\/types\/page"}],"author":[{"embeddable":true,"href":"https:\/\/www.kliinikum.ee\/tyvirakukeskus\/wp-json\/wp\/v2\/users\/31"}],"replies":[{"embeddable":true,"href":"https:\/\/www.kliinikum.ee\/tyvirakukeskus\/wp-json\/wp\/v2\/comments?post=5917"}],"version-history":[{"count":25,"href":"https:\/\/www.kliinikum.ee\/tyvirakukeskus\/wp-json\/wp\/v2\/pages\/5917\/revisions"}],"predecessor-version":[{"id":6441,"href":"https:\/\/www.kliinikum.ee\/tyvirakukeskus\/wp-json\/wp\/v2\/pages\/5917\/revisions\/6441"}],"up":[{"embeddable":true,"href":"https:\/\/www.kliinikum.ee\/tyvirakukeskus\/wp-json\/wp\/v2\/pages\/5859"}],"wp:attachment":[{"href":"https:\/\/www.kliinikum.ee\/tyvirakukeskus\/wp-json\/wp\/v2\/media?parent=5917"}],"curies":[{"name":"wp","href":"https:\/\/api.w.org\/{rel}","templated":true}]}}