{"id":6083,"date":"2023-06-18T14:06:15","date_gmt":"2023-06-18T12:06:15","guid":{"rendered":"https:\/\/www.kliinikum.ee\/tyvirakukeskus\/?page_id=6083"},"modified":"2023-09-28T14:55:23","modified_gmt":"2023-09-28T12:55:23","slug":"vereloome","status":"publish","type":"page","link":"https:\/\/www.kliinikum.ee\/tyvirakukeskus\/tuvirakkudest-ja-vereloomest\/vereloome\/","title":{"rendered":"Vereloome t\u00fcvirakud ja vereloome"},"content":{"rendered":"\n<figure class=\"wp-block-image size-large\"><img loading=\"lazy\" decoding=\"async\" width=\"1024\" height=\"633\" src=\"https:\/\/www.kliinikum.ee\/tyvirakukeskus\/wp-content\/uploads\/2023\/09\/Vereloome_joonis-1024x633.jpg\" alt=\"\" class=\"wp-image-6196\" srcset=\"https:\/\/www.kliinikum.ee\/tyvirakukeskus\/wp-content\/uploads\/2023\/09\/Vereloome_joonis-1024x633.jpg 1024w, https:\/\/www.kliinikum.ee\/tyvirakukeskus\/wp-content\/uploads\/2023\/09\/Vereloome_joonis-300x185.jpg 300w, https:\/\/www.kliinikum.ee\/tyvirakukeskus\/wp-content\/uploads\/2023\/09\/Vereloome_joonis-768x474.jpg 768w, https:\/\/www.kliinikum.ee\/tyvirakukeskus\/wp-content\/uploads\/2023\/09\/Vereloome_joonis-1536x949.jpg 1536w, https:\/\/www.kliinikum.ee\/tyvirakukeskus\/wp-content\/uploads\/2023\/09\/Vereloome_joonis-2048x1265.jpg 2048w, https:\/\/www.kliinikum.ee\/tyvirakukeskus\/wp-content\/uploads\/2023\/09\/Vereloome_joonis-scaled.jpg 2560w\" sizes=\"auto, (max-width: 1024px) 100vw, 1024px\" \/><\/figure>\n\n\n\n<p><\/p>\n\n\n\n<p>Vereloome t\u00fcvirakud paiknevad luu\u00fcdis ning nendest arenevad k\u00f5ik vere rakud- leukots\u00fc\u00fcdid ehk valged verelibled, er\u00fctrots\u00fc\u00fcdid ehk punased verelibled ning trombots\u00fc\u00fcdid ehk vereliistakud.<\/p>\n\n\n\n<p>Luu\u00fcdi on spongioosne kude, mis paikneb luude keskosas. S\u00fcnnimomendil k\u00f5ik organismi luud t\u00e4idetud aktiivse, nn. punase luu\u00fcdiga. Inimese vananedes asendub osa sellest mitteaktiivse, nn. kollase luu\u00fcdiga. T\u00e4iskasvanutel asub punane aktiivne, rakke moodustav luu\u00fcdi ainult lameluudes, milleks on l\u00fclisamba l\u00fclid, puusaluud, abaluud, rinnakuluu, roided ja koljuluud. K\u00fcpsed vererakud satuvad vereringesse vere voolamisel l\u00e4bi luu\u00fcdi.<\/p>\n\n\n\n<p>Vere rakkude moodustumise ja arenemise protsessi nimetatakse hematopoeesiks. K\u00f5ikide rakkude areng algab peale vereloome t\u00fcvirakkust, millel on omadus areneda erinevateks vere rakkudeks ja samas on neil ka iseenda taastootmisv\u00f5ime. Vererakkude arenemist luu\u00fcdis k\u00fcpseteks funktsiooniv\u00f5imelisteks rakkudeks nimetatakse diferentseerumiseks.\u00a0<\/p>\n\n\n\n<p>L\u00f5puni arenenud ja k\u00fcpsed vererakud lahkuvad luu\u00fcdist verre. Tervel inimesel on luu\u00fcdis piisaval hulgal t\u00fcvirakke, et tagada pidevalt uute erinevate vererakkude produktsioon. V\u00e4ga v\u00e4ike hulk t\u00fcvirakkudest lahkub luu\u00fcdist verre, see hulk on nii v\u00e4ike, et tavalise vereanal\u00fc\u00fcsiga nende rakkude hulka m\u00e4\u00e4rata ei saa. T\u00fcvirakkude esinemine veres on oluline seet\u00f5ttu, et spetsiaalse protseduuriga on neid rakke v\u00f5imalik verest eraldada ja koguda ning hiljem kasutada vereloome t\u00fcvirakkude siirdamiseks.<\/p>\n","protected":false},"excerpt":{"rendered":"<p>Vereloome t\u00fcvirakud paiknevad luu\u00fcdis ning nendest arenevad k\u00f5ik vere rakud- leukots\u00fc\u00fcdid ehk valged verelibled, er\u00fctrots\u00fc\u00fcdid ehk punased verelibled ning trombots\u00fc\u00fcdid ehk vereliistakud. Luu\u00fcdi on spongioosne kude, mis paikneb luude keskosas. S\u00fcnnimomendil k\u00f5ik organismi luud t\u00e4idetud aktiivse, nn. punase luu\u00fcdiga. Inimese vananedes asendub osa sellest mitteaktiivse, nn. kollase luu\u00fcdiga. T\u00e4iskasvanutel asub punane aktiivne, rakke moodustav luu\u00fcdi [&hellip;]<\/p>\n","protected":false},"author":31,"featured_media":0,"parent":5850,"menu_order":2,"comment_status":"closed","ping_status":"closed","template":"","meta":{"_acf_changed":false,"_uag_custom_page_level_css":"","footnotes":""},"class_list":["post-6083","page","type-page","status-publish","hentry"],"acf":[],"yoast_head":"<!-- This site is optimized with the Yoast SEO plugin v27.5 - https:\/\/yoast.com\/product\/yoast-seo-wordpress\/ -->\n<title>Vereloome t\u00fcvirakud ja vereloome - T\u00fcvirakukeskus<\/title>\n<meta name=\"robots\" content=\"index, follow, max-snippet:-1, max-image-preview:large, max-video-preview:-1\" \/>\n<link rel=\"canonical\" href=\"https:\/\/www.kliinikum.ee\/tyvirakukeskus\/tuvirakkudest-ja-vereloomest\/vereloome\/\" \/>\n<meta property=\"og:locale\" content=\"et_EE\" \/>\n<meta property=\"og:type\" content=\"article\" \/>\n<meta property=\"og:title\" content=\"Vereloome t\u00fcvirakud ja vereloome - T\u00fcvirakukeskus\" \/>\n<meta property=\"og:description\" content=\"Vereloome t\u00fcvirakud paiknevad luu\u00fcdis ning nendest arenevad k\u00f5ik vere rakud- leukots\u00fc\u00fcdid ehk valged verelibled, er\u00fctrots\u00fc\u00fcdid ehk punased verelibled ning trombots\u00fc\u00fcdid ehk vereliistakud. Luu\u00fcdi on spongioosne kude, mis paikneb luude keskosas. S\u00fcnnimomendil k\u00f5ik organismi luud t\u00e4idetud aktiivse, nn. punase luu\u00fcdiga. Inimese vananedes asendub osa sellest mitteaktiivse, nn. kollase luu\u00fcdiga. T\u00e4iskasvanutel asub punane aktiivne, rakke moodustav luu\u00fcdi [&hellip;]\" \/>\n<meta property=\"og:url\" content=\"https:\/\/www.kliinikum.ee\/tyvirakukeskus\/tuvirakkudest-ja-vereloomest\/vereloome\/\" \/>\n<meta property=\"og:site_name\" content=\"T\u00fcvirakukeskus\" \/>\n<meta property=\"article:modified_time\" content=\"2023-09-28T12:55:23+00:00\" \/>\n<meta property=\"og:image\" content=\"https:\/\/www.kliinikum.ee\/tyvirakukeskus\/wp-content\/uploads\/2023\/09\/Vereloome_joonis-1024x633.jpg\" \/>\n<meta name=\"twitter:card\" content=\"summary_large_image\" \/>\n<meta name=\"twitter:label1\" content=\"Est. reading time\" \/>\n\t<meta name=\"twitter:data1\" content=\"2 minutit\" \/>\n<script type=\"application\/ld+json\" class=\"yoast-schema-graph\">{\"@context\":\"https:\\\/\\\/schema.org\",\"@graph\":[{\"@type\":\"WebPage\",\"@id\":\"https:\\\/\\\/www.kliinikum.ee\\\/tyvirakukeskus\\\/tuvirakkudest-ja-vereloomest\\\/vereloome\\\/\",\"url\":\"https:\\\/\\\/www.kliinikum.ee\\\/tyvirakukeskus\\\/tuvirakkudest-ja-vereloomest\\\/vereloome\\\/\",\"name\":\"Vereloome t\u00fcvirakud ja vereloome - T\u00fcvirakukeskus\",\"isPartOf\":{\"@id\":\"https:\\\/\\\/www.kliinikum.ee\\\/tyvirakukeskus\\\/#website\"},\"primaryImageOfPage\":{\"@id\":\"https:\\\/\\\/www.kliinikum.ee\\\/tyvirakukeskus\\\/tuvirakkudest-ja-vereloomest\\\/vereloome\\\/#primaryimage\"},\"image\":{\"@id\":\"https:\\\/\\\/www.kliinikum.ee\\\/tyvirakukeskus\\\/tuvirakkudest-ja-vereloomest\\\/vereloome\\\/#primaryimage\"},\"thumbnailUrl\":\"https:\\\/\\\/www.kliinikum.ee\\\/tyvirakukeskus\\\/wp-content\\\/uploads\\\/2023\\\/09\\\/Vereloome_joonis-1024x633.jpg\",\"datePublished\":\"2023-06-18T12:06:15+00:00\",\"dateModified\":\"2023-09-28T12:55:23+00:00\",\"breadcrumb\":{\"@id\":\"https:\\\/\\\/www.kliinikum.ee\\\/tyvirakukeskus\\\/tuvirakkudest-ja-vereloomest\\\/vereloome\\\/#breadcrumb\"},\"inLanguage\":\"et\",\"potentialAction\":[{\"@type\":\"ReadAction\",\"target\":[\"https:\\\/\\\/www.kliinikum.ee\\\/tyvirakukeskus\\\/tuvirakkudest-ja-vereloomest\\\/vereloome\\\/\"]}]},{\"@type\":\"ImageObject\",\"inLanguage\":\"et\",\"@id\":\"https:\\\/\\\/www.kliinikum.ee\\\/tyvirakukeskus\\\/tuvirakkudest-ja-vereloomest\\\/vereloome\\\/#primaryimage\",\"url\":\"https:\\\/\\\/www.kliinikum.ee\\\/tyvirakukeskus\\\/wp-content\\\/uploads\\\/2023\\\/09\\\/Vereloome_joonis-scaled.jpg\",\"contentUrl\":\"https:\\\/\\\/www.kliinikum.ee\\\/tyvirakukeskus\\\/wp-content\\\/uploads\\\/2023\\\/09\\\/Vereloome_joonis-scaled.jpg\",\"width\":2560,\"height\":1581},{\"@type\":\"BreadcrumbList\",\"@id\":\"https:\\\/\\\/www.kliinikum.ee\\\/tyvirakukeskus\\\/tuvirakkudest-ja-vereloomest\\\/vereloome\\\/#breadcrumb\",\"itemListElement\":[{\"@type\":\"ListItem\",\"position\":1,\"name\":\"Home\",\"item\":\"https:\\\/\\\/www.kliinikum.ee\\\/tyvirakukeskus\\\/\"},{\"@type\":\"ListItem\",\"position\":2,\"name\":\"T\u00fcvirakud ja veri\",\"item\":\"https:\\\/\\\/www.kliinikum.ee\\\/tyvirakukeskus\\\/tuvirakkudest-ja-vereloomest\\\/\"},{\"@type\":\"ListItem\",\"position\":3,\"name\":\"Vereloome t\u00fcvirakud ja vereloome\"}]},{\"@type\":\"WebSite\",\"@id\":\"https:\\\/\\\/www.kliinikum.ee\\\/tyvirakukeskus\\\/#website\",\"url\":\"https:\\\/\\\/www.kliinikum.ee\\\/tyvirakukeskus\\\/\",\"name\":\"T\u00fcvirakukeskus\",\"description\":\"Hoolivus, Uuendusmeelsus, P\u00e4devus ja Usaldusv\u00e4\u00e4rsus\",\"potentialAction\":[{\"@type\":\"SearchAction\",\"target\":{\"@type\":\"EntryPoint\",\"urlTemplate\":\"https:\\\/\\\/www.kliinikum.ee\\\/tyvirakukeskus\\\/?s={search_term_string}\"},\"query-input\":{\"@type\":\"PropertyValueSpecification\",\"valueRequired\":true,\"valueName\":\"search_term_string\"}}],\"inLanguage\":\"et\"}]}<\/script>\n<!-- \/ Yoast SEO plugin. -->","yoast_head_json":{"title":"Vereloome t\u00fcvirakud ja vereloome - T\u00fcvirakukeskus","robots":{"index":"index","follow":"follow","max-snippet":"max-snippet:-1","max-image-preview":"max-image-preview:large","max-video-preview":"max-video-preview:-1"},"canonical":"https:\/\/www.kliinikum.ee\/tyvirakukeskus\/tuvirakkudest-ja-vereloomest\/vereloome\/","og_locale":"et_EE","og_type":"article","og_title":"Vereloome t\u00fcvirakud ja vereloome - T\u00fcvirakukeskus","og_description":"Vereloome t\u00fcvirakud paiknevad luu\u00fcdis ning nendest arenevad k\u00f5ik vere rakud- leukots\u00fc\u00fcdid ehk valged verelibled, er\u00fctrots\u00fc\u00fcdid ehk punased verelibled ning trombots\u00fc\u00fcdid ehk vereliistakud. Luu\u00fcdi on spongioosne kude, mis paikneb luude keskosas. S\u00fcnnimomendil k\u00f5ik organismi luud t\u00e4idetud aktiivse, nn. punase luu\u00fcdiga. Inimese vananedes asendub osa sellest mitteaktiivse, nn. kollase luu\u00fcdiga. T\u00e4iskasvanutel asub punane aktiivne, rakke moodustav luu\u00fcdi [&hellip;]","og_url":"https:\/\/www.kliinikum.ee\/tyvirakukeskus\/tuvirakkudest-ja-vereloomest\/vereloome\/","og_site_name":"T\u00fcvirakukeskus","article_modified_time":"2023-09-28T12:55:23+00:00","og_image":[{"url":"https:\/\/www.kliinikum.ee\/tyvirakukeskus\/wp-content\/uploads\/2023\/09\/Vereloome_joonis-1024x633.jpg","type":"","width":"","height":""}],"twitter_card":"summary_large_image","twitter_misc":{"Est. reading time":"2 minutit"},"schema":{"@context":"https:\/\/schema.org","@graph":[{"@type":"WebPage","@id":"https:\/\/www.kliinikum.ee\/tyvirakukeskus\/tuvirakkudest-ja-vereloomest\/vereloome\/","url":"https:\/\/www.kliinikum.ee\/tyvirakukeskus\/tuvirakkudest-ja-vereloomest\/vereloome\/","name":"Vereloome t\u00fcvirakud ja vereloome - T\u00fcvirakukeskus","isPartOf":{"@id":"https:\/\/www.kliinikum.ee\/tyvirakukeskus\/#website"},"primaryImageOfPage":{"@id":"https:\/\/www.kliinikum.ee\/tyvirakukeskus\/tuvirakkudest-ja-vereloomest\/vereloome\/#primaryimage"},"image":{"@id":"https:\/\/www.kliinikum.ee\/tyvirakukeskus\/tuvirakkudest-ja-vereloomest\/vereloome\/#primaryimage"},"thumbnailUrl":"https:\/\/www.kliinikum.ee\/tyvirakukeskus\/wp-content\/uploads\/2023\/09\/Vereloome_joonis-1024x633.jpg","datePublished":"2023-06-18T12:06:15+00:00","dateModified":"2023-09-28T12:55:23+00:00","breadcrumb":{"@id":"https:\/\/www.kliinikum.ee\/tyvirakukeskus\/tuvirakkudest-ja-vereloomest\/vereloome\/#breadcrumb"},"inLanguage":"et","potentialAction":[{"@type":"ReadAction","target":["https:\/\/www.kliinikum.ee\/tyvirakukeskus\/tuvirakkudest-ja-vereloomest\/vereloome\/"]}]},{"@type":"ImageObject","inLanguage":"et","@id":"https:\/\/www.kliinikum.ee\/tyvirakukeskus\/tuvirakkudest-ja-vereloomest\/vereloome\/#primaryimage","url":"https:\/\/www.kliinikum.ee\/tyvirakukeskus\/wp-content\/uploads\/2023\/09\/Vereloome_joonis-scaled.jpg","contentUrl":"https:\/\/www.kliinikum.ee\/tyvirakukeskus\/wp-content\/uploads\/2023\/09\/Vereloome_joonis-scaled.jpg","width":2560,"height":1581},{"@type":"BreadcrumbList","@id":"https:\/\/www.kliinikum.ee\/tyvirakukeskus\/tuvirakkudest-ja-vereloomest\/vereloome\/#breadcrumb","itemListElement":[{"@type":"ListItem","position":1,"name":"Home","item":"https:\/\/www.kliinikum.ee\/tyvirakukeskus\/"},{"@type":"ListItem","position":2,"name":"T\u00fcvirakud ja veri","item":"https:\/\/www.kliinikum.ee\/tyvirakukeskus\/tuvirakkudest-ja-vereloomest\/"},{"@type":"ListItem","position":3,"name":"Vereloome t\u00fcvirakud ja vereloome"}]},{"@type":"WebSite","@id":"https:\/\/www.kliinikum.ee\/tyvirakukeskus\/#website","url":"https:\/\/www.kliinikum.ee\/tyvirakukeskus\/","name":"T\u00fcvirakukeskus","description":"Hoolivus, Uuendusmeelsus, P\u00e4devus ja Usaldusv\u00e4\u00e4rsus","potentialAction":[{"@type":"SearchAction","target":{"@type":"EntryPoint","urlTemplate":"https:\/\/www.kliinikum.ee\/tyvirakukeskus\/?s={search_term_string}"},"query-input":{"@type":"PropertyValueSpecification","valueRequired":true,"valueName":"search_term_string"}}],"inLanguage":"et"}]}},"uagb_featured_image_src":{"full":false,"thumbnail":false,"medium":false,"medium_large":false,"large":false,"1536x1536":false,"2048x2048":false},"uagb_author_info":{"display_name":"Ain Kaare","author_link":"https:\/\/www.kliinikum.ee\/tyvirakukeskus\/author\/ainka\/"},"uagb_comment_info":0,"uagb_excerpt":"Vereloome t\u00fcvirakud paiknevad luu\u00fcdis ning nendest arenevad k\u00f5ik vere rakud- leukots\u00fc\u00fcdid ehk valged verelibled, er\u00fctrots\u00fc\u00fcdid ehk punased verelibled ning trombots\u00fc\u00fcdid ehk vereliistakud. Luu\u00fcdi on spongioosne kude, mis paikneb luude keskosas. S\u00fcnnimomendil k\u00f5ik organismi luud t\u00e4idetud aktiivse, nn. punase luu\u00fcdiga. Inimese vananedes asendub osa sellest mitteaktiivse, nn. kollase luu\u00fcdiga. T\u00e4iskasvanutel asub punane aktiivne, rakke moodustav luu\u00fcdi&hellip;","_links":{"self":[{"href":"https:\/\/www.kliinikum.ee\/tyvirakukeskus\/wp-json\/wp\/v2\/pages\/6083","targetHints":{"allow":["GET"]}}],"collection":[{"href":"https:\/\/www.kliinikum.ee\/tyvirakukeskus\/wp-json\/wp\/v2\/pages"}],"about":[{"href":"https:\/\/www.kliinikum.ee\/tyvirakukeskus\/wp-json\/wp\/v2\/types\/page"}],"author":[{"embeddable":true,"href":"https:\/\/www.kliinikum.ee\/tyvirakukeskus\/wp-json\/wp\/v2\/users\/31"}],"replies":[{"embeddable":true,"href":"https:\/\/www.kliinikum.ee\/tyvirakukeskus\/wp-json\/wp\/v2\/comments?post=6083"}],"version-history":[{"count":0,"href":"https:\/\/www.kliinikum.ee\/tyvirakukeskus\/wp-json\/wp\/v2\/pages\/6083\/revisions"}],"up":[{"embeddable":true,"href":"https:\/\/www.kliinikum.ee\/tyvirakukeskus\/wp-json\/wp\/v2\/pages\/5850"}],"wp:attachment":[{"href":"https:\/\/www.kliinikum.ee\/tyvirakukeskus\/wp-json\/wp\/v2\/media?parent=6083"}],"curies":[{"name":"wp","href":"https:\/\/api.w.org\/{rel}","templated":true}]}}