{"id":5927,"date":"2023-03-31T09:29:08","date_gmt":"2023-03-31T07:29:08","guid":{"rendered":"https:\/\/www.kliinikum.ee\/vahikeskus\/?page_id=5927"},"modified":"2023-09-06T14:41:47","modified_gmt":"2023-09-06T12:41:47","slug":"struktuur-ja-noukogu","status":"publish","type":"page","link":"https:\/\/www.kliinikum.ee\/vahikeskus\/vahikeskus\/struktuur-ja-noukogu\/","title":{"rendered":"V\u00e4hikeskuse n\u00f5ukogu"},"content":{"rendered":"\n<p>V\u00e4hikeskuse n\u00f5ukogu&nbsp;\u00fclesandeks on v\u00e4hikeskuse eesm\u00e4rkidele vastava koordineeritud tegevuskava kokkuleppimine ja kinnitamine.<\/p>\n\n\n\n<p>N\u00f5ukogu liikmeteks on pahaloomuliste kasvajate diagnostika ja raviga tegelevate Tartu \u00dclikooli Kliinikumi struktuuri\u00fcksuste ja pahaloomuliste kasvajate alase \u00f5ppe- ja teadust\u00f6\u00f6ga tegelevate Tartu \u00dclikooli struktuuri\u00fcksuste esindajad.<\/p>\n\n\n\n<p><strong>V\u00e4hikeskuse n\u00f5ukogu liikmed<\/strong><\/p>\n\n\n\n<p>Aare M\u00e4rtson<br>Ain Kaare<br>Andres Kotsar<br>Annika Albert-Aksjonov<br>Eve \u00d5iglane-\u0160lik<br>Heli Taro<br>Jaan Eelm\u00e4e<br>Jaan Soplepmann<br>Jana Jaal<br>Joel Starkopf<br>Kaire Jugar<br>Karin Gri\u0161an<br>Katrin Kaarna<br>Kristiina Ojamaa<br>K\u00fclli Kingo<br>Liis Salum\u00e4e<br>Margus Punab<br>Peeter Saadla<br>Pilvi Ilves<br>Sander Pajusalu<br>Tanel Laisaar<br>Tiina Kahre<br>Urmas Lepner<\/p>\n","protected":false},"excerpt":{"rendered":"<p>V\u00e4hikeskuse n\u00f5ukogu&nbsp;\u00fclesandeks on v\u00e4hikeskuse eesm\u00e4rkidele vastava koordineeritud tegevuskava kokkuleppimine ja kinnitamine. N\u00f5ukogu liikmeteks on pahaloomuliste kasvajate diagnostika ja raviga tegelevate Tartu \u00dclikooli Kliinikumi struktuuri\u00fcksuste ja pahaloomuliste kasvajate alase \u00f5ppe- ja teadust\u00f6\u00f6ga tegelevate Tartu \u00dclikooli struktuuri\u00fcksuste esindajad. V\u00e4hikeskuse n\u00f5ukogu liikmed Aare M\u00e4rtsonAin KaareAndres KotsarAnnika Albert-AksjonovEve \u00d5iglane-\u0160likHeli TaroJaan Eelm\u00e4eJaan SoplepmannJana JaalJoel StarkopfKaire JugarKarin Gri\u0161anKatrin KaarnaKristiina OjamaaK\u00fclli KingoLiis [&hellip;]<\/p>\n","protected":false},"author":35,"featured_media":0,"parent":5890,"menu_order":1,"comment_status":"closed","ping_status":"closed","template":"","meta":{"_acf_changed":false,"_uag_custom_page_level_css":"","footnotes":""},"class_list":["post-5927","page","type-page","status-publish","hentry"],"acf":[],"yoast_head":"<!-- This site is optimized with the Yoast SEO plugin v27.3 - https:\/\/yoast.com\/product\/yoast-seo-wordpress\/ -->\n<title>V\u00e4hikeskuse n\u00f5ukogu - V\u00e4hikeskus<\/title>\n<meta name=\"description\" content=\"V\u00e4hikeskuse n\u00f5ukogu\u00a0\u00fclesandeks on v\u00e4hikeskuse eesm\u00e4rkidele vastava koordineeritud tegevuskava kokkuleppimine ja kinnitamine\" \/>\n<meta name=\"robots\" content=\"index, follow, max-snippet:-1, max-image-preview:large, max-video-preview:-1\" \/>\n<link rel=\"canonical\" href=\"https:\/\/www.kliinikum.ee\/vahikeskus\/vahikeskus\/struktuur-ja-noukogu\/\" \/>\n<meta property=\"og:locale\" content=\"et_EE\" \/>\n<meta property=\"og:type\" content=\"article\" \/>\n<meta property=\"og:title\" content=\"V\u00e4hikeskuse n\u00f5ukogu - V\u00e4hikeskus\" \/>\n<meta property=\"og:description\" content=\"V\u00e4hikeskuse n\u00f5ukogu\u00a0\u00fclesandeks on v\u00e4hikeskuse eesm\u00e4rkidele vastava koordineeritud tegevuskava kokkuleppimine ja kinnitamine\" \/>\n<meta property=\"og:url\" content=\"https:\/\/www.kliinikum.ee\/vahikeskus\/vahikeskus\/struktuur-ja-noukogu\/\" \/>\n<meta property=\"og:site_name\" content=\"V\u00e4hikeskus\" \/>\n<meta property=\"article:modified_time\" content=\"2023-09-06T12:41:47+00:00\" \/>\n<meta name=\"twitter:card\" content=\"summary_large_image\" \/>\n<meta name=\"twitter:label1\" content=\"Est. reading time\" \/>\n\t<meta name=\"twitter:data1\" content=\"1 minut\" \/>\n<script type=\"application\/ld+json\" class=\"yoast-schema-graph\">{\"@context\":\"https:\\\/\\\/schema.org\",\"@graph\":[{\"@type\":\"WebPage\",\"@id\":\"https:\\\/\\\/www.kliinikum.ee\\\/vahikeskus\\\/vahikeskus\\\/struktuur-ja-noukogu\\\/\",\"url\":\"https:\\\/\\\/www.kliinikum.ee\\\/vahikeskus\\\/vahikeskus\\\/struktuur-ja-noukogu\\\/\",\"name\":\"V\u00e4hikeskuse n\u00f5ukogu - V\u00e4hikeskus\",\"isPartOf\":{\"@id\":\"https:\\\/\\\/www.kliinikum.ee\\\/vahikeskus\\\/#website\"},\"datePublished\":\"2023-03-31T07:29:08+00:00\",\"dateModified\":\"2023-09-06T12:41:47+00:00\",\"description\":\"V\u00e4hikeskuse n\u00f5ukogu\u00a0\u00fclesandeks on v\u00e4hikeskuse eesm\u00e4rkidele vastava koordineeritud tegevuskava kokkuleppimine ja kinnitamine\",\"breadcrumb\":{\"@id\":\"https:\\\/\\\/www.kliinikum.ee\\\/vahikeskus\\\/vahikeskus\\\/struktuur-ja-noukogu\\\/#breadcrumb\"},\"inLanguage\":\"et\",\"potentialAction\":[{\"@type\":\"ReadAction\",\"target\":[\"https:\\\/\\\/www.kliinikum.ee\\\/vahikeskus\\\/vahikeskus\\\/struktuur-ja-noukogu\\\/\"]}]},{\"@type\":\"BreadcrumbList\",\"@id\":\"https:\\\/\\\/www.kliinikum.ee\\\/vahikeskus\\\/vahikeskus\\\/struktuur-ja-noukogu\\\/#breadcrumb\",\"itemListElement\":[{\"@type\":\"ListItem\",\"position\":1,\"name\":\"Home\",\"item\":\"https:\\\/\\\/www.kliinikum.ee\\\/vahikeskus\\\/\"},{\"@type\":\"ListItem\",\"position\":2,\"name\":\"V\u00e4hikeskus\",\"item\":\"https:\\\/\\\/www.kliinikum.ee\\\/vahikeskus\\\/vahikeskus\\\/\"},{\"@type\":\"ListItem\",\"position\":3,\"name\":\"V\u00e4hikeskuse n\u00f5ukogu\"}]},{\"@type\":\"WebSite\",\"@id\":\"https:\\\/\\\/www.kliinikum.ee\\\/vahikeskus\\\/#website\",\"url\":\"https:\\\/\\\/www.kliinikum.ee\\\/vahikeskus\\\/\",\"name\":\"V\u00e4hikeskus\",\"description\":\"Hoolivus, Uuendusmeelsus, P\u00e4devus ja Usaldusv\u00e4\u00e4rsus\",\"potentialAction\":[{\"@type\":\"SearchAction\",\"target\":{\"@type\":\"EntryPoint\",\"urlTemplate\":\"https:\\\/\\\/www.kliinikum.ee\\\/vahikeskus\\\/?s={search_term_string}\"},\"query-input\":{\"@type\":\"PropertyValueSpecification\",\"valueRequired\":true,\"valueName\":\"search_term_string\"}}],\"inLanguage\":\"et\"}]}<\/script>\n<!-- \/ Yoast SEO plugin. -->","yoast_head_json":{"title":"V\u00e4hikeskuse n\u00f5ukogu - V\u00e4hikeskus","description":"V\u00e4hikeskuse n\u00f5ukogu\u00a0\u00fclesandeks on v\u00e4hikeskuse eesm\u00e4rkidele vastava koordineeritud tegevuskava kokkuleppimine ja kinnitamine","robots":{"index":"index","follow":"follow","max-snippet":"max-snippet:-1","max-image-preview":"max-image-preview:large","max-video-preview":"max-video-preview:-1"},"canonical":"https:\/\/www.kliinikum.ee\/vahikeskus\/vahikeskus\/struktuur-ja-noukogu\/","og_locale":"et_EE","og_type":"article","og_title":"V\u00e4hikeskuse n\u00f5ukogu - V\u00e4hikeskus","og_description":"V\u00e4hikeskuse n\u00f5ukogu\u00a0\u00fclesandeks on v\u00e4hikeskuse eesm\u00e4rkidele vastava koordineeritud tegevuskava kokkuleppimine ja kinnitamine","og_url":"https:\/\/www.kliinikum.ee\/vahikeskus\/vahikeskus\/struktuur-ja-noukogu\/","og_site_name":"V\u00e4hikeskus","article_modified_time":"2023-09-06T12:41:47+00:00","twitter_card":"summary_large_image","twitter_misc":{"Est. reading time":"1 minut"},"schema":{"@context":"https:\/\/schema.org","@graph":[{"@type":"WebPage","@id":"https:\/\/www.kliinikum.ee\/vahikeskus\/vahikeskus\/struktuur-ja-noukogu\/","url":"https:\/\/www.kliinikum.ee\/vahikeskus\/vahikeskus\/struktuur-ja-noukogu\/","name":"V\u00e4hikeskuse n\u00f5ukogu - V\u00e4hikeskus","isPartOf":{"@id":"https:\/\/www.kliinikum.ee\/vahikeskus\/#website"},"datePublished":"2023-03-31T07:29:08+00:00","dateModified":"2023-09-06T12:41:47+00:00","description":"V\u00e4hikeskuse n\u00f5ukogu\u00a0\u00fclesandeks on v\u00e4hikeskuse eesm\u00e4rkidele vastava koordineeritud tegevuskava kokkuleppimine ja kinnitamine","breadcrumb":{"@id":"https:\/\/www.kliinikum.ee\/vahikeskus\/vahikeskus\/struktuur-ja-noukogu\/#breadcrumb"},"inLanguage":"et","potentialAction":[{"@type":"ReadAction","target":["https:\/\/www.kliinikum.ee\/vahikeskus\/vahikeskus\/struktuur-ja-noukogu\/"]}]},{"@type":"BreadcrumbList","@id":"https:\/\/www.kliinikum.ee\/vahikeskus\/vahikeskus\/struktuur-ja-noukogu\/#breadcrumb","itemListElement":[{"@type":"ListItem","position":1,"name":"Home","item":"https:\/\/www.kliinikum.ee\/vahikeskus\/"},{"@type":"ListItem","position":2,"name":"V\u00e4hikeskus","item":"https:\/\/www.kliinikum.ee\/vahikeskus\/vahikeskus\/"},{"@type":"ListItem","position":3,"name":"V\u00e4hikeskuse n\u00f5ukogu"}]},{"@type":"WebSite","@id":"https:\/\/www.kliinikum.ee\/vahikeskus\/#website","url":"https:\/\/www.kliinikum.ee\/vahikeskus\/","name":"V\u00e4hikeskus","description":"Hoolivus, Uuendusmeelsus, P\u00e4devus ja Usaldusv\u00e4\u00e4rsus","potentialAction":[{"@type":"SearchAction","target":{"@type":"EntryPoint","urlTemplate":"https:\/\/www.kliinikum.ee\/vahikeskus\/?s={search_term_string}"},"query-input":{"@type":"PropertyValueSpecification","valueRequired":true,"valueName":"search_term_string"}}],"inLanguage":"et"}]}},"uagb_featured_image_src":{"full":false,"thumbnail":false,"medium":false,"medium_large":false,"large":false,"1536x1536":false,"2048x2048":false},"uagb_author_info":{"display_name":"Jane Freimann","author_link":"https:\/\/www.kliinikum.ee\/vahikeskus\/author\/janef\/"},"uagb_comment_info":0,"uagb_excerpt":"V\u00e4hikeskuse n\u00f5ukogu&nbsp;\u00fclesandeks on v\u00e4hikeskuse eesm\u00e4rkidele vastava koordineeritud tegevuskava kokkuleppimine ja kinnitamine. N\u00f5ukogu liikmeteks on pahaloomuliste kasvajate diagnostika ja raviga tegelevate Tartu \u00dclikooli Kliinikumi struktuuri\u00fcksuste ja pahaloomuliste kasvajate alase \u00f5ppe- ja teadust\u00f6\u00f6ga tegelevate Tartu \u00dclikooli struktuuri\u00fcksuste esindajad. V\u00e4hikeskuse n\u00f5ukogu liikmed Aare M\u00e4rtsonAin KaareAndres KotsarAnnika Albert-AksjonovEve \u00d5iglane-\u0160likHeli TaroJaan Eelm\u00e4eJaan SoplepmannJana JaalJoel StarkopfKaire JugarKarin Gri\u0161anKatrin KaarnaKristiina OjamaaK\u00fclli KingoLiis&hellip;","_links":{"self":[{"href":"https:\/\/www.kliinikum.ee\/vahikeskus\/wp-json\/wp\/v2\/pages\/5927","targetHints":{"allow":["GET"]}}],"collection":[{"href":"https:\/\/www.kliinikum.ee\/vahikeskus\/wp-json\/wp\/v2\/pages"}],"about":[{"href":"https:\/\/www.kliinikum.ee\/vahikeskus\/wp-json\/wp\/v2\/types\/page"}],"author":[{"embeddable":true,"href":"https:\/\/www.kliinikum.ee\/vahikeskus\/wp-json\/wp\/v2\/users\/35"}],"replies":[{"embeddable":true,"href":"https:\/\/www.kliinikum.ee\/vahikeskus\/wp-json\/wp\/v2\/comments?post=5927"}],"version-history":[{"count":0,"href":"https:\/\/www.kliinikum.ee\/vahikeskus\/wp-json\/wp\/v2\/pages\/5927\/revisions"}],"up":[{"embeddable":true,"href":"https:\/\/www.kliinikum.ee\/vahikeskus\/wp-json\/wp\/v2\/pages\/5890"}],"wp:attachment":[{"href":"https:\/\/www.kliinikum.ee\/vahikeskus\/wp-json\/wp\/v2\/media?parent=5927"}],"curies":[{"name":"wp","href":"https:\/\/api.w.org\/{rel}","templated":true}]}}

Vähikeskuse nõukogu

<p>Vähikeskuse nõukogu&nbsp;ülesandeks on vähikeskuse eesmärkidele vastava koordineeritud tegevuskava kokkuleppimine ja kinnitamine.</p>



<p>Nõukogu liikmeteks on pahaloomuliste kasvajate diagnostika ja raviga tegelevate Tartu Ülikooli Kliinikumi struktuuriüksuste ja pahaloomuliste kasvajate alase õppe- ja teadustööga tegelevate Tartu Ülikooli struktuuriüksuste esindajad.</p>



<p><strong>Vähikeskuse nõukogu liikmed</strong></p>



<p>Aare Märtson<br>Ain Kaare<br>Andres Kotsar<br>Annika Albert-Aksjonov<br>Eve Õiglane-Šlik<br>Heli Taro<br>Jaan Eelmäe<br>Jaan Soplepmann<br>Jana Jaal<br>Joel Starkopf<br>Kaire Jugar<br>Karin Grišan<br>Katrin Kaarna<br>Kristiina Ojamaa<br>Külli Kingo<br>Liis Salumäe<br>Margus Punab<br>Peeter Saadla<br>Pilvi Ilves<br>Sander Pajusalu<br>Tanel Laisaar<br>Tiina Kahre<br>Urmas Lepner</p>

<p>Vähikeskuse nõukogu&nbsp;ülesandeks on vähikeskuse eesmärkidele vastava koordineeritud tegevuskava kokkuleppimine ja kinnitamine. Nõukogu liikmeteks on pahaloomuliste kasvajate diagnostika ja raviga tegelevate Tartu Ülikooli Kliinikumi struktuuriüksuste ja pahaloomuliste kasvajate alase õppe- ja teadustööga tegelevate Tartu Ülikooli struktuuriüksuste esindajad. Vähikeskuse nõukogu liikmed Aare MärtsonAin KaareAndres KotsarAnnika Albert-AksjonovEve Õiglane-ŠlikHeli TaroJaan EelmäeJaan SoplepmannJana JaalJoel StarkopfKaire JugarKarin GrišanKatrin KaarnaKristiina OjamaaKülli KingoLiis [&hellip;]</p>

<!-- This site is optimized with the Yoast SEO plugin v27.3 - https://yoast.com/product/yoast-seo-wordpress/ -->
<title>Vähikeskuse nõukogu - Vähikeskus</title>
<meta name="description" content="Vähikeskuse nõukogu ülesandeks on vähikeskuse eesmärkidele vastava koordineeritud tegevuskava kokkuleppimine ja kinnitamine" />
<meta name="robots" content="index, follow, max-snippet:-1, max-image-preview:large, max-video-preview:-1" />
<link rel="canonical" href="https://www.kliinikum.ee/vahikeskus/vahikeskus/struktuur-ja-noukogu/" />
<meta property="og:locale" content="et_EE" />
<meta property="og:type" content="article" />
<meta property="og:title" content="Vähikeskuse nõukogu - Vähikeskus" />
<meta property="og:description" content="Vähikeskuse nõukogu ülesandeks on vähikeskuse eesmärkidele vastava koordineeritud tegevuskava kokkuleppimine ja kinnitamine" />
<meta property="og:url" content="https://www.kliinikum.ee/vahikeskus/vahikeskus/struktuur-ja-noukogu/" />
<meta property="og:site_name" content="Vähikeskus" />
<meta property="article:modified_time" content="2023-09-06T12:41:47+00:00" />
<meta name="twitter:card" content="summary_large_image" />
<meta name="twitter:label1" content="Est. reading time" />
	<meta name="twitter:data1" content="1 minut" />
<script type="application/ld+json" class="yoast-schema-graph">{"@context":"https:\/\/schema.org","@graph":[{"@type":"WebPage","@id":"https:\/\/www.kliinikum.ee\/vahikeskus\/vahikeskus\/struktuur-ja-noukogu\/","url":"https:\/\/www.kliinikum.ee\/vahikeskus\/vahikeskus\/struktuur-ja-noukogu\/","name":"Vähikeskuse nõukogu - Vähikeskus","isPartOf":{"@id":"https:\/\/www.kliinikum.ee\/vahikeskus\/#website"},"datePublished":"2023-03-31T07:29:08+00:00","dateModified":"2023-09-06T12:41:47+00:00","description":"Vähikeskuse nõukogu ülesandeks on vähikeskuse eesmärkidele vastava koordineeritud tegevuskava kokkuleppimine ja kinnitamine","breadcrumb":{"@id":"https:\/\/www.kliinikum.ee\/vahikeskus\/vahikeskus\/struktuur-ja-noukogu\/#breadcrumb"},"inLanguage":"et","potentialAction":[{"@type":"ReadAction","target":["https:\/\/www.kliinikum.ee\/vahikeskus\/vahikeskus\/struktuur-ja-noukogu\/"]}]},{"@type":"BreadcrumbList","@id":"https:\/\/www.kliinikum.ee\/vahikeskus\/vahikeskus\/struktuur-ja-noukogu\/#breadcrumb","itemListElement":[{"@type":"ListItem","position":1,"name":"Home","item":"https:\/\/www.kliinikum.ee\/vahikeskus\/"},{"@type":"ListItem","position":2,"name":"Vähikeskus","item":"https:\/\/www.kliinikum.ee\/vahikeskus\/vahikeskus\/"},{"@type":"ListItem","position":3,"name":"Vähikeskuse nõukogu"}]},{"@type":"WebSite","@id":"https:\/\/www.kliinikum.ee\/vahikeskus\/#website","url":"https:\/\/www.kliinikum.ee\/vahikeskus\/","name":"Vähikeskus","description":"Hoolivus, Uuendusmeelsus, Pädevus ja Usaldusväärsus","potentialAction":[{"@type":"SearchAction","target":{"@type":"EntryPoint","urlTemplate":"https:\/\/www.kliinikum.ee\/vahikeskus\/?s={search_term_string}"},"query-input":{"@type":"PropertyValueSpecification","valueRequired":true,"valueName":"search_term_string"}}],"inLanguage":"et"}]}</script>
<!-- / Yoast SEO plugin. -->

Vähikeskuse nõukogu - Vähikeskus

Vähikeskuse nõukogu ülesandeks on vähikeskuse eesmärkidele vastava koordineeritud tegevuskava kokkuleppimine ja kinnitamine

Vähikeskus

Hoolivus, Uuendusmeelsus, Pädevus ja Usaldusväärsus

Vähikeskuse nõukogu&nbsp;ülesandeks on vähikeskuse eesmärkidele vastava koordineeritud tegevuskava kokkuleppimine ja kinnitamine. Nõukogu liikmeteks on pahaloomuliste kasvajate diagnostika ja raviga tegelevate Tartu Ülikooli Kliinikumi struktuuriüksuste ja pahaloomuliste kasvajate alase õppe- ja teadustööga tegelevate Tartu Ülikooli struktuuriüksuste esindajad. Vähikeskuse nõukogu liikmed Aare MärtsonAin KaareAndres KotsarAnnika Albert-AksjonovEve Õiglane-ŠlikHeli TaroJaan EelmäeJaan SoplepmannJana JaalJoel StarkopfKaire JugarKarin GrišanKatrin KaarnaKristiina OjamaaKülli KingoLiis&hellip;
