{"id":6017,"date":"2023-04-06T08:24:43","date_gmt":"2023-04-06T06:24:43","guid":{"rendered":"https:\/\/www.kliinikum.ee\/vahikeskus\/?page_id=6017"},"modified":"2023-07-31T13:24:46","modified_gmt":"2023-07-31T11:24:46","slug":"kirurgiline-ravi","status":"publish","type":"page","link":"https:\/\/www.kliinikum.ee\/vahikeskus\/patsiendile\/ravi\/kirurgiline-ravi\/","title":{"rendered":"Kirurgiline ravi"},"content":{"rendered":"\n<p>Kirurgiline ravi Tartu \u00dclikooli Kliinikumis toimub vastavalt v\u00e4hipaikmetele erinevates kliinikutes nagu kirurgiakliinik, kopsukliinik, n\u00e4rvikliinik, silmakliinik, naistekliinik, ortopeediakliinik. Koostamaks patsientidele terviklikud raviplaanid, t\u00f6\u00f6tavad kasvajate ravile spetsialiseerunud kirurgid multimodaalsetes meeskondades koost\u00f6\u00f6s onkoloogide ja teiste eriarstidega.<\/p>\n\n\n\n<p>Kirurgiline ravi on lokaalne ravimeetod pahaloomuliste kasvajate ja kasvajaeelsete muutuste eemaldamiseks. Kirurgiline ravi on \u00fcks peamistest meetoditest pahaloomuliste kasvajate radikaalses (tervistavas) ravis.&nbsp;<\/p>\n\n\n\n<p>V\u00e4hiravis kasutatavad operatsioonid omavad erinevat eesm\u00e4rki:&nbsp;<\/p>\n\n\n\n<ul class=\"wp-block-list\">\n<li>Radikaalne ehk kuratiivne ehk tervistav operatsioon<\/li>\n<\/ul>\n\n\n\n<p>Radikaalse operatsiooni k\u00e4igus eemaldatakse kasvaja organismist t\u00e4ielikult. Radikaalne kirurgiline ravi on \u00fcldjuhul rakendatav kui kasvaja on piirdunud \u00fche elundiga ega ole andnud siirdeid. Sageli on tegemist esmase raviviisiga, kuid kirurgilist ravi v\u00f5idakse kombineerida ka teiste raviviisidega nagu kiiritus- ja s\u00fcsteemravi.&nbsp;<\/p>\n\n\n\n<ul class=\"wp-block-list\">\n<li>&nbsp;Kasvajakoe osaline eemaldamine ehk ts\u00fctoreduktiivne operatsioon&nbsp;&nbsp;<\/li>\n<\/ul>\n\n\n\n<p>Teatud juhtudel on v\u00f5imalik eemaldada vaid osa kasvajast, tulenevalt kasvaja asukohast v\u00f5i \u00fcmbritsevate kudede haaratusest. Operatsiooni eesm\u00e4rgiks on kasvajalise koe eemaldamine v\u00f5imalikult suures ulatuses. Sellisel juhul rakendatakse lisaks operatsioonile ka teisi raviviise, kas enne (neoadjuvantselt) v\u00f5i p\u00e4rast (adjuvantselt) operatsiooni. Keemiaravi v\u00f5idakse kasutada ka operatsiooniaegselt, n\u00e4iteks h\u00fcpertermiline k\u00f5hukoopasisene (intraperitoneaalne) keemiaravi (<em>Hyperthermic\u00a0intraperitoneal\u00a0chemotherapy<\/em> - HIPEC).\u00a0\u00a0\u00a0<\/p>\n\n\n\n<ul class=\"wp-block-list\">\n<li>&nbsp;Ennetav operatsioon&nbsp;<\/li>\n<\/ul>\n\n\n\n<p>Ennetavat operatsiooni kasutatakse sellise koe eemaldamiseks, mis ei sisalda veel kasvajarakke, kuid mis v\u00f5ib areneda pahaloomuliseks kasvajaks. N\u00e4iteks osad j\u00e4mesoole pol\u00fc\u00fcbid v\u00f5ivad areneda v\u00e4hkkasvajaks ja ennetavat operatsiooni rakendatakse nende eemaldamiseks.&nbsp;&nbsp;<\/p>\n\n\n\n<ul class=\"wp-block-list\">\n<li>&nbsp;Diagnostiline operatsioon&nbsp;<\/li>\n<\/ul>\n\n\n\n<p>Diagnostilise operatsiooni abil selgitatakse v\u00e4lja, kas tegemist on kasvajakoega v\u00f5i mitte ja milline on kasvaja levik. Selleks v\u00f5etakse koeproov ehk biopsia, millest tehtavad edasised uuringud aitavad m\u00e4\u00e4rata diagnoosi, kasvaja t\u00fc\u00fcbi ja staadiumi.<\/p>\n\n\n\n<ul class=\"wp-block-list\">\n<li>&nbsp;Palliatiivne operatsioon&nbsp;<\/li>\n<\/ul>\n\n\n\n<p>Palliatiivseid operatsioone kasutatakse tavaliselt haiguse hilises staadiumis, kasvajast v\u00f5i kasvaja ravist tingitud vaevuste leevendamiseks. Eesm\u00e4rgiks on parandada patsiendi elukvaliteeti ja hoida \u00e4ra t\u00fcsistusi.\u00a0\u00a0<\/p>\n\n\n\n<ul class=\"wp-block-list\">\n<li>&nbsp;Taastav operatsioon<\/li>\n<\/ul>\n\n\n\n<p>Teatud juhtudel j\u00e4rgneb kuratiivsele kirurgilisele ravile taastav operatsioon, et korrigeerida inimese v\u00e4limust v\u00f5i m\u00f5ne kehaosa funktsiooni. N\u00e4iteks v\u00f5ivad naised rinnav\u00e4hi kirurgilise ravi j\u00e4rgselt vajada rinna taastamist ehk rekonstrueerivat operatsiooni.&nbsp;<\/p>\n\n\n\n<p>Kirurgilist ravi v\u00f5ib teostada avatud v\u00f5i minimaalinvasiivsel meetodil, m\u00f5lemal juhul teostatakse sarnane operatsioon, erineb vaid juurdep\u00e4\u00e4sutee. Avatud operatsioon on t\u00e4nap\u00e4eval vajalik suurte kasvajate v\u00f5i tehniliselt v\u00e4ga keerukate operatsioonide puhul. \u00dcha enam operatsioone on v\u00f5imalik l\u00e4bi viia minimaalinvasiivselt.<\/p>\n\n\n\n<figure class=\"wp-block-image size-full\"><img decoding=\"async\" src=\"https:\/\/www.kliinikum.ee\/vahikeskus\/wp-content\/uploads\/2023\/05\/IMG_1432-2.jpg\" alt=\"\"\/><\/figure>\n\n\n\n<p>Minimaalinvasiivseteks meetoditeks on:&nbsp;<\/p>\n\n\n\n<ul class=\"wp-block-list\">\n<li>Laparoskoopia - endoskoopiline operatsioonimeetod, mille puhul k\u00f5hukatteid ei avata suure l\u00f5ikega, vaid tavaliselt l\u00e4bi 1-2 cm pikkuste haavade viiakse k\u00f5hu\u00f5\u00f5nde kaamera ning spetsiaalsed instrumendid.&nbsp;<\/li>\n\n\n\n<li>Torakoskoopia - endoskoopiline operatsioonimeetod, mida kasutatakse rindkere kasvajate eemaldamiseks, kasutatakse \u00fchte kuni 5 cm l\u00f5iget v\u00f5i paari 1-2 cm l\u00f5iget.<\/li>\n\n\n\n<li>Laserkirurgia - valgusenergia kiirte kasutamine v\u00e4ga v\u00e4ikeste kasvajate v\u00f5i moodustiste eemaldamiseks.&nbsp;<\/li>\n\n\n\n<li>Kr\u00fcokirurgia - vedela l\u00e4mmastiku kasutamine kasvajarakkude k\u00fclmutamiseks ja h\u00e4vitamiseks.<\/li>\n<\/ul>\n\n\n\n<div style=\"height:43px\" aria-hidden=\"true\" class=\"wp-block-spacer\"><\/div>\n\n\n\n<div class=\"wp-block-buttons is-horizontal is-content-justification-center is-layout-flex wp-container-core-buttons-is-layout-03627597 wp-block-buttons-is-layout-flex\">\n<div class=\"wp-block-button\"><a class=\"wp-block-button__link has-background wp-element-button\" href=\"https:\/\/www.kliinikum.ee\/kirurgiakliinik\/\" style=\"border-radius:0px;background-color:#001a72\" target=\"_blank\" rel=\"noreferrer noopener\">Kirurgiakliinik<\/a><\/div>\n\n\n\n<div class=\"wp-block-button\"><a class=\"wp-block-button__link has-background wp-element-button\" href=\"https:\/\/www.kliinikum.ee\/kopsukliinik\/\" style=\"border-radius:0px;background-color:#001a72\" target=\"_blank\" rel=\"noreferrer noopener\">Kopsukliinik<\/a><\/div>\n\n\n\n<div class=\"wp-block-button\"><a class=\"wp-block-button__link has-background wp-element-button\" href=\"https:\/\/www.kliinikum.ee\/naistekliinik\/\" style=\"border-radius:0px;background-color:#001a72\" target=\"_blank\" rel=\"noreferrer noopener\">Naistekliinik<\/a><\/div>\n\n\n\n<div class=\"wp-block-button\"><a class=\"wp-block-button__link has-background wp-element-button\" href=\"https:\/\/valisveeb.kliinikum.ee\/ortopeedia\/\" style=\"border-radius:0px;background-color:#001a72\" target=\"_blank\" rel=\"noreferrer noopener\">Ortopeediakliinik<\/a><\/div>\n\n\n\n<div class=\"wp-block-button\"><a class=\"wp-block-button__link has-background wp-element-button\" href=\"https:\/\/www.kliinikum.ee\/narvikliinik\/\" style=\"border-radius:2px;background-color:#001a72\" target=\"_blank\" rel=\"noreferrer noopener\">N\u00e4rvikliinik<\/a><\/div>\n\n\n\n<div class=\"wp-block-button\"><a class=\"wp-block-button__link has-background wp-element-button\" href=\"https:\/\/www.kliinikum.ee\/silmakliinik\/\" style=\"border-radius:0px;background-color:#001a72\" target=\"_blank\" rel=\"noreferrer noopener\">Silmakliinik<\/a><\/div>\n<\/div>\n\n\n\n<p><\/p>\n","protected":false},"excerpt":{"rendered":"<p>Kirurgiline ravi Tartu \u00dclikooli Kliinikumis toimub vastavalt v\u00e4hipaikmetele erinevates kliinikutes nagu kirurgiakliinik, kopsukliinik, n\u00e4rvikliinik, silmakliinik, naistekliinik, ortopeediakliinik. Koostamaks patsientidele terviklikud raviplaanid, t\u00f6\u00f6tavad kasvajate ravile spetsialiseerunud kirurgid multimodaalsetes meeskondades koost\u00f6\u00f6s onkoloogide ja teiste eriarstidega. Kirurgiline ravi on lokaalne ravimeetod pahaloomuliste kasvajate ja kasvajaeelsete muutuste eemaldamiseks. Kirurgiline ravi on \u00fcks peamistest meetoditest pahaloomuliste kasvajate radikaalses (tervistavas) ravis.&nbsp; [&hellip;]<\/p>\n","protected":false},"author":32,"featured_media":0,"parent":5914,"menu_order":2,"comment_status":"closed","ping_status":"closed","template":"","meta":{"_acf_changed":false,"_uag_custom_page_level_css":"","footnotes":""},"class_list":["post-6017","page","type-page","status-publish","hentry"],"acf":[],"yoast_head":"<!-- This site is optimized with the Yoast SEO plugin v27.3 - https:\/\/yoast.com\/product\/yoast-seo-wordpress\/ -->\n<title>Kirurgiline ravi - V\u00e4hikeskus<\/title>\n<meta name=\"description\" content=\"Kirurgiline ravi T\u00dc Kliinikumis toimub vastavalt v\u00e4hipaikmetele erinevates kliinikutes nagu kirurgiakliinik, kopsukliinik, n\u00e4rvikliinik jne\" \/>\n<meta name=\"robots\" content=\"index, follow, max-snippet:-1, max-image-preview:large, max-video-preview:-1\" \/>\n<link rel=\"canonical\" href=\"https:\/\/www.kliinikum.ee\/vahikeskus\/patsiendile\/ravi\/kirurgiline-ravi\/\" \/>\n<meta property=\"og:locale\" content=\"et_EE\" \/>\n<meta property=\"og:type\" content=\"article\" \/>\n<meta property=\"og:title\" content=\"Kirurgiline ravi - V\u00e4hikeskus\" \/>\n<meta property=\"og:description\" content=\"Kirurgiline ravi T\u00dc Kliinikumis toimub vastavalt v\u00e4hipaikmetele erinevates kliinikutes nagu kirurgiakliinik, kopsukliinik, n\u00e4rvikliinik jne\" \/>\n<meta property=\"og:url\" content=\"https:\/\/www.kliinikum.ee\/vahikeskus\/patsiendile\/ravi\/kirurgiline-ravi\/\" \/>\n<meta property=\"og:site_name\" content=\"V\u00e4hikeskus\" \/>\n<meta property=\"article:modified_time\" content=\"2023-07-31T11:24:46+00:00\" \/>\n<meta property=\"og:image\" content=\"https:\/\/www.kliinikum.ee\/vahikeskus\/wp-content\/uploads\/2023\/05\/IMG_1432-2.jpg\" \/>\n<meta name=\"twitter:card\" content=\"summary_large_image\" \/>\n<meta name=\"twitter:label1\" content=\"Est. reading time\" \/>\n\t<meta name=\"twitter:data1\" content=\"3 minutit\" \/>\n<script type=\"application\/ld+json\" class=\"yoast-schema-graph\">{\"@context\":\"https:\\\/\\\/schema.org\",\"@graph\":[{\"@type\":\"WebPage\",\"@id\":\"https:\\\/\\\/www.kliinikum.ee\\\/vahikeskus\\\/patsiendile\\\/ravi\\\/kirurgiline-ravi\\\/\",\"url\":\"https:\\\/\\\/www.kliinikum.ee\\\/vahikeskus\\\/patsiendile\\\/ravi\\\/kirurgiline-ravi\\\/\",\"name\":\"Kirurgiline ravi - V\u00e4hikeskus\",\"isPartOf\":{\"@id\":\"https:\\\/\\\/www.kliinikum.ee\\\/vahikeskus\\\/#website\"},\"primaryImageOfPage\":{\"@id\":\"https:\\\/\\\/www.kliinikum.ee\\\/vahikeskus\\\/patsiendile\\\/ravi\\\/kirurgiline-ravi\\\/#primaryimage\"},\"image\":{\"@id\":\"https:\\\/\\\/www.kliinikum.ee\\\/vahikeskus\\\/patsiendile\\\/ravi\\\/kirurgiline-ravi\\\/#primaryimage\"},\"thumbnailUrl\":\"https:\\\/\\\/www.kliinikum.ee\\\/vahikeskus\\\/wp-content\\\/uploads\\\/2023\\\/05\\\/IMG_1432-2.jpg\",\"datePublished\":\"2023-04-06T06:24:43+00:00\",\"dateModified\":\"2023-07-31T11:24:46+00:00\",\"description\":\"Kirurgiline ravi T\u00dc Kliinikumis toimub vastavalt v\u00e4hipaikmetele erinevates kliinikutes nagu kirurgiakliinik, kopsukliinik, n\u00e4rvikliinik jne\",\"breadcrumb\":{\"@id\":\"https:\\\/\\\/www.kliinikum.ee\\\/vahikeskus\\\/patsiendile\\\/ravi\\\/kirurgiline-ravi\\\/#breadcrumb\"},\"inLanguage\":\"et\",\"potentialAction\":[{\"@type\":\"ReadAction\",\"target\":[\"https:\\\/\\\/www.kliinikum.ee\\\/vahikeskus\\\/patsiendile\\\/ravi\\\/kirurgiline-ravi\\\/\"]}]},{\"@type\":\"ImageObject\",\"inLanguage\":\"et\",\"@id\":\"https:\\\/\\\/www.kliinikum.ee\\\/vahikeskus\\\/patsiendile\\\/ravi\\\/kirurgiline-ravi\\\/#primaryimage\",\"url\":\"\",\"contentUrl\":\"\"},{\"@type\":\"BreadcrumbList\",\"@id\":\"https:\\\/\\\/www.kliinikum.ee\\\/vahikeskus\\\/patsiendile\\\/ravi\\\/kirurgiline-ravi\\\/#breadcrumb\",\"itemListElement\":[{\"@type\":\"ListItem\",\"position\":1,\"name\":\"Home\",\"item\":\"https:\\\/\\\/www.kliinikum.ee\\\/vahikeskus\\\/\"},{\"@type\":\"ListItem\",\"position\":2,\"name\":\"Patsiendile\",\"item\":\"https:\\\/\\\/www.kliinikum.ee\\\/vahikeskus\\\/patsiendile\\\/\"},{\"@type\":\"ListItem\",\"position\":3,\"name\":\"Ravi\",\"item\":\"https:\\\/\\\/www.kliinikum.ee\\\/vahikeskus\\\/patsiendile\\\/ravi\\\/\"},{\"@type\":\"ListItem\",\"position\":4,\"name\":\"Kirurgiline ravi\"}]},{\"@type\":\"WebSite\",\"@id\":\"https:\\\/\\\/www.kliinikum.ee\\\/vahikeskus\\\/#website\",\"url\":\"https:\\\/\\\/www.kliinikum.ee\\\/vahikeskus\\\/\",\"name\":\"V\u00e4hikeskus\",\"description\":\"Hoolivus, Uuendusmeelsus, P\u00e4devus ja Usaldusv\u00e4\u00e4rsus\",\"potentialAction\":[{\"@type\":\"SearchAction\",\"target\":{\"@type\":\"EntryPoint\",\"urlTemplate\":\"https:\\\/\\\/www.kliinikum.ee\\\/vahikeskus\\\/?s={search_term_string}\"},\"query-input\":{\"@type\":\"PropertyValueSpecification\",\"valueRequired\":true,\"valueName\":\"search_term_string\"}}],\"inLanguage\":\"et\"}]}<\/script>\n<!-- \/ Yoast SEO plugin. -->","yoast_head_json":{"title":"Kirurgiline ravi - V\u00e4hikeskus","description":"Kirurgiline ravi T\u00dc Kliinikumis toimub vastavalt v\u00e4hipaikmetele erinevates kliinikutes nagu kirurgiakliinik, kopsukliinik, n\u00e4rvikliinik jne","robots":{"index":"index","follow":"follow","max-snippet":"max-snippet:-1","max-image-preview":"max-image-preview:large","max-video-preview":"max-video-preview:-1"},"canonical":"https:\/\/www.kliinikum.ee\/vahikeskus\/patsiendile\/ravi\/kirurgiline-ravi\/","og_locale":"et_EE","og_type":"article","og_title":"Kirurgiline ravi - V\u00e4hikeskus","og_description":"Kirurgiline ravi T\u00dc Kliinikumis toimub vastavalt v\u00e4hipaikmetele erinevates kliinikutes nagu kirurgiakliinik, kopsukliinik, n\u00e4rvikliinik jne","og_url":"https:\/\/www.kliinikum.ee\/vahikeskus\/patsiendile\/ravi\/kirurgiline-ravi\/","og_site_name":"V\u00e4hikeskus","article_modified_time":"2023-07-31T11:24:46+00:00","og_image":[{"url":"https:\/\/www.kliinikum.ee\/vahikeskus\/wp-content\/uploads\/2023\/05\/IMG_1432-2.jpg","type":"","width":"","height":""}],"twitter_card":"summary_large_image","twitter_misc":{"Est. reading time":"3 minutit"},"schema":{"@context":"https:\/\/schema.org","@graph":[{"@type":"WebPage","@id":"https:\/\/www.kliinikum.ee\/vahikeskus\/patsiendile\/ravi\/kirurgiline-ravi\/","url":"https:\/\/www.kliinikum.ee\/vahikeskus\/patsiendile\/ravi\/kirurgiline-ravi\/","name":"Kirurgiline ravi - V\u00e4hikeskus","isPartOf":{"@id":"https:\/\/www.kliinikum.ee\/vahikeskus\/#website"},"primaryImageOfPage":{"@id":"https:\/\/www.kliinikum.ee\/vahikeskus\/patsiendile\/ravi\/kirurgiline-ravi\/#primaryimage"},"image":{"@id":"https:\/\/www.kliinikum.ee\/vahikeskus\/patsiendile\/ravi\/kirurgiline-ravi\/#primaryimage"},"thumbnailUrl":"https:\/\/www.kliinikum.ee\/vahikeskus\/wp-content\/uploads\/2023\/05\/IMG_1432-2.jpg","datePublished":"2023-04-06T06:24:43+00:00","dateModified":"2023-07-31T11:24:46+00:00","description":"Kirurgiline ravi T\u00dc Kliinikumis toimub vastavalt v\u00e4hipaikmetele erinevates kliinikutes nagu kirurgiakliinik, kopsukliinik, n\u00e4rvikliinik jne","breadcrumb":{"@id":"https:\/\/www.kliinikum.ee\/vahikeskus\/patsiendile\/ravi\/kirurgiline-ravi\/#breadcrumb"},"inLanguage":"et","potentialAction":[{"@type":"ReadAction","target":["https:\/\/www.kliinikum.ee\/vahikeskus\/patsiendile\/ravi\/kirurgiline-ravi\/"]}]},{"@type":"ImageObject","inLanguage":"et","@id":"https:\/\/www.kliinikum.ee\/vahikeskus\/patsiendile\/ravi\/kirurgiline-ravi\/#primaryimage","url":"","contentUrl":""},{"@type":"BreadcrumbList","@id":"https:\/\/www.kliinikum.ee\/vahikeskus\/patsiendile\/ravi\/kirurgiline-ravi\/#breadcrumb","itemListElement":[{"@type":"ListItem","position":1,"name":"Home","item":"https:\/\/www.kliinikum.ee\/vahikeskus\/"},{"@type":"ListItem","position":2,"name":"Patsiendile","item":"https:\/\/www.kliinikum.ee\/vahikeskus\/patsiendile\/"},{"@type":"ListItem","position":3,"name":"Ravi","item":"https:\/\/www.kliinikum.ee\/vahikeskus\/patsiendile\/ravi\/"},{"@type":"ListItem","position":4,"name":"Kirurgiline ravi"}]},{"@type":"WebSite","@id":"https:\/\/www.kliinikum.ee\/vahikeskus\/#website","url":"https:\/\/www.kliinikum.ee\/vahikeskus\/","name":"V\u00e4hikeskus","description":"Hoolivus, Uuendusmeelsus, P\u00e4devus ja Usaldusv\u00e4\u00e4rsus","potentialAction":[{"@type":"SearchAction","target":{"@type":"EntryPoint","urlTemplate":"https:\/\/www.kliinikum.ee\/vahikeskus\/?s={search_term_string}"},"query-input":{"@type":"PropertyValueSpecification","valueRequired":true,"valueName":"search_term_string"}}],"inLanguage":"et"}]}},"uagb_featured_image_src":{"full":false,"thumbnail":false,"medium":false,"medium_large":false,"large":false,"1536x1536":false,"2048x2048":false},"uagb_author_info":{"display_name":"Siret Kivistik","author_link":"https:\/\/www.kliinikum.ee\/vahikeskus\/author\/siretk\/"},"uagb_comment_info":0,"uagb_excerpt":"Kirurgiline ravi Tartu \u00dclikooli Kliinikumis toimub vastavalt v\u00e4hipaikmetele erinevates kliinikutes nagu kirurgiakliinik, kopsukliinik, n\u00e4rvikliinik, silmakliinik, naistekliinik, ortopeediakliinik. Koostamaks patsientidele terviklikud raviplaanid, t\u00f6\u00f6tavad kasvajate ravile spetsialiseerunud kirurgid multimodaalsetes meeskondades koost\u00f6\u00f6s onkoloogide ja teiste eriarstidega. Kirurgiline ravi on lokaalne ravimeetod pahaloomuliste kasvajate ja kasvajaeelsete muutuste eemaldamiseks. Kirurgiline ravi on \u00fcks peamistest meetoditest pahaloomuliste kasvajate radikaalses (tervistavas) ravis.&nbsp;&hellip;","_links":{"self":[{"href":"https:\/\/www.kliinikum.ee\/vahikeskus\/wp-json\/wp\/v2\/pages\/6017","targetHints":{"allow":["GET"]}}],"collection":[{"href":"https:\/\/www.kliinikum.ee\/vahikeskus\/wp-json\/wp\/v2\/pages"}],"about":[{"href":"https:\/\/www.kliinikum.ee\/vahikeskus\/wp-json\/wp\/v2\/types\/page"}],"author":[{"embeddable":true,"href":"https:\/\/www.kliinikum.ee\/vahikeskus\/wp-json\/wp\/v2\/users\/32"}],"replies":[{"embeddable":true,"href":"https:\/\/www.kliinikum.ee\/vahikeskus\/wp-json\/wp\/v2\/comments?post=6017"}],"version-history":[{"count":0,"href":"https:\/\/www.kliinikum.ee\/vahikeskus\/wp-json\/wp\/v2\/pages\/6017\/revisions"}],"up":[{"embeddable":true,"href":"https:\/\/www.kliinikum.ee\/vahikeskus\/wp-json\/wp\/v2\/pages\/5914"}],"wp:attachment":[{"href":"https:\/\/www.kliinikum.ee\/vahikeskus\/wp-json\/wp\/v2\/media?parent=6017"}],"curies":[{"name":"wp","href":"https:\/\/api.w.org\/{rel}","templated":true}]}}