{"id":11453,"date":"2025-05-26T18:05:57","date_gmt":"2025-05-26T16:05:57","guid":{"rendered":"https:\/\/www.kliinikum.ee\/yhendlabor\/?page_id=11453"},"modified":"2025-12-21T17:45:50","modified_gmt":"2025-12-21T15:45:50","slug":"susteemsete-sidekoehaigustega-seotud-igg-paneel","status":"publish","type":"page","link":"https:\/\/www.kliinikum.ee\/yhendlabor\/kasiraamat\/autoimmuunuuringud\/susteemsete-sidekoehaigustega-seotud-igg-paneel\/","title":{"rendered":"S\u00fcsteemsete sidekoehaigustega seotud IgG (U1RNP, Sm, SSA, Ro52, SSB, Scl70, PM\/Scl, Jo1, CENPB, PCNA, dsDNA, Nucleos, Histone, Rib P Prot, AMA M2, DFS70) paneel (immunoblot)"},"content":{"rendered":"\n<p><em>Immuunanal\u00fc\u00fcsi osakond<\/em><\/p>\n\n\n\n<p class=\"has-medium-font-size\"><strong>Anal\u00fc\u00fcsid:<\/strong><\/p>\n\n\n\n<figure class=\"wp-block-table is-style-stripes\"><table width=\"100%\"><tbody><tr><td width=\"1%\"><\/td><td width=\"99%\">S\u00fcsteemsete sidekoehaiguste IgG paneel (IB)<\/td><\/tr><tr><td><\/td><td>dsDNA IgG QN<\/td><\/tr><tr><td><\/td><td>Sm IgG QN<\/td><\/tr><tr><td><\/td><td>U1RNP IgG QN<\/td><\/tr><tr><td><\/td><td>SSA IgG QN<\/td><\/tr><tr><td><\/td><td>SSB IgG QN<\/td><\/tr><tr><td><\/td><td>Scl70 IgG QN<\/td><\/tr><tr><td><\/td><td>Tsentromeer B IgG QN<\/td><\/tr><tr><td><\/td><td>Jo1 IgG QN<\/td><\/tr><tr><td><\/td><td>AMA M2 IgG QN<\/td><\/tr><\/tbody><\/table><\/figure>\n\n\n\n<p><strong>S\u00fcsteemsete sidekoehaiguste IgG paneel<\/strong> eeldab eelnevat positiivset ANA IgG tulemust. Seega seda eraldi tellida ei saa, labor lisab selle automaatselt. (Vt S\u00fcsteemsete sidekoehaiguste uuringud)<\/p>\n\n\n\n<p>Eraldi saab tellida paneelis h\u00f5lmatud \u00fcksikuid antikehi kvantitatiivselt: dsDNA IgG QN, Sm IgG QN, U1RNP IgG QN, SSA IgG QN, SSB IgG QN, Scl70 IgG QN, Tsentromeer B IgG QN, Jo1 IgG QN, AMA M2 IgG QN.<\/p>\n\n\n\n<p>Paljudel s\u00fcsteemsete sidekoehaiguste vormidel on iseloomulik autoantikehade spekter ning seet\u00f5ttu kasutatakse defineeritud antigeenidega reageerivate antikehade m\u00e4\u00e4ramist patsiendi seerumist laialdaselt nende haiguste t\u00e4psemas diagnostikas.<\/p>\n\n\n\n<p>S\u00fcsteemsete sidekoehaiguste IgG paneel v\u00f5imaldab t\u00e4psustada mitme sellesse gruppi kuuluva haiguse diagnoosi (Tabel 1). Kuna vastavaid autoantikehi esineb vaid &nbsp;teatud osal \u00fche v\u00f5i teise haigusega patsientidest, siis \u00fcldjuhul haigusspetsiifiliste antikehade esinemine koos vastava kliinilise pildiga kinnitab diagnoosi, nende puudumine aga ei v\u00e4lista haiguse olemasolu, kui sobiv kliiniline s\u00fcmptomaatika on olemas.<\/p>\n\n\n\n<p class=\"has-medium-font-size\"><strong>Uuritav materjal, selle v\u00f5tmine, saatmine ja s\u00e4ilitamine<\/strong><\/p>\n\n\n\n<figure class=\"wp-block-table is-style-stripes\"><table width=\"100%\"><tbody><tr><td width=\"1%\"><\/td><td width=\"15%\"><strong>Katsuti<\/strong><\/td><td width=\"84%\">&nbsp;Geeli ja h\u00fc\u00fcbimisaktivaatoriga katsuti (punane kollase r\u00f5ngaga v\u00f5i kollane kork)<\/td><\/tr><tr><td width=\"1%\"><\/td><td width=\"15%\"><strong>S\u00e4ilivus<\/strong><\/td><td width=\"84%\">&nbsp;Seerum +4 \u00b0C 14 p\u00e4eva<\/td><\/tr><\/tbody><\/table><\/figure>\n\n\n\n<p class=\"has-medium-font-size\"><strong>Anal\u00fc\u00fcsi tegemise aeg: <\/strong>kaks korda n\u00e4dalas<\/p>\n\n\n\n<p class=\"has-medium-font-size\"><strong>Anal\u00fc\u00fcsimeetod<\/strong><\/p>\n\n\n\n<p>S\u00fcsteemsete sidekoehaiguste IgG paneel: <em>immunoblot<\/em>-meetod<\/p>\n\n\n\n<p>Antikehade kontsentratsioon: fluorestsents-ens\u00fc\u00fcmimmuunmeetod (FEIA)<\/p>\n\n\n\n<p class=\"has-medium-font-size\"><strong>Vastuse vorm<\/strong><\/p>\n\n\n\n<p>S\u00fcsteemsete sidekoehaiguste IgG paneeli komponendid: negatiivne\/positiivne<\/p>\n\n\n\n<p>Antikehade kontsentratsioon:<\/p>\n\n\n\n<figure class=\"wp-block-table\"><table width=\"100%\"><tbody><tr><td width=\"1%\"><\/td><td width=\"30%\">dsDNA IgG QN<\/td><td width=\"23%\">&lt; 10 kU\/L Negatiivne<\/td><td width=\"23%\">10\u201315 kU\/L Piiripealne<\/td><td width=\"23%\">&gt; 15 kU\/L Positiivne<\/td><\/tr><tr><td width=\"1%\"><\/td><td width=\"30%\">Sm IgG QN<\/td><td width=\"23%\">&lt; 7 kU\/L Negatiivne<\/td><td width=\"23%\">7\u201310 kU\/L Piiripealne<\/td><td width=\"23%\">&gt; 10 kU\/L Positiivne<\/td><\/tr><tr><td width=\"1%\"><\/td><td width=\"30%\">U1RNP IgG QN<\/td><td width=\"23%\">&lt; 5 kU\/L Negatiivne<\/td><td width=\"23%\">5\u201310 kU\/L Piiripealne<\/td><td width=\"23%\">&gt; 10 kU\/L Positiivne<\/td><\/tr><tr><td width=\"1%\"><\/td><td width=\"30%\">SSA IgG QN<\/td><td width=\"23%\">&lt; 7 kU\/L Negatiivne<\/td><td width=\"23%\">7\u201310 kU\/L Piiripealne<\/td><td width=\"23%\">&gt; 10 kU\/L Positiivne<\/td><\/tr><tr><td width=\"1%\"><\/td><td width=\"30%\">SSB IgG QN<\/td><td width=\"23%\">&lt; 7 kU\/L Negatiivne<\/td><td width=\"23%\">7\u201310 kU\/L Piiripealne<\/td><td width=\"23%\">&gt; 10 kU\/L Positiivne<\/td><\/tr><tr><td width=\"1%\"><\/td><td width=\"30%\">Scl70 IgG QN<\/td><td width=\"23%\">&lt; 7 kU\/L Negatiivne<\/td><td width=\"23%\">7\u201310 kU\/L Piiripealne<\/td><td width=\"23%\">&gt; 10 kU\/L Positiivne<\/td><\/tr><tr><td width=\"1%\"><\/td><td width=\"30%\">Tsentromeer B IgG QN<\/td><td width=\"23%\">&lt; 7 kU\/L Negatiivne<\/td><td width=\"23%\">7\u201310 kU\/L Piiripealne<\/td><td width=\"23%\">&gt; 10 kU\/L Positiivne<\/td><\/tr><tr><td width=\"1%\"><\/td><td width=\"30%\">Jo1 IgG QN<\/td><td width=\"23%\">&lt; 7 kU\/L Negatiivne<\/td><td width=\"23%\">7\u201310 kU\/L Piiripealne<\/td><td width=\"23%\">&gt; 10 kU\/L Positiivne<\/td><\/tr><tr><td width=\"1%\"><\/td><td width=\"30%\">AMA M2 IgG QN<\/td><td width=\"23%\">&lt; 4 kU\/L Negatiivne<\/td><td width=\"23%\">4\u20136 kU\/L Piiripealne<\/td><td width=\"23%\">&gt; 6 kU\/L Positiivne<\/td><\/tr><\/tbody><\/table><\/figure>\n\n\n\n<p class=\"has-medium-font-size\"><strong>N\u00e4idustus ja kliiniline t\u00e4hendus<\/strong><\/p>\n\n\n\n<p>S\u00fcsteemsete sidekoehaiguste IgG paneel teostatakse labori poolt automaatselt ANA IgG positiivse tulemuse korral (Vt S\u00fcsteemsete sidekoehaiguste uuringud). \u00dcksikute antikehade kvantitatiivne m\u00e4\u00e4ramine on n\u00e4idustatud haiguskulu ja raviefektiivsuse j\u00e4lgimiseks.<\/p>\n\n\n\n<p><strong>Tabel 1.<\/strong> S\u00fcsteemsete sidekoehaiguste IgG paneelis m\u00e4\u00e4ratavate autoantikehade kliiniline t\u00e4hendus.<\/p>\n\n\n\n<figure class=\"wp-block-table\"><table width=\"100%\"><tbody><tr><td width=\"1%\"><\/td><td width=\"32%\"><strong>Antigeen<\/strong><\/td><td width=\"40%\"><strong>Haigus<\/strong><\/td><td width=\"27%\"><strong>Antikehade esinemine<\/strong><\/td><\/tr><tr><td width=\"1%\"><\/td><td width=\"32%\">U1RNP<\/td><td width=\"40%\">Sharp s\u00fcndroom <br>S\u00fcsteemne er\u00fctematoosne luupus (SLE) <br>S\u00fcsteemne skleroos <br>Pol\u00fcm\u00fcosiit\/dermatom\u00fcosiit<\/td><td width=\"27%\">95\u2013100% <br>15\u201340% <br>12\u201318% <br>20%<\/td><\/tr><tr><td width=\"1%\"><\/td><td width=\"32%\">Sm<\/td><td width=\"40%\">SLE<\/td><td width=\"27%\">5\u201340%<\/td><\/tr><tr><td width=\"1%\"><\/td><td width=\"32%\">SSA<\/td><td width=\"40%\">Sj\u00f6greni s\u00fcndroom <br>SLE <br>Neonataalne er\u00fctematoosne luupus <br>Sharp s\u00fcndroom<\/td><td width=\"27%\">40\u201395% <br>20\u201360% <br>95\u2013100% <br>19%<\/td><\/tr><tr><td width=\"1%\"><\/td><td width=\"32%\">SSB<\/td><td width=\"40%\">Sj\u00f6greni s\u00fcndroom <br>SLE <br>Neonataalne er\u00fctematoosne luupus<\/td><td width=\"27%\">40\u201395% <br>10\u201320% <br>75%<\/td><\/tr><tr><td width=\"1%\"><\/td><td width=\"32%\">Scl70<\/td><td width=\"40%\">S\u00fcsteemne skleroos <br>- difuusne vorm<br>- piirdunud vorm<\/td><td width=\"27%\">25\u201375% <br>40\u201365% <br>5\u201315%<\/td><\/tr><tr><td width=\"1%\"><\/td><td width=\"32%\">PM\/Scl<\/td><td width=\"40%\">S\u00fcsteemne skleroos (k.a <em>overlap<\/em> s\u00fcndroomid) <br>Pol\u00fcm\u00fcosiit\/s\u00fcsteemne skleroos <br>S\u00fcsteemne skleroos (PM\/Scl75 positiivne) <br>S\u00fcsteemne skleroos (PM\/Scl100 positiivne)<\/td><td width=\"27%\">10\u201320% <br>18% <br>10% <br>7%<\/td><\/tr><tr><td width=\"1%\"><\/td><td width=\"32%\">Jo1<\/td><td width=\"40%\">Pol\u00fcm\u00fcosiit\/dermatom\u00fcosiit<\/td><td width=\"27%\">25\u201335%<\/td><\/tr><tr><td width=\"1%\"><\/td><td width=\"32%\">Tsentromeer<\/td><td width=\"40%\">S\u00fcsteemne skleroos, piirdunud vorm <br>S\u00fcsteemne skleroos, difuusne vorm <br>Primaarne biliaarne kolangiit<\/td><td width=\"27%\">80\u201395% <br>8% <br>10\u201330%<\/td><\/tr><tr><td width=\"1%\"><\/td><td width=\"32%\">PCNA<\/td><td width=\"40%\">SLE<\/td><td width=\"27%\">3%<\/td><\/tr><tr><td width=\"1%\"><\/td><td width=\"32%\">dsDNA<\/td><td width=\"40%\">SLE<\/td><td width=\"27%\">40\u201390%<\/td><\/tr><tr><td width=\"1%\"><\/td><td width=\"32%\">Nukleosoom<\/td><td width=\"40%\">SLE<\/td><td width=\"27%\">40\u201370%<\/td><\/tr><tr><td width=\"1%\"><\/td><td width=\"32%\">Histoonid<\/td><td width=\"40%\">Ravimindutseeritud er\u00fctematoosne luupus <br>SLE <br>Reumatoidartriit<\/td><td width=\"27%\">95\u2013100% <br>50% <br>15\u201350%<\/td><\/tr><tr><td width=\"1%\"><\/td><td width=\"32%\">Ribosomaalne P proteiin<\/td><td width=\"40%\">SLE<\/td><td width=\"27%\">10%<\/td><\/tr><tr><td width=\"1%\"><\/td><td width=\"32%\">AMA M2<\/td><td width=\"40%\">Primaarne biliaarne kolangiit<\/td><td width=\"27%\">&gt; 90%<\/td><\/tr><tr><td width=\"1%\"><\/td><td width=\"32%\">DFS70<\/td><td width=\"40%\">Atoopiline dermatiit <br>Reumaatilised haigused <br>Tervetel veredoonoritel<\/td><td width=\"27%\">4\u201310% <br>5\u201310% <br>3,5%<\/td><\/tr><\/tbody><\/table><\/figure>\n\n\n\n<p><strong>U1RNP-vastased antikehad<\/strong> on spetsiifilised U1 RNA-valgu kompleksile (<em>U1<\/em> <em>small nuclear ribonucleoprotein<\/em>) rakutuumas.<\/p>\n\n\n\n<p><strong>Sm-vastased antikehad<\/strong> seostuvad Sm valgukompleksiga rakutuumas. Sm-autoantikehad on v\u00e4ga spetsiifilised SLE-le ning neid v\u00f5ib leida kuni 1,5 aastat enne haiguse kliinilist v\u00e4ljendumist. Sarnaselt dsDNA antikehadega v\u00f5ib k\u00f5rge Sm antikehade tase viidata luupusnefriidi tekkele ja nende antikehade taseme k\u00f5ikumine seostub haiguse aktiivsuse muutustega. Sm antikehade taseme langus viitab ka heale ravivastusele.<\/p>\n\n\n\n<p><strong>SSA-vastased antikehad<\/strong> seostuvad v\u00e4hemalt \u00fchega kahest Ro antigeenist: Ro52 (ts\u00fctoplasmas) ja\/v\u00f5i Ro60 (tuumas\/tuumakeses). SSA autoantikehi leidub emadel, kelle lapsel on kaasas\u00fcndinud luupus (neonataalse luupuse s\u00fcndroom). SSA antikehi leidub ka ANA-negtiivsetel SLE ja Sj\u00f6greni s\u00fcndroomiga haigetel ja seega tuleks neid antikehi testida juhul kui ANA-negativsel patsiendil esineb vastava haiguse kliiniline s\u00fcmptomaatika.<\/p>\n\n\n\n<p>48% SLE ja Sj\u00f6greni s\u00fcndroomi diagnoosiga haigetest olid SSA autoantikehad leitavad keskmiselt neli aastat enne haiguse avaldumist, seega v\u00f5ib neid autoantikehi kasutada ka nende haiguste tekke prognoosimisel.<\/p>\n\n\n\n<p><strong>SSB-vastased antikehad<\/strong> on spetsiifilised RNA-seoselisele La valgule, mida v\u00f5ib leida nii tuumas kui ka ts\u00fctoplasmas.<\/p>\n\n\n\n<p>Erinevalt SSA antikehadest on SSB antikehad spetsiifilised SLE-le ja Sj\u00f6greni s\u00fcndroomile. Ka v\u00f5ivad need esineda emadel, kelle lastel on neonataalse luupuse s\u00fcndroom.<\/p>\n\n\n\n<p><strong>PM\/Scl-vastased antikehad<\/strong> on spetsiifilised kahele suurele tuumakeste valgukompleksile (75 ja 100 kDa \u2013 vastavalt Scl75 ja Scl100 autoantikehad), mis osalevad RNA protsessimisel.<\/p>\n\n\n\n<p><strong>Scl70-vastased antikehad<\/strong> seonduvad spetsiifiliselt DNA topoisomeraas I-ga. Need antikehad esinevad sagedamini s\u00fcsteemse skleroosi difuusse nahavormiga haigetel. Neil patsientidel on suurem risk interstitsiaalse kopsukahjustuse tekkeks.<\/p>\n\n\n\n<p><strong>Jo1-vastased antikehad<\/strong> seonduvad histid\u00fc\u00fcl-tRNA s\u00fcntetaasiga, inhibeerivad selle aktiivsust ning kuuluvad seet\u00f5ttu s\u00fcntetaaside vastaste antikehade gruppi. Jo1 on k\u00f5ige levinum selle grupi antikeha, lastel esineb Jo1 antikehi v\u00e4ga harva.<\/p>\n\n\n\n<p><strong>Tsentromeerivastased antikehad<\/strong> seonduvad tsentromeerivalkude A, B ja C-ga rakutuumas. SLE korral esinevad tsentromeeri vastased autoantikehad harva (4%).<\/p>\n\n\n\n<p><strong>PCNA-vastased antikehad<\/strong> on spetsiifilised vaid jagunevate rakkude tuumades esinevale valgule (<em>proliferating cell nuclear antigeen<\/em>, PCNA). PCNA antikehi esineb ~ 1% tervetest inimestest. Seet\u00f5ttu on PCNA antikehade kliiniline t\u00e4htsus, eriti s\u00fcsteemsete sidekoehaiguste diagnostikas t\u00e4nap\u00e4eval v\u00e4ike.<\/p>\n\n\n\n<p><strong>DNA kaksikahela vastased antikehad <\/strong>seonduvad kaheahelalise DNA-ga (<em>double-stranded DNA, <\/em>dsDNA) ning seet\u00f5ttu kuuluvad tuumavastaste autoantikehade gruppi. Nad on k\u00f5rge spetsiifilisuse t\u00f5ttu (95%) olulised SLE eristamisel teistest s\u00fcsteemsetest sidekohaigustest. Lisaks on k\u00f5rge dsDNA autoantikehade tase seotud luupusnefriidi esinemisega ning nende taseme k\u00f5ikumine korreleerub SLE aktiivsusega. dsDNA antikehad esinevad harva ning madalal tasemel ka ravimindutseeritud luupuse, Sharp s\u00fcndroomi, reumatoidartriidi, juveniilse artriidi, Sj\u00f6greni s\u00fcndroomi, skleroderma, Raynaud s\u00fcndroomi, diskoidse luupuse, m\u00fcosiitide, uveiidi, antifosfolipiids\u00fcndroomi, autoimmuunse hepatiidi, Gravesi t\u00f5ve ja Alzheimeri t\u00f5ve puhul.<\/p>\n\n\n\n<p><strong>Nukleosoomivastased antikehad<\/strong> seonduvad kromatiini (DNA ja valkude kompleksi) nende komponentidega, mis on eksponeerunud nukleosoomi v\u00e4lispinnal ja seet\u00f5ttu on antikehadele k\u00e4ttesaadavad. Nukleosoomi antikehad on SLE tundlikuks markeriks ja v\u00f5ivad esineda selle haiguse korral nii koos kui ka ilma dsDNA antikehadeta. Lisaks esinevad need antikehad v\u00e4ga sageli ka ravimindutseeritud luupuse korral. Nukleosoomivastaste antikehade kvantitatiivset anal\u00fc\u00fcsi v\u00f5ib kasutada SLE aktiivsuse monitoorimiseks, eriti juhul kui dsDNA antikehad on negatiivsed. Hetkel SA T\u00dcK \u00dchendlabor nukleosoomivastaste antikehade kvantitatiivset m\u00e4\u00e4ramist ei paku.<\/p>\n\n\n\n<p><strong>Histoonidevastased antikehad<\/strong> seonduvad spetsiifiliselt nukleosoomi peamise valgulise komponendi \u2013 histoonidega. Nende autoantikehade leid viitab SLE ja eriti ravimindutseeritud luupuse esinemisv\u00f5imalusele. Viimasele juhule on iseloomulik dsDNA autoantikehade puudumine ja prokaiinamiidi, kloorpromasiini, h\u00fcdralasiini, kinidiini, alfamet\u00fc\u00fcldopa, penitsillamiini, minots\u00fckliini, statiinide v\u00f5i isoniasiidi tarvitamine anamneesis.<\/p>\n\n\n\n<p><strong>Ribosomaalse P proteiini vastased antikehad<\/strong> seonduvad ribosoomi suures ala\u00fchikus asuvate fosfor\u00fcleeritud valkudega P0, P1 ja P2. Need autoantikehad on v\u00e4ga spetsiifilised SLE-le, kuigi esinevad suhteliselt v\u00e4ikesel osal SLE haigetest.<\/p>\n\n\n\n<p><strong>M2 t\u00fc\u00fcpi mitokondrivastased antikehad<\/strong> (<em>anti-mitochondrial antibodies M2<\/em>, AMA M2) on spetsiifilised M2 alat\u00fc\u00fcpi mitokondrite antigeenidele, kuhu kuuluvad mitmed raku energiatootmises (ATP s\u00fcnteesis) olulise oks\u00fcdatiivse fosfor\u00fcleerimise ts\u00fckli ens\u00fc\u00fcmid.<\/p>\n\n\n\n<p><strong>DFS70<\/strong> vastased antikehade nimetus tuleneb fluorestsentsmustrist (<em>dense fine speckled \u2013<\/em> tihe peengranulaarne) ja antigeeni molekulmassist immunoblot anal\u00fc\u00fcsil (70 kDa). Antikehad on suunatud transkriptsiooni koaktivaatori vastu, mis on tuntud ka kui p75. Kui esinevad ainult DFS70 antikehad ja teised (eriti ENA t\u00fc\u00fcpi) antikehad on negatiivsed, siis on t\u00f5en\u00e4osus autoimmuunse reumaatilise haiguse esinemiseks v\u00e4ike.<\/p>\n\n\n\n<p>Koostaja: Viljar Jaks<br>Muudetud 30.05.2018<\/p>\n\n\n\n<p>Vt ka: <a href=\"https:\/\/www.kliinikum.ee\/yhendlabor\/kasiraamat\/autoimmuunuuringud\/susteemsete-sidekoehaiguste-uuringud\/\">S\u00fcsteemsete sidekoehaiguste uuringud<\/a><\/p>\n","protected":false},"excerpt":{"rendered":"<p>Immuunanal\u00fc\u00fcsi osakond Anal\u00fc\u00fcsid: S\u00fcsteemsete sidekoehaiguste IgG paneel (IB) dsDNA IgG QN Sm IgG QN U1RNP IgG QN SSA IgG QN SSB IgG QN Scl70 IgG QN Tsentromeer B IgG QN Jo1 IgG QN AMA M2 IgG QN S\u00fcsteemsete sidekoehaiguste IgG paneel eeldab eelnevat positiivset ANA IgG tulemust. Seega seda eraldi tellida ei saa, labor lisab [&hellip;]<\/p>\n","protected":false},"author":38,"featured_media":0,"parent":7253,"menu_order":15,"comment_status":"closed","ping_status":"closed","template":"","meta":{"_uag_custom_page_level_css":"","footnotes":""},"class_list":["post-11453","page","type-page","status-publish","hentry"],"acf":[],"yoast_head":"<!-- This site is optimized with the Yoast SEO plugin v27.3 - https:\/\/yoast.com\/product\/yoast-seo-wordpress\/ -->\n<title>S\u00fcsteemsete sidekoehaigustega seotud IgG (U1RNP, Sm, SSA, Ro52, SSB, Scl70, PM\/Scl, Jo1, CENPB, PCNA, dsDNA, Nucleos, Histone, Rib P Prot, AMA M2, DFS70) paneel (immunoblot) - \u00dchendlabor<\/title>\n<meta name=\"robots\" content=\"index, follow, max-snippet:-1, max-image-preview:large, max-video-preview:-1\" \/>\n<link rel=\"canonical\" href=\"https:\/\/www.kliinikum.ee\/yhendlabor\/kasiraamat\/autoimmuunuuringud\/susteemsete-sidekoehaigustega-seotud-igg-paneel\/\" \/>\n<meta property=\"og:locale\" content=\"et_EE\" \/>\n<meta property=\"og:type\" content=\"article\" \/>\n<meta property=\"og:title\" content=\"S\u00fcsteemsete sidekoehaigustega seotud IgG (U1RNP, Sm, SSA, Ro52, SSB, Scl70, PM\/Scl, Jo1, CENPB, PCNA, dsDNA, Nucleos, Histone, Rib P Prot, AMA M2, DFS70) paneel (immunoblot) - \u00dchendlabor\" \/>\n<meta property=\"og:description\" content=\"Immuunanal\u00fc\u00fcsi osakond Anal\u00fc\u00fcsid: S\u00fcsteemsete sidekoehaiguste IgG paneel (IB) dsDNA IgG QN Sm IgG QN U1RNP IgG QN SSA IgG QN SSB IgG QN Scl70 IgG QN Tsentromeer B IgG QN Jo1 IgG QN AMA M2 IgG QN S\u00fcsteemsete sidekoehaiguste IgG paneel eeldab eelnevat positiivset ANA IgG tulemust. Seega seda eraldi tellida ei saa, labor lisab [&hellip;]\" \/>\n<meta property=\"og:url\" content=\"https:\/\/www.kliinikum.ee\/yhendlabor\/kasiraamat\/autoimmuunuuringud\/susteemsete-sidekoehaigustega-seotud-igg-paneel\/\" \/>\n<meta property=\"og:site_name\" content=\"\u00dchendlabor\" \/>\n<meta property=\"article:modified_time\" content=\"2025-12-21T15:45:50+00:00\" \/>\n<meta name=\"twitter:card\" content=\"summary_large_image\" \/>\n<meta name=\"twitter:label1\" content=\"Est. reading time\" \/>\n\t<meta name=\"twitter:data1\" content=\"6 minutit\" \/>\n<script type=\"application\/ld+json\" class=\"yoast-schema-graph\">{\"@context\":\"https:\\\/\\\/schema.org\",\"@graph\":[{\"@type\":\"WebPage\",\"@id\":\"https:\\\/\\\/www.kliinikum.ee\\\/yhendlabor\\\/kasiraamat\\\/autoimmuunuuringud\\\/susteemsete-sidekoehaigustega-seotud-igg-paneel\\\/\",\"url\":\"https:\\\/\\\/www.kliinikum.ee\\\/yhendlabor\\\/kasiraamat\\\/autoimmuunuuringud\\\/susteemsete-sidekoehaigustega-seotud-igg-paneel\\\/\",\"name\":\"S\u00fcsteemsete sidekoehaigustega seotud IgG (U1RNP, Sm, SSA, Ro52, SSB, Scl70, PM\\\/Scl, Jo1, CENPB, PCNA, dsDNA, Nucleos, Histone, Rib P Prot, AMA M2, DFS70) paneel (immunoblot) - \u00dchendlabor\",\"isPartOf\":{\"@id\":\"https:\\\/\\\/www.kliinikum.ee\\\/yhendlabor\\\/#website\"},\"datePublished\":\"2025-05-26T16:05:57+00:00\",\"dateModified\":\"2025-12-21T15:45:50+00:00\",\"breadcrumb\":{\"@id\":\"https:\\\/\\\/www.kliinikum.ee\\\/yhendlabor\\\/kasiraamat\\\/autoimmuunuuringud\\\/susteemsete-sidekoehaigustega-seotud-igg-paneel\\\/#breadcrumb\"},\"inLanguage\":\"et\",\"potentialAction\":[{\"@type\":\"ReadAction\",\"target\":[\"https:\\\/\\\/www.kliinikum.ee\\\/yhendlabor\\\/kasiraamat\\\/autoimmuunuuringud\\\/susteemsete-sidekoehaigustega-seotud-igg-paneel\\\/\"]}]},{\"@type\":\"BreadcrumbList\",\"@id\":\"https:\\\/\\\/www.kliinikum.ee\\\/yhendlabor\\\/kasiraamat\\\/autoimmuunuuringud\\\/susteemsete-sidekoehaigustega-seotud-igg-paneel\\\/#breadcrumb\",\"itemListElement\":[{\"@type\":\"ListItem\",\"position\":1,\"name\":\"Home\",\"item\":\"https:\\\/\\\/www.kliinikum.ee\\\/yhendlabor\\\/\"},{\"@type\":\"ListItem\",\"position\":2,\"name\":\"K\u00e4siraamat\",\"item\":\"https:\\\/\\\/www.kliinikum.ee\\\/yhendlabor\\\/kasiraamat\\\/\"},{\"@type\":\"ListItem\",\"position\":3,\"name\":\"Autoimmuunuuringud\",\"item\":\"https:\\\/\\\/www.kliinikum.ee\\\/yhendlabor\\\/kasiraamat\\\/autoimmuunuuringud\\\/\"},{\"@type\":\"ListItem\",\"position\":4,\"name\":\"S\u00fcsteemsete sidekoehaigustega seotud IgG (U1RNP, Sm, SSA, Ro52, SSB, Scl70, PM\\\/Scl, Jo1, CENPB, PCNA, dsDNA, Nucleos, Histone, Rib P Prot, AMA M2, DFS70) paneel (immunoblot)\"}]},{\"@type\":\"WebSite\",\"@id\":\"https:\\\/\\\/www.kliinikum.ee\\\/yhendlabor\\\/#website\",\"url\":\"https:\\\/\\\/www.kliinikum.ee\\\/yhendlabor\\\/\",\"name\":\"\u00dchendlabor\",\"description\":\"Hoolivus, Uuendusmeelsus, P\u00e4devus ja Usaldusv\u00e4\u00e4rsus\",\"potentialAction\":[{\"@type\":\"SearchAction\",\"target\":{\"@type\":\"EntryPoint\",\"urlTemplate\":\"https:\\\/\\\/www.kliinikum.ee\\\/yhendlabor\\\/?s={search_term_string}\"},\"query-input\":{\"@type\":\"PropertyValueSpecification\",\"valueRequired\":true,\"valueName\":\"search_term_string\"}}],\"inLanguage\":\"et\"}]}<\/script>\n<!-- \/ Yoast SEO plugin. -->","yoast_head_json":{"title":"S\u00fcsteemsete sidekoehaigustega seotud IgG (U1RNP, Sm, SSA, Ro52, SSB, Scl70, PM\/Scl, Jo1, CENPB, PCNA, dsDNA, Nucleos, Histone, Rib P Prot, AMA M2, DFS70) paneel (immunoblot) - \u00dchendlabor","robots":{"index":"index","follow":"follow","max-snippet":"max-snippet:-1","max-image-preview":"max-image-preview:large","max-video-preview":"max-video-preview:-1"},"canonical":"https:\/\/www.kliinikum.ee\/yhendlabor\/kasiraamat\/autoimmuunuuringud\/susteemsete-sidekoehaigustega-seotud-igg-paneel\/","og_locale":"et_EE","og_type":"article","og_title":"S\u00fcsteemsete sidekoehaigustega seotud IgG (U1RNP, Sm, SSA, Ro52, SSB, Scl70, PM\/Scl, Jo1, CENPB, PCNA, dsDNA, Nucleos, Histone, Rib P Prot, AMA M2, DFS70) paneel (immunoblot) - \u00dchendlabor","og_description":"Immuunanal\u00fc\u00fcsi osakond Anal\u00fc\u00fcsid: S\u00fcsteemsete sidekoehaiguste IgG paneel (IB) dsDNA IgG QN Sm IgG QN U1RNP IgG QN SSA IgG QN SSB IgG QN Scl70 IgG QN Tsentromeer B IgG QN Jo1 IgG QN AMA M2 IgG QN S\u00fcsteemsete sidekoehaiguste IgG paneel eeldab eelnevat positiivset ANA IgG tulemust. Seega seda eraldi tellida ei saa, labor lisab [&hellip;]","og_url":"https:\/\/www.kliinikum.ee\/yhendlabor\/kasiraamat\/autoimmuunuuringud\/susteemsete-sidekoehaigustega-seotud-igg-paneel\/","og_site_name":"\u00dchendlabor","article_modified_time":"2025-12-21T15:45:50+00:00","twitter_card":"summary_large_image","twitter_misc":{"Est. reading time":"6 minutit"},"schema":{"@context":"https:\/\/schema.org","@graph":[{"@type":"WebPage","@id":"https:\/\/www.kliinikum.ee\/yhendlabor\/kasiraamat\/autoimmuunuuringud\/susteemsete-sidekoehaigustega-seotud-igg-paneel\/","url":"https:\/\/www.kliinikum.ee\/yhendlabor\/kasiraamat\/autoimmuunuuringud\/susteemsete-sidekoehaigustega-seotud-igg-paneel\/","name":"S\u00fcsteemsete sidekoehaigustega seotud IgG (U1RNP, Sm, SSA, Ro52, SSB, Scl70, PM\/Scl, Jo1, CENPB, PCNA, dsDNA, Nucleos, Histone, Rib P Prot, AMA M2, DFS70) paneel (immunoblot) - \u00dchendlabor","isPartOf":{"@id":"https:\/\/www.kliinikum.ee\/yhendlabor\/#website"},"datePublished":"2025-05-26T16:05:57+00:00","dateModified":"2025-12-21T15:45:50+00:00","breadcrumb":{"@id":"https:\/\/www.kliinikum.ee\/yhendlabor\/kasiraamat\/autoimmuunuuringud\/susteemsete-sidekoehaigustega-seotud-igg-paneel\/#breadcrumb"},"inLanguage":"et","potentialAction":[{"@type":"ReadAction","target":["https:\/\/www.kliinikum.ee\/yhendlabor\/kasiraamat\/autoimmuunuuringud\/susteemsete-sidekoehaigustega-seotud-igg-paneel\/"]}]},{"@type":"BreadcrumbList","@id":"https:\/\/www.kliinikum.ee\/yhendlabor\/kasiraamat\/autoimmuunuuringud\/susteemsete-sidekoehaigustega-seotud-igg-paneel\/#breadcrumb","itemListElement":[{"@type":"ListItem","position":1,"name":"Home","item":"https:\/\/www.kliinikum.ee\/yhendlabor\/"},{"@type":"ListItem","position":2,"name":"K\u00e4siraamat","item":"https:\/\/www.kliinikum.ee\/yhendlabor\/kasiraamat\/"},{"@type":"ListItem","position":3,"name":"Autoimmuunuuringud","item":"https:\/\/www.kliinikum.ee\/yhendlabor\/kasiraamat\/autoimmuunuuringud\/"},{"@type":"ListItem","position":4,"name":"S\u00fcsteemsete sidekoehaigustega seotud IgG (U1RNP, Sm, SSA, Ro52, SSB, Scl70, PM\/Scl, Jo1, CENPB, PCNA, dsDNA, Nucleos, Histone, Rib P Prot, AMA M2, DFS70) paneel (immunoblot)"}]},{"@type":"WebSite","@id":"https:\/\/www.kliinikum.ee\/yhendlabor\/#website","url":"https:\/\/www.kliinikum.ee\/yhendlabor\/","name":"\u00dchendlabor","description":"Hoolivus, Uuendusmeelsus, P\u00e4devus ja Usaldusv\u00e4\u00e4rsus","potentialAction":[{"@type":"SearchAction","target":{"@type":"EntryPoint","urlTemplate":"https:\/\/www.kliinikum.ee\/yhendlabor\/?s={search_term_string}"},"query-input":{"@type":"PropertyValueSpecification","valueRequired":true,"valueName":"search_term_string"}}],"inLanguage":"et"}]}},"uagb_featured_image_src":{"full":false,"thumbnail":false,"medium":false,"medium_large":false,"large":false,"1536x1536":false,"2048x2048":false},"uagb_author_info":{"display_name":"Kadi Siigur","author_link":"https:\/\/www.kliinikum.ee\/yhendlabor\/author\/kadisi\/"},"uagb_comment_info":0,"uagb_excerpt":"Immuunanal\u00fc\u00fcsi osakond Anal\u00fc\u00fcsid: S\u00fcsteemsete sidekoehaiguste IgG paneel (IB) dsDNA IgG QN Sm IgG QN U1RNP IgG QN SSA IgG QN SSB IgG QN Scl70 IgG QN Tsentromeer B IgG QN Jo1 IgG QN AMA M2 IgG QN S\u00fcsteemsete sidekoehaiguste IgG paneel eeldab eelnevat positiivset ANA IgG tulemust. Seega seda eraldi tellida ei saa, labor lisab&hellip;","_links":{"self":[{"href":"https:\/\/www.kliinikum.ee\/yhendlabor\/wp-json\/wp\/v2\/pages\/11453","targetHints":{"allow":["GET"]}}],"collection":[{"href":"https:\/\/www.kliinikum.ee\/yhendlabor\/wp-json\/wp\/v2\/pages"}],"about":[{"href":"https:\/\/www.kliinikum.ee\/yhendlabor\/wp-json\/wp\/v2\/types\/page"}],"author":[{"embeddable":true,"href":"https:\/\/www.kliinikum.ee\/yhendlabor\/wp-json\/wp\/v2\/users\/38"}],"replies":[{"embeddable":true,"href":"https:\/\/www.kliinikum.ee\/yhendlabor\/wp-json\/wp\/v2\/comments?post=11453"}],"version-history":[{"count":0,"href":"https:\/\/www.kliinikum.ee\/yhendlabor\/wp-json\/wp\/v2\/pages\/11453\/revisions"}],"up":[{"embeddable":true,"href":"https:\/\/www.kliinikum.ee\/yhendlabor\/wp-json\/wp\/v2\/pages\/7253"}],"wp:attachment":[{"href":"https:\/\/www.kliinikum.ee\/yhendlabor\/wp-json\/wp\/v2\/media?parent=11453"}],"curies":[{"name":"wp","href":"https:\/\/api.w.org\/{rel}","templated":true}]}}