{"id":11478,"date":"2025-05-26T18:51:53","date_gmt":"2025-05-26T16:51:53","guid":{"rendered":"https:\/\/www.kliinikum.ee\/yhendlabor\/?page_id=11478"},"modified":"2025-12-21T17:51:29","modified_gmt":"2025-12-21T15:51:29","slug":"tureoidperoksudaasivastane-igg-sp-tpo-igg","status":"publish","type":"page","link":"https:\/\/www.kliinikum.ee\/yhendlabor\/kasiraamat\/autoimmuunuuringud\/tureoidperoksudaasivastane-igg-sp-tpo-igg\/","title":{"rendered":"T\u00fcreoidperoks\u00fcdaasivastane IgG (S,P-TPO IgG)"},"content":{"rendered":"\n<p><em>Kliinilise keemia ja laboratoorse hematoloogia osakond<\/em><\/p>\n\n\n\n<p><strong>T\u00fcreoidperoks\u00fcdaasivastased antikehad (TPO Ab) <\/strong>on kilpn\u00e4\u00e4rmes produtseeritava ens\u00fc\u00fcmi t\u00fcreoidperoks\u00fcdaasi (TPO) vastu suunatud autoantikehad. TPO osaleb kilpn\u00e4\u00e4rme hormoonide trijoodt\u00fcroniini (T3) ja t\u00fcroksiini (T4) s\u00fcnteesil. Kilpn\u00e4\u00e4rme autoimmuunsete haiguste korral tekkivad TPO antikehad p\u00e4rsivad T3 ja T4 s\u00fcnteesi. Ka t\u00fcreostaatilised preparaadid m\u00f5juvad t\u00fcreoidperoks\u00fcdaasi funktsioonile.<\/p>\n\n\n\n<p class=\"has-medium-font-size\"><strong>Uuritav materjal, selle v\u00f5tmine, saatmine ja s\u00e4ilitamine<\/strong><\/p>\n\n\n\n<figure class=\"wp-block-table is-style-stripes\"><table width=\"100%\"><tbody><tr><td width=\"1%\"><\/td><td width=\"15%\"><strong>Katsuti<\/strong><\/td><td width=\"84%\">Geeli ja h\u00fc\u00fcbimisaktivaatoriga katsuti (punane kollase r\u00f5ngaga v\u00f5i kollane kork) v\u00f5i geeliga LH-katsuti (roheline kollase r\u00f5ngaga v\u00f5i heleroheline kork)<\/td><\/tr><tr><td width=\"1%\"><\/td><td width=\"15%\"><strong>S\u00e4ilivus<\/strong><\/td><td width=\"84%\">Seerum\/plasma toatemperatuuril kaheksa p\u00e4eva, +4 \u00b0C kaheksa p\u00e4eva, -20 \u00b0C kaks aastat<\/td><\/tr><\/tbody><\/table><\/figure>\n\n\n\n<p class=\"has-medium-font-size\"><strong>Anal\u00fc\u00fcsi tegemise aeg:<\/strong> t\u00f6\u00f6p\u00e4eviti<\/p>\n\n\n\n<p class=\"has-medium-font-size\"><strong>Anal\u00fc\u00fcsimeetod:<\/strong> elektrokemoluminestsents-immuunmeetod (ECLIA)<\/p>\n\n\n\n<p class=\"has-medium-font-size\"><strong>Referentsv\u00e4\u00e4rtused<\/strong><\/p>\n\n\n\n<figure class=\"wp-block-table\"><table width=\"100%\"><tbody><tr><td width=\"1%\"><\/td><td width=\"30%\"><strong>&lt; 6 p<\/strong><\/td><td width=\"69%\">&lt; 117 kU\/L<\/td><\/tr><tr><td width=\"1%\"><\/td><td width=\"30%\"><strong>6 p \u2013 &lt; 4 k<\/strong><\/td><td width=\"69%\">&lt; 47 kU\/L<\/td><\/tr><tr><td width=\"1%\"><\/td><td width=\"30%\"><strong>4 k \u2013 &lt; 1 a<\/strong><\/td><td width=\"69%\">&lt; 32 kU\/L<\/td><\/tr><tr><td width=\"1%\"><\/td><td width=\"30%\"><strong>1 a \u2013 &lt; 7 a<\/strong><\/td><td width=\"69%\">&lt; 13 kU\/L<\/td><\/tr><tr><td width=\"1%\"><\/td><td width=\"30%\"><strong>7 a \u2013 &lt; 12 a<\/strong><\/td><td width=\"69%\">&lt; 18 kU\/L<\/td><\/tr><tr><td width=\"1%\"><\/td><td width=\"30%\"><strong>12 a \u2013 &lt; 20 a<\/strong><\/td><td width=\"69%\">&lt; 26 kU\/L<\/td><\/tr><tr><td width=\"1%\"><\/td><td width=\"30%\"><strong>\u2265 21 a<\/strong><\/td><td width=\"69%\">&lt; 34 kU\/L<\/td><\/tr><\/tbody><\/table><\/figure>\n\n\n\n<p class=\"has-medium-font-size\"><strong>N\u00e4idustus ja kliiniline t\u00e4hendus<\/strong><\/p>\n\n\n\n<p>Kilpn\u00e4\u00e4rme autoimmuunsete haiguste diagnostika \u2013 Hashimoto t\u00fcreoidiit, Gravesi t\u00f5bi. Ebaselge geneesiga h\u00fcpo- v\u00f5i h\u00fcpert\u00fcreoosi diagnostika.<\/p>\n\n\n\n<p>Peaaegu k\u00f5igil Hashimoto t\u00fcreoidiiti p\u00f5devatel patsientidel on TPO IgG tase k\u00f5rgem, samuti 70\u201380% Gravesi t\u00f5vega patsientidel. H\u00fcpot\u00fcreooside autoimmuunset geneesi toetab TPO IgG t\u00f5usuga kaasnev kilpn\u00e4\u00e4ret stimuleeriva hormooni (TSH) taseme t\u00f5us.<\/p>\n\n\n\n<p>Subkliiniliste h\u00fcpot\u00fcreoosi juhtude puhul (TSH tase t\u00f5usnud, fT4 tase normis) v\u00f5ib TPO antikehade esinemine olla ravi alustamise n\u00e4idustuseks.<\/p>\n\n\n\n<p>50%-l rasedatest, kellel raseduse alguses on TPO antikehad positiivsed, areneb s\u00fcnnitusj\u00e4rgselt kilpn\u00e4\u00e4rme d\u00fcsfunktsioon.<\/p>\n\n\n\n<p>TPO IgG nivoo on paljudel juhtudel t\u00f5usnud ka mitmete teiste autoimmuunhaiguste korral (reumatoidartriit, Sj\u00f6greni s\u00fcndroom jt).<\/p>\n\n\n\n<p>Vt ka: <a href=\"https:\/\/www.kliinikum.ee\/yhendlabor\/kasiraamat\/autoimmuunuuringud\/tureotropiini-retseptorit-stimuleerivad-antikehad-sp-tsi\/\">T\u00fcreotropiini retseptorit stimuleerivad antikehad<\/a><\/p>\n\n\n\n<p>Koostajad: Rain Lehtme, Kaja Vaagen<br>Muudetud 06.09.2023<\/p>\n\n\n\n<p><\/p>\n","protected":false},"excerpt":{"rendered":"<p>Kliinilise keemia ja laboratoorse hematoloogia osakond T\u00fcreoidperoks\u00fcdaasivastased antikehad (TPO Ab) on kilpn\u00e4\u00e4rmes produtseeritava ens\u00fc\u00fcmi t\u00fcreoidperoks\u00fcdaasi (TPO) vastu suunatud autoantikehad. TPO osaleb kilpn\u00e4\u00e4rme hormoonide trijoodt\u00fcroniini (T3) ja t\u00fcroksiini (T4) s\u00fcnteesil. Kilpn\u00e4\u00e4rme autoimmuunsete haiguste korral tekkivad TPO antikehad p\u00e4rsivad T3 ja T4 s\u00fcnteesi. Ka t\u00fcreostaatilised preparaadid m\u00f5juvad t\u00fcreoidperoks\u00fcdaasi funktsioonile. Uuritav materjal, selle v\u00f5tmine, saatmine ja s\u00e4ilitamine Katsuti [&hellip;]<\/p>\n","protected":false},"author":38,"featured_media":0,"parent":7253,"menu_order":19,"comment_status":"closed","ping_status":"closed","template":"","meta":{"_uag_custom_page_level_css":"","footnotes":""},"class_list":["post-11478","page","type-page","status-publish","hentry"],"acf":[],"yoast_head":"<!-- This site is optimized with the Yoast SEO plugin v27.3 - https:\/\/yoast.com\/product\/yoast-seo-wordpress\/ -->\n<title>T\u00fcreoidperoks\u00fcdaasivastane IgG (S,P-TPO IgG) - \u00dchendlabor<\/title>\n<meta name=\"robots\" content=\"index, follow, max-snippet:-1, max-image-preview:large, max-video-preview:-1\" \/>\n<link rel=\"canonical\" href=\"https:\/\/www.kliinikum.ee\/yhendlabor\/kasiraamat\/autoimmuunuuringud\/tureoidperoksudaasivastane-igg-sp-tpo-igg\/\" \/>\n<meta property=\"og:locale\" content=\"et_EE\" \/>\n<meta property=\"og:type\" content=\"article\" \/>\n<meta property=\"og:title\" content=\"T\u00fcreoidperoks\u00fcdaasivastane IgG (S,P-TPO IgG) - \u00dchendlabor\" \/>\n<meta property=\"og:description\" content=\"Kliinilise keemia ja laboratoorse hematoloogia osakond T\u00fcreoidperoks\u00fcdaasivastased antikehad (TPO Ab) on kilpn\u00e4\u00e4rmes produtseeritava ens\u00fc\u00fcmi t\u00fcreoidperoks\u00fcdaasi (TPO) vastu suunatud autoantikehad. TPO osaleb kilpn\u00e4\u00e4rme hormoonide trijoodt\u00fcroniini (T3) ja t\u00fcroksiini (T4) s\u00fcnteesil. Kilpn\u00e4\u00e4rme autoimmuunsete haiguste korral tekkivad TPO antikehad p\u00e4rsivad T3 ja T4 s\u00fcnteesi. Ka t\u00fcreostaatilised preparaadid m\u00f5juvad t\u00fcreoidperoks\u00fcdaasi funktsioonile. Uuritav materjal, selle v\u00f5tmine, saatmine ja s\u00e4ilitamine Katsuti [&hellip;]\" \/>\n<meta property=\"og:url\" content=\"https:\/\/www.kliinikum.ee\/yhendlabor\/kasiraamat\/autoimmuunuuringud\/tureoidperoksudaasivastane-igg-sp-tpo-igg\/\" \/>\n<meta property=\"og:site_name\" content=\"\u00dchendlabor\" \/>\n<meta property=\"article:modified_time\" content=\"2025-12-21T15:51:29+00:00\" \/>\n<meta name=\"twitter:card\" content=\"summary_large_image\" \/>\n<meta name=\"twitter:label1\" content=\"Est. reading time\" \/>\n\t<meta name=\"twitter:data1\" content=\"2 minutit\" \/>\n<script type=\"application\/ld+json\" class=\"yoast-schema-graph\">{\"@context\":\"https:\\\/\\\/schema.org\",\"@graph\":[{\"@type\":\"WebPage\",\"@id\":\"https:\\\/\\\/www.kliinikum.ee\\\/yhendlabor\\\/kasiraamat\\\/autoimmuunuuringud\\\/tureoidperoksudaasivastane-igg-sp-tpo-igg\\\/\",\"url\":\"https:\\\/\\\/www.kliinikum.ee\\\/yhendlabor\\\/kasiraamat\\\/autoimmuunuuringud\\\/tureoidperoksudaasivastane-igg-sp-tpo-igg\\\/\",\"name\":\"T\u00fcreoidperoks\u00fcdaasivastane IgG (S,P-TPO IgG) - \u00dchendlabor\",\"isPartOf\":{\"@id\":\"https:\\\/\\\/www.kliinikum.ee\\\/yhendlabor\\\/#website\"},\"datePublished\":\"2025-05-26T16:51:53+00:00\",\"dateModified\":\"2025-12-21T15:51:29+00:00\",\"breadcrumb\":{\"@id\":\"https:\\\/\\\/www.kliinikum.ee\\\/yhendlabor\\\/kasiraamat\\\/autoimmuunuuringud\\\/tureoidperoksudaasivastane-igg-sp-tpo-igg\\\/#breadcrumb\"},\"inLanguage\":\"et\",\"potentialAction\":[{\"@type\":\"ReadAction\",\"target\":[\"https:\\\/\\\/www.kliinikum.ee\\\/yhendlabor\\\/kasiraamat\\\/autoimmuunuuringud\\\/tureoidperoksudaasivastane-igg-sp-tpo-igg\\\/\"]}]},{\"@type\":\"BreadcrumbList\",\"@id\":\"https:\\\/\\\/www.kliinikum.ee\\\/yhendlabor\\\/kasiraamat\\\/autoimmuunuuringud\\\/tureoidperoksudaasivastane-igg-sp-tpo-igg\\\/#breadcrumb\",\"itemListElement\":[{\"@type\":\"ListItem\",\"position\":1,\"name\":\"Home\",\"item\":\"https:\\\/\\\/www.kliinikum.ee\\\/yhendlabor\\\/\"},{\"@type\":\"ListItem\",\"position\":2,\"name\":\"K\u00e4siraamat\",\"item\":\"https:\\\/\\\/www.kliinikum.ee\\\/yhendlabor\\\/kasiraamat\\\/\"},{\"@type\":\"ListItem\",\"position\":3,\"name\":\"Autoimmuunuuringud\",\"item\":\"https:\\\/\\\/www.kliinikum.ee\\\/yhendlabor\\\/kasiraamat\\\/autoimmuunuuringud\\\/\"},{\"@type\":\"ListItem\",\"position\":4,\"name\":\"T\u00fcreoidperoks\u00fcdaasivastane IgG (S,P-TPO IgG)\"}]},{\"@type\":\"WebSite\",\"@id\":\"https:\\\/\\\/www.kliinikum.ee\\\/yhendlabor\\\/#website\",\"url\":\"https:\\\/\\\/www.kliinikum.ee\\\/yhendlabor\\\/\",\"name\":\"\u00dchendlabor\",\"description\":\"Hoolivus, Uuendusmeelsus, P\u00e4devus ja Usaldusv\u00e4\u00e4rsus\",\"potentialAction\":[{\"@type\":\"SearchAction\",\"target\":{\"@type\":\"EntryPoint\",\"urlTemplate\":\"https:\\\/\\\/www.kliinikum.ee\\\/yhendlabor\\\/?s={search_term_string}\"},\"query-input\":{\"@type\":\"PropertyValueSpecification\",\"valueRequired\":true,\"valueName\":\"search_term_string\"}}],\"inLanguage\":\"et\"}]}<\/script>\n<!-- \/ Yoast SEO plugin. -->","yoast_head_json":{"title":"T\u00fcreoidperoks\u00fcdaasivastane IgG (S,P-TPO IgG) - \u00dchendlabor","robots":{"index":"index","follow":"follow","max-snippet":"max-snippet:-1","max-image-preview":"max-image-preview:large","max-video-preview":"max-video-preview:-1"},"canonical":"https:\/\/www.kliinikum.ee\/yhendlabor\/kasiraamat\/autoimmuunuuringud\/tureoidperoksudaasivastane-igg-sp-tpo-igg\/","og_locale":"et_EE","og_type":"article","og_title":"T\u00fcreoidperoks\u00fcdaasivastane IgG (S,P-TPO IgG) - \u00dchendlabor","og_description":"Kliinilise keemia ja laboratoorse hematoloogia osakond T\u00fcreoidperoks\u00fcdaasivastased antikehad (TPO Ab) on kilpn\u00e4\u00e4rmes produtseeritava ens\u00fc\u00fcmi t\u00fcreoidperoks\u00fcdaasi (TPO) vastu suunatud autoantikehad. TPO osaleb kilpn\u00e4\u00e4rme hormoonide trijoodt\u00fcroniini (T3) ja t\u00fcroksiini (T4) s\u00fcnteesil. Kilpn\u00e4\u00e4rme autoimmuunsete haiguste korral tekkivad TPO antikehad p\u00e4rsivad T3 ja T4 s\u00fcnteesi. Ka t\u00fcreostaatilised preparaadid m\u00f5juvad t\u00fcreoidperoks\u00fcdaasi funktsioonile. Uuritav materjal, selle v\u00f5tmine, saatmine ja s\u00e4ilitamine Katsuti [&hellip;]","og_url":"https:\/\/www.kliinikum.ee\/yhendlabor\/kasiraamat\/autoimmuunuuringud\/tureoidperoksudaasivastane-igg-sp-tpo-igg\/","og_site_name":"\u00dchendlabor","article_modified_time":"2025-12-21T15:51:29+00:00","twitter_card":"summary_large_image","twitter_misc":{"Est. reading time":"2 minutit"},"schema":{"@context":"https:\/\/schema.org","@graph":[{"@type":"WebPage","@id":"https:\/\/www.kliinikum.ee\/yhendlabor\/kasiraamat\/autoimmuunuuringud\/tureoidperoksudaasivastane-igg-sp-tpo-igg\/","url":"https:\/\/www.kliinikum.ee\/yhendlabor\/kasiraamat\/autoimmuunuuringud\/tureoidperoksudaasivastane-igg-sp-tpo-igg\/","name":"T\u00fcreoidperoks\u00fcdaasivastane IgG (S,P-TPO IgG) - \u00dchendlabor","isPartOf":{"@id":"https:\/\/www.kliinikum.ee\/yhendlabor\/#website"},"datePublished":"2025-05-26T16:51:53+00:00","dateModified":"2025-12-21T15:51:29+00:00","breadcrumb":{"@id":"https:\/\/www.kliinikum.ee\/yhendlabor\/kasiraamat\/autoimmuunuuringud\/tureoidperoksudaasivastane-igg-sp-tpo-igg\/#breadcrumb"},"inLanguage":"et","potentialAction":[{"@type":"ReadAction","target":["https:\/\/www.kliinikum.ee\/yhendlabor\/kasiraamat\/autoimmuunuuringud\/tureoidperoksudaasivastane-igg-sp-tpo-igg\/"]}]},{"@type":"BreadcrumbList","@id":"https:\/\/www.kliinikum.ee\/yhendlabor\/kasiraamat\/autoimmuunuuringud\/tureoidperoksudaasivastane-igg-sp-tpo-igg\/#breadcrumb","itemListElement":[{"@type":"ListItem","position":1,"name":"Home","item":"https:\/\/www.kliinikum.ee\/yhendlabor\/"},{"@type":"ListItem","position":2,"name":"K\u00e4siraamat","item":"https:\/\/www.kliinikum.ee\/yhendlabor\/kasiraamat\/"},{"@type":"ListItem","position":3,"name":"Autoimmuunuuringud","item":"https:\/\/www.kliinikum.ee\/yhendlabor\/kasiraamat\/autoimmuunuuringud\/"},{"@type":"ListItem","position":4,"name":"T\u00fcreoidperoks\u00fcdaasivastane IgG (S,P-TPO IgG)"}]},{"@type":"WebSite","@id":"https:\/\/www.kliinikum.ee\/yhendlabor\/#website","url":"https:\/\/www.kliinikum.ee\/yhendlabor\/","name":"\u00dchendlabor","description":"Hoolivus, Uuendusmeelsus, P\u00e4devus ja Usaldusv\u00e4\u00e4rsus","potentialAction":[{"@type":"SearchAction","target":{"@type":"EntryPoint","urlTemplate":"https:\/\/www.kliinikum.ee\/yhendlabor\/?s={search_term_string}"},"query-input":{"@type":"PropertyValueSpecification","valueRequired":true,"valueName":"search_term_string"}}],"inLanguage":"et"}]}},"uagb_featured_image_src":{"full":false,"thumbnail":false,"medium":false,"medium_large":false,"large":false,"1536x1536":false,"2048x2048":false},"uagb_author_info":{"display_name":"Kadi Siigur","author_link":"https:\/\/www.kliinikum.ee\/yhendlabor\/author\/kadisi\/"},"uagb_comment_info":0,"uagb_excerpt":"Kliinilise keemia ja laboratoorse hematoloogia osakond T\u00fcreoidperoks\u00fcdaasivastased antikehad (TPO Ab) on kilpn\u00e4\u00e4rmes produtseeritava ens\u00fc\u00fcmi t\u00fcreoidperoks\u00fcdaasi (TPO) vastu suunatud autoantikehad. TPO osaleb kilpn\u00e4\u00e4rme hormoonide trijoodt\u00fcroniini (T3) ja t\u00fcroksiini (T4) s\u00fcnteesil. Kilpn\u00e4\u00e4rme autoimmuunsete haiguste korral tekkivad TPO antikehad p\u00e4rsivad T3 ja T4 s\u00fcnteesi. Ka t\u00fcreostaatilised preparaadid m\u00f5juvad t\u00fcreoidperoks\u00fcdaasi funktsioonile. Uuritav materjal, selle v\u00f5tmine, saatmine ja s\u00e4ilitamine Katsuti&hellip;","_links":{"self":[{"href":"https:\/\/www.kliinikum.ee\/yhendlabor\/wp-json\/wp\/v2\/pages\/11478","targetHints":{"allow":["GET"]}}],"collection":[{"href":"https:\/\/www.kliinikum.ee\/yhendlabor\/wp-json\/wp\/v2\/pages"}],"about":[{"href":"https:\/\/www.kliinikum.ee\/yhendlabor\/wp-json\/wp\/v2\/types\/page"}],"author":[{"embeddable":true,"href":"https:\/\/www.kliinikum.ee\/yhendlabor\/wp-json\/wp\/v2\/users\/38"}],"replies":[{"embeddable":true,"href":"https:\/\/www.kliinikum.ee\/yhendlabor\/wp-json\/wp\/v2\/comments?post=11478"}],"version-history":[{"count":0,"href":"https:\/\/www.kliinikum.ee\/yhendlabor\/wp-json\/wp\/v2\/pages\/11478\/revisions"}],"up":[{"embeddable":true,"href":"https:\/\/www.kliinikum.ee\/yhendlabor\/wp-json\/wp\/v2\/pages\/7253"}],"wp:attachment":[{"href":"https:\/\/www.kliinikum.ee\/yhendlabor\/wp-json\/wp\/v2\/media?parent=11478"}],"curies":[{"name":"wp","href":"https:\/\/api.w.org\/{rel}","templated":true}]}}