{"id":11486,"date":"2025-05-26T19:00:14","date_gmt":"2025-05-26T17:00:14","guid":{"rendered":"https:\/\/www.kliinikum.ee\/yhendlabor\/?page_id=11486"},"modified":"2025-11-15T19:36:13","modified_gmt":"2025-11-15T17:36:13","slug":"glomeeruli-basaalmembraani-vastane-igg-s-gbma-igg","status":"publish","type":"page","link":"https:\/\/www.kliinikum.ee\/yhendlabor\/kasiraamat\/autoimmuunuuringud\/glomeeruli-basaalmembraani-vastane-igg-s-gbma-igg\/","title":{"rendered":"Glomeeruli basaalmembraani vastane IgG (S-GBMA IgG)"},"content":{"rendered":"\n<p><em>Immuunanal\u00fc\u00fcsi osakond<\/em><\/p>\n\n\n\n<p><strong>Glomeeruli basaalmembraani vastase IgG<\/strong> sihtantigeeniks on glomeerulite basaalmembraani koostises oleva 4. t\u00fc\u00fcpi kollageeni kolm alfa-ahelat, mis moodustavad mitmeid erinevaid domeene. NC1 domeen on peamine antikehade seostumise koht.<\/p>\n\n\n\n<p class=\"has-medium-font-size\"><strong>Uuritav materjal, selle v\u00f5tmine, saatmine ja s\u00e4ilitamine<\/strong><\/p>\n\n\n\n<p><\/p>\n\n\n\n<figure class=\"wp-block-table is-style-stripes\"><table width=\"100%\"><tbody><tr><td width=\"1%\"><\/td><td width=\"15%\"><strong>Katsuti<\/strong><\/td><td width=\"84%\">&nbsp;Geeli ja h\u00fc\u00fcbimisaktivaatoriga katsuti (kollane kork)<\/td><\/tr><tr><td width=\"1%\"><\/td><td width=\"15%\"><strong>S\u00e4ilivus<\/strong><\/td><td width=\"84%\">&nbsp;Seerum +4 \u00b0C kaks p\u00e4eva, -20 \u00b0C kaks kuud<\/td><\/tr><\/tbody><\/table><\/figure>\n\n\n\n<p class=\"has-medium-font-size\"><strong>Anal\u00fc\u00fcsi tegemise aeg: <\/strong>kord n\u00e4dalas<\/p>\n\n\n\n<p class=\"has-medium-font-size\"><strong>Anal\u00fc\u00fcsimeetod: <\/strong>ens\u00fc\u00fcm-immuunsorptsioonmeetod (ELISA)<\/p>\n\n\n\n<p class=\"has-medium-font-size\"><strong>Referentsv\u00e4\u00e4rtused<\/strong><\/p>\n\n\n\n<figure class=\"wp-block-table\"><table><tbody><tr><td width=\"1%\"><\/td><td width=\"30%\"><strong>K\u00f5ik vanusegrupid<\/strong><\/td><td width=\"35%\">&lt; 20 RU\/mL<\/td><td width=\"34%\">negatiivne<\/td><\/tr><tr><td width=\"1%\"><\/td><td width=\"30%\">&nbsp;<\/td><td width=\"35%\">\u2265 20 RU\/mL<\/td><td width=\"34%\">positiivne<\/td><\/tr><\/tbody><\/table><\/figure>\n\n\n\n<p class=\"has-medium-font-size\"><strong>N\u00e4idustus ja kliiniline t\u00e4hendus<\/strong><\/p>\n\n\n\n<p>GBMA IgG esinemine on seotud kiiresti progresseeruva glomerulonefriidiga, peamiselt anti-GBM glomerulonefriidi ja Goodpasture\u2019i s\u00fcndroomiga (antikehi esineb 80\u201390% patsientidest). Harva leitakse neid autoantikehi kopsu hemorraagiaga patsientidel, kellel glomerulonefriiti ei kaasu.<\/p>\n\n\n\n<p>Koostaja: Kaja Metsk\u00fcla<\/p>\n","protected":false},"excerpt":{"rendered":"<p>Immuunanal\u00fc\u00fcsi osakond Glomeeruli basaalmembraani vastase IgG sihtantigeeniks on glomeerulite basaalmembraani koostises oleva 4. t\u00fc\u00fcpi kollageeni kolm alfa-ahelat, mis moodustavad mitmeid erinevaid domeene. NC1 domeen on peamine antikehade seostumise koht. Uuritav materjal, selle v\u00f5tmine, saatmine ja s\u00e4ilitamine Katsuti &nbsp;Geeli ja h\u00fc\u00fcbimisaktivaatoriga katsuti (kollane kork) S\u00e4ilivus &nbsp;Seerum +4 \u00b0C kaks p\u00e4eva, -20 \u00b0C kaks kuud Anal\u00fc\u00fcsi tegemise [&hellip;]<\/p>\n","protected":false},"author":38,"featured_media":0,"parent":7253,"menu_order":8,"comment_status":"closed","ping_status":"closed","template":"","meta":{"_uag_custom_page_level_css":"","footnotes":""},"class_list":["post-11486","page","type-page","status-publish","hentry"],"acf":[],"yoast_head":"<!-- This site is optimized with the Yoast SEO plugin v27.3 - https:\/\/yoast.com\/product\/yoast-seo-wordpress\/ -->\n<title>Glomeeruli basaalmembraani vastane IgG (S-GBMA IgG) - \u00dchendlabor<\/title>\n<meta name=\"robots\" content=\"index, follow, max-snippet:-1, max-image-preview:large, max-video-preview:-1\" \/>\n<link rel=\"canonical\" href=\"https:\/\/www.kliinikum.ee\/yhendlabor\/kasiraamat\/autoimmuunuuringud\/glomeeruli-basaalmembraani-vastane-igg-s-gbma-igg\/\" \/>\n<meta property=\"og:locale\" content=\"et_EE\" \/>\n<meta property=\"og:type\" content=\"article\" \/>\n<meta property=\"og:title\" content=\"Glomeeruli basaalmembraani vastane IgG (S-GBMA IgG) - \u00dchendlabor\" \/>\n<meta property=\"og:description\" content=\"Immuunanal\u00fc\u00fcsi osakond Glomeeruli basaalmembraani vastase IgG sihtantigeeniks on glomeerulite basaalmembraani koostises oleva 4. t\u00fc\u00fcpi kollageeni kolm alfa-ahelat, mis moodustavad mitmeid erinevaid domeene. NC1 domeen on peamine antikehade seostumise koht. Uuritav materjal, selle v\u00f5tmine, saatmine ja s\u00e4ilitamine Katsuti &nbsp;Geeli ja h\u00fc\u00fcbimisaktivaatoriga katsuti (kollane kork) S\u00e4ilivus &nbsp;Seerum +4 \u00b0C kaks p\u00e4eva, -20 \u00b0C kaks kuud Anal\u00fc\u00fcsi tegemise [&hellip;]\" \/>\n<meta property=\"og:url\" content=\"https:\/\/www.kliinikum.ee\/yhendlabor\/kasiraamat\/autoimmuunuuringud\/glomeeruli-basaalmembraani-vastane-igg-s-gbma-igg\/\" \/>\n<meta property=\"og:site_name\" content=\"\u00dchendlabor\" \/>\n<meta property=\"article:modified_time\" content=\"2025-11-15T17:36:13+00:00\" \/>\n<meta name=\"twitter:card\" content=\"summary_large_image\" \/>\n<meta name=\"twitter:label1\" content=\"Est. reading time\" \/>\n\t<meta name=\"twitter:data1\" content=\"1 minut\" \/>\n<script type=\"application\/ld+json\" class=\"yoast-schema-graph\">{\"@context\":\"https:\\\/\\\/schema.org\",\"@graph\":[{\"@type\":\"WebPage\",\"@id\":\"https:\\\/\\\/www.kliinikum.ee\\\/yhendlabor\\\/kasiraamat\\\/autoimmuunuuringud\\\/glomeeruli-basaalmembraani-vastane-igg-s-gbma-igg\\\/\",\"url\":\"https:\\\/\\\/www.kliinikum.ee\\\/yhendlabor\\\/kasiraamat\\\/autoimmuunuuringud\\\/glomeeruli-basaalmembraani-vastane-igg-s-gbma-igg\\\/\",\"name\":\"Glomeeruli basaalmembraani vastane IgG (S-GBMA IgG) - \u00dchendlabor\",\"isPartOf\":{\"@id\":\"https:\\\/\\\/www.kliinikum.ee\\\/yhendlabor\\\/#website\"},\"datePublished\":\"2025-05-26T17:00:14+00:00\",\"dateModified\":\"2025-11-15T17:36:13+00:00\",\"breadcrumb\":{\"@id\":\"https:\\\/\\\/www.kliinikum.ee\\\/yhendlabor\\\/kasiraamat\\\/autoimmuunuuringud\\\/glomeeruli-basaalmembraani-vastane-igg-s-gbma-igg\\\/#breadcrumb\"},\"inLanguage\":\"et\",\"potentialAction\":[{\"@type\":\"ReadAction\",\"target\":[\"https:\\\/\\\/www.kliinikum.ee\\\/yhendlabor\\\/kasiraamat\\\/autoimmuunuuringud\\\/glomeeruli-basaalmembraani-vastane-igg-s-gbma-igg\\\/\"]}]},{\"@type\":\"BreadcrumbList\",\"@id\":\"https:\\\/\\\/www.kliinikum.ee\\\/yhendlabor\\\/kasiraamat\\\/autoimmuunuuringud\\\/glomeeruli-basaalmembraani-vastane-igg-s-gbma-igg\\\/#breadcrumb\",\"itemListElement\":[{\"@type\":\"ListItem\",\"position\":1,\"name\":\"Home\",\"item\":\"https:\\\/\\\/www.kliinikum.ee\\\/yhendlabor\\\/\"},{\"@type\":\"ListItem\",\"position\":2,\"name\":\"K\u00e4siraamat\",\"item\":\"https:\\\/\\\/www.kliinikum.ee\\\/yhendlabor\\\/kasiraamat\\\/\"},{\"@type\":\"ListItem\",\"position\":3,\"name\":\"Autoimmuunuuringud\",\"item\":\"https:\\\/\\\/www.kliinikum.ee\\\/yhendlabor\\\/kasiraamat\\\/autoimmuunuuringud\\\/\"},{\"@type\":\"ListItem\",\"position\":4,\"name\":\"Glomeeruli basaalmembraani vastane IgG (S-GBMA IgG)\"}]},{\"@type\":\"WebSite\",\"@id\":\"https:\\\/\\\/www.kliinikum.ee\\\/yhendlabor\\\/#website\",\"url\":\"https:\\\/\\\/www.kliinikum.ee\\\/yhendlabor\\\/\",\"name\":\"\u00dchendlabor\",\"description\":\"Hoolivus, Uuendusmeelsus, P\u00e4devus ja Usaldusv\u00e4\u00e4rsus\",\"potentialAction\":[{\"@type\":\"SearchAction\",\"target\":{\"@type\":\"EntryPoint\",\"urlTemplate\":\"https:\\\/\\\/www.kliinikum.ee\\\/yhendlabor\\\/?s={search_term_string}\"},\"query-input\":{\"@type\":\"PropertyValueSpecification\",\"valueRequired\":true,\"valueName\":\"search_term_string\"}}],\"inLanguage\":\"et\"}]}<\/script>\n<!-- \/ Yoast SEO plugin. -->","yoast_head_json":{"title":"Glomeeruli basaalmembraani vastane IgG (S-GBMA IgG) - \u00dchendlabor","robots":{"index":"index","follow":"follow","max-snippet":"max-snippet:-1","max-image-preview":"max-image-preview:large","max-video-preview":"max-video-preview:-1"},"canonical":"https:\/\/www.kliinikum.ee\/yhendlabor\/kasiraamat\/autoimmuunuuringud\/glomeeruli-basaalmembraani-vastane-igg-s-gbma-igg\/","og_locale":"et_EE","og_type":"article","og_title":"Glomeeruli basaalmembraani vastane IgG (S-GBMA IgG) - \u00dchendlabor","og_description":"Immuunanal\u00fc\u00fcsi osakond Glomeeruli basaalmembraani vastase IgG sihtantigeeniks on glomeerulite basaalmembraani koostises oleva 4. t\u00fc\u00fcpi kollageeni kolm alfa-ahelat, mis moodustavad mitmeid erinevaid domeene. NC1 domeen on peamine antikehade seostumise koht. Uuritav materjal, selle v\u00f5tmine, saatmine ja s\u00e4ilitamine Katsuti &nbsp;Geeli ja h\u00fc\u00fcbimisaktivaatoriga katsuti (kollane kork) S\u00e4ilivus &nbsp;Seerum +4 \u00b0C kaks p\u00e4eva, -20 \u00b0C kaks kuud Anal\u00fc\u00fcsi tegemise [&hellip;]","og_url":"https:\/\/www.kliinikum.ee\/yhendlabor\/kasiraamat\/autoimmuunuuringud\/glomeeruli-basaalmembraani-vastane-igg-s-gbma-igg\/","og_site_name":"\u00dchendlabor","article_modified_time":"2025-11-15T17:36:13+00:00","twitter_card":"summary_large_image","twitter_misc":{"Est. reading time":"1 minut"},"schema":{"@context":"https:\/\/schema.org","@graph":[{"@type":"WebPage","@id":"https:\/\/www.kliinikum.ee\/yhendlabor\/kasiraamat\/autoimmuunuuringud\/glomeeruli-basaalmembraani-vastane-igg-s-gbma-igg\/","url":"https:\/\/www.kliinikum.ee\/yhendlabor\/kasiraamat\/autoimmuunuuringud\/glomeeruli-basaalmembraani-vastane-igg-s-gbma-igg\/","name":"Glomeeruli basaalmembraani vastane IgG (S-GBMA IgG) - \u00dchendlabor","isPartOf":{"@id":"https:\/\/www.kliinikum.ee\/yhendlabor\/#website"},"datePublished":"2025-05-26T17:00:14+00:00","dateModified":"2025-11-15T17:36:13+00:00","breadcrumb":{"@id":"https:\/\/www.kliinikum.ee\/yhendlabor\/kasiraamat\/autoimmuunuuringud\/glomeeruli-basaalmembraani-vastane-igg-s-gbma-igg\/#breadcrumb"},"inLanguage":"et","potentialAction":[{"@type":"ReadAction","target":["https:\/\/www.kliinikum.ee\/yhendlabor\/kasiraamat\/autoimmuunuuringud\/glomeeruli-basaalmembraani-vastane-igg-s-gbma-igg\/"]}]},{"@type":"BreadcrumbList","@id":"https:\/\/www.kliinikum.ee\/yhendlabor\/kasiraamat\/autoimmuunuuringud\/glomeeruli-basaalmembraani-vastane-igg-s-gbma-igg\/#breadcrumb","itemListElement":[{"@type":"ListItem","position":1,"name":"Home","item":"https:\/\/www.kliinikum.ee\/yhendlabor\/"},{"@type":"ListItem","position":2,"name":"K\u00e4siraamat","item":"https:\/\/www.kliinikum.ee\/yhendlabor\/kasiraamat\/"},{"@type":"ListItem","position":3,"name":"Autoimmuunuuringud","item":"https:\/\/www.kliinikum.ee\/yhendlabor\/kasiraamat\/autoimmuunuuringud\/"},{"@type":"ListItem","position":4,"name":"Glomeeruli basaalmembraani vastane IgG (S-GBMA IgG)"}]},{"@type":"WebSite","@id":"https:\/\/www.kliinikum.ee\/yhendlabor\/#website","url":"https:\/\/www.kliinikum.ee\/yhendlabor\/","name":"\u00dchendlabor","description":"Hoolivus, Uuendusmeelsus, P\u00e4devus ja Usaldusv\u00e4\u00e4rsus","potentialAction":[{"@type":"SearchAction","target":{"@type":"EntryPoint","urlTemplate":"https:\/\/www.kliinikum.ee\/yhendlabor\/?s={search_term_string}"},"query-input":{"@type":"PropertyValueSpecification","valueRequired":true,"valueName":"search_term_string"}}],"inLanguage":"et"}]}},"uagb_featured_image_src":{"full":false,"thumbnail":false,"medium":false,"medium_large":false,"large":false,"1536x1536":false,"2048x2048":false},"uagb_author_info":{"display_name":"Kadi Siigur","author_link":"https:\/\/www.kliinikum.ee\/yhendlabor\/author\/kadisi\/"},"uagb_comment_info":0,"uagb_excerpt":"Immuunanal\u00fc\u00fcsi osakond Glomeeruli basaalmembraani vastase IgG sihtantigeeniks on glomeerulite basaalmembraani koostises oleva 4. t\u00fc\u00fcpi kollageeni kolm alfa-ahelat, mis moodustavad mitmeid erinevaid domeene. NC1 domeen on peamine antikehade seostumise koht. Uuritav materjal, selle v\u00f5tmine, saatmine ja s\u00e4ilitamine Katsuti &nbsp;Geeli ja h\u00fc\u00fcbimisaktivaatoriga katsuti (kollane kork) S\u00e4ilivus &nbsp;Seerum +4 \u00b0C kaks p\u00e4eva, -20 \u00b0C kaks kuud Anal\u00fc\u00fcsi tegemise&hellip;","_links":{"self":[{"href":"https:\/\/www.kliinikum.ee\/yhendlabor\/wp-json\/wp\/v2\/pages\/11486","targetHints":{"allow":["GET"]}}],"collection":[{"href":"https:\/\/www.kliinikum.ee\/yhendlabor\/wp-json\/wp\/v2\/pages"}],"about":[{"href":"https:\/\/www.kliinikum.ee\/yhendlabor\/wp-json\/wp\/v2\/types\/page"}],"author":[{"embeddable":true,"href":"https:\/\/www.kliinikum.ee\/yhendlabor\/wp-json\/wp\/v2\/users\/38"}],"replies":[{"embeddable":true,"href":"https:\/\/www.kliinikum.ee\/yhendlabor\/wp-json\/wp\/v2\/comments?post=11486"}],"version-history":[{"count":0,"href":"https:\/\/www.kliinikum.ee\/yhendlabor\/wp-json\/wp\/v2\/pages\/11486\/revisions"}],"up":[{"embeddable":true,"href":"https:\/\/www.kliinikum.ee\/yhendlabor\/wp-json\/wp\/v2\/pages\/7253"}],"wp:attachment":[{"href":"https:\/\/www.kliinikum.ee\/yhendlabor\/wp-json\/wp\/v2\/media?parent=11486"}],"curies":[{"name":"wp","href":"https:\/\/api.w.org\/{rel}","templated":true}]}}