{"id":11570,"date":"2025-06-06T14:24:16","date_gmt":"2025-06-06T12:24:16","guid":{"rendered":"https:\/\/www.kliinikum.ee\/yhendlabor\/?page_id=11570"},"modified":"2025-12-10T00:34:10","modified_gmt":"2025-12-09T22:34:10","slug":"vere-mikrobioloogiline-uuring","status":"publish","type":"page","link":"https:\/\/www.kliinikum.ee\/yhendlabor\/kasiraamat\/mikrobioloogilised-uuringud\/vere-mikrobioloogiline-uuring\/","title":{"rendered":"Vere mikrobioloogiline uuring"},"content":{"rendered":"\n<p><em>Mikrobioloogia osakond<\/em><\/p>\n\n\n\n<p class=\"has-medium-font-size\"><strong>Uuritav materjal, selle v\u00f5tmine, saatmine ja s\u00e4ilitamine<\/strong><\/p>\n\n\n\n<figure class=\"wp-block-table is-style-stripes\"><table width=\"100%\"><tbody><tr><td width=\"1%\"><\/td><td width=\"15%\"><strong>Proovin\u00f5u<\/strong><\/td><td width=\"84%\">Bactec AER pudel (hall kork), Bactec AN pudel (lilla kork\/oran\u017e kork), Bactec MYC pudel (roheline kork), Bactec PED pudel (roosa kork)<\/td><\/tr><tr><td><\/td><td><strong>S\u00e4ilivus<\/strong><\/td><td>Transportida toatemperatuuril v\u00f5imalikult kiiresti laborisse<\/td><\/tr><\/tbody><\/table><\/figure>\n\n\n\n<p>Verek\u00fclviks kasutatavad s\u00f6\u00f6tmed<\/p>\n\n\n\n<ul class=\"wp-block-list\">\n<li>Bactec AER (BACTEC PLUS aerobic\/F*, hall kork) \u2013 resiinidega s\u00f6\u00f6de t\u00e4iskasvanutele aeroobseks k\u00fclviks. Optimaalne vere kogus 8\u201310 mL.<\/li>\n\n\n\n<li>Bactec PED (BACTEC PEDS PLUS\/F, roosa kork) \u2013 resiinidega s\u00f6\u00f6de lastele bakterite ja p\u00e4rmseente k\u00fclviks. Optimaalne vere kogus 1\u20133 mL (lubatud 0,5\u20135 mL).<\/li>\n\n\n\n<li>Bactec MYC (BACTEC Mycosis \u2013IC\/F, roheline kork) \u2013 s\u00f6\u00f6de p\u00e4rmseente ja seente k\u00fclviks. Optimaalne vere kogus 8\u201310 mL.<\/li>\n\n\n\n<li>Bactec AN (BACTEC LYTIC\/10 Anaerobic\/F, lilla kork) \u2013 s\u00f6\u00f6de anaeroobseks k\u00fclviks. Optimaalne vere kogus 8\u201310 mL.<\/li>\n\n\n\n<li>Bactec AN (BACTEC PLUS anaerobic\/F*, oranz kork) \u2013 resiinidega s\u00f6\u00f6de t\u00e4iskasvanutele anaeroobseks k\u00fclviks. Optimaalne vere kogus 8\u201310 mL.<\/li>\n<\/ul>\n\n\n\n<p>\u00dcks verek\u00fclv = \u00fchel punktsioonil v\u00f5etud verekogus.<\/p>\n\n\n\n<p>T\u00e4iskasvanud patsiendil tuleb v\u00f5tta \u00fchel punktsioonil 20\u201330 mL verd (igasse pudelisse Bactec AER, Bactec AN v\u00f5i Bactec MYC 8\u201310 mL).<\/p>\n\n\n\n<p>Lastel s\u00f5ltub vajalik verekogus lapse kaalust (vt tabel). V\u00f5etud vere \u00fcldkogus ei tohiks \u00fcletada 1% ringleva vere mahust. Kogus v\u00f5ib olla v\u00e4iksem, kui vasts\u00fcndinu v\u00f5i laps on verek\u00fclvi v\u00f5tmise hetkel s\u00fcgavas aneemias.<\/p>\n\n\n\n<p>Bactec PED pudelisse v\u00f5ib v\u00f5tta 0,5\u20135 mL verd (soovituslik kogus 1\u20133 mL).<\/p>\n\n\n\n<figure class=\"wp-block-table is-style-regular\"><table width=\"100%\"><tbody><tr><td width=\"1%\"><\/td><td width=\"11%\"><strong>Kaal (kg)<\/strong><\/td><td width=\"24%\"><strong>Verek\u00fclv-1 verekogus (mL)<\/strong><\/td><td width=\"24%\"><strong>Verek\u00fclv-2 verekogus (mL)<\/strong><\/td><td width=\"40%\"><strong>Pudel<\/strong><\/td><\/tr><tr><td><\/td><td>0,5\u20131<\/td><td>0,5\u20131<\/td><td>-<\/td><td>Bactec PED<\/td><\/tr><tr><td><\/td><td>1,1\u20132<\/td><td>0,5\u20131<\/td><td>0,5\u20131<\/td><td>Bactec PED<\/td><\/tr><tr><td><\/td><td>2,1\u201311<\/td><td>1\u20133<\/td><td>1\u20133<\/td><td>Bactec PED<\/td><\/tr><tr><td><\/td><td>12\u201340<\/td><td>8\u201310<\/td><td>3\u201310<sup>1<\/sup><\/td><td>Bactec AER (Bactec PED verek\u00fclv-2 vajadusel)<\/td><\/tr><tr><td><\/td><td>&gt; 40<\/td><td>20\u201330<\/td><td>20\u201330<sup>2<\/sup><\/td><td>Bactec AER, AN, MYC<\/td><\/tr><\/tbody><\/table><\/figure>\n\n\n\n<p><sup>1 <\/sup>teise pudeli valikul arvestada v\u00f5etava vere \u00fcldkogusega<br><sup>2 <\/sup>v\u00f5ib lisada ka kolmanda verek\u00fclvi<\/p>\n\n\n\n<p>24 tunni jooksul v\u00f5tta 2\u20133 verek\u00fclvi, soovitavalt enne antimikroobse ravi algust.<\/p>\n\n\n\n<p>Sepsise ja septilise \u0161oki puhul peab v\u00f5tma verek\u00fclvid \u00fche tunni jooksul enne antimikroobse ravi algust.<\/p>\n\n\n\n<p>Verek\u00fclvid v\u00f5ib v\u00f5tta samaaegselt punkteerides erinevaid veresooni. Verek\u00fclvide v\u00f5tmisel ei ole erinevate k\u00fclvide vaheline ajaintervall oluline.<\/p>\n\n\n\n<p>Patsientidel, kellel kahtlustatakse veresoonekateetriga seotud vereringeinfektsiooni, tuleb k\u00fclvata eemaldatud veresoonekateetri ots ja lisaks v\u00f5tta eraldi punktsiooni teel verek\u00fclvid.<\/p>\n\n\n\n<p><em>NB! Verd ei tohi v\u00f5tta l\u00e4bi veresoonesisese kan\u00fc\u00fcli v\u00f5i kateetri. Veresoonekateetrist on lubatud v\u00f5tta verek\u00fclvid vaid vahetult uue kateetri sisestamise j\u00e4rgselt, kuid peab arvestama suurema kontaminatsiooniriskiga.<\/em><\/p>\n\n\n\n<p><em>Verek\u00fclvi v\u00f5tmine.<\/em> Soovitav on v\u00f5tta verd nii aeroobsesse (AER) kui ka anaeroobsesse (AN) s\u00f6\u00f6tmesse, s\u00fcsteemse seeninfektsiooni kahtluse korral ka seente s\u00f6\u00f6tmesse (MYC).<\/p>\n\n\n\n<p>T\u00f6\u00f6delda punktsioonikoht naha antiseptikumiga. Korgikatte eemaldamise j\u00e4rel tuleb iga pudeli kork eraldi desinfitseerida v\u00e4hemalt 70% alkoholilahusega. Verek\u00fclvide v\u00f5tmiseks kasutada turvaliblikn\u00f5ela. Pudelite t\u00e4itmist alustada Bactec AER pudelist.<\/p>\n\n\n\n<p>Bactec pudelis on vaakum, seet\u00f5ttu tuleb vere v\u00f5tmisel hoolikalt j\u00e4lgida pudelisse kogutud vere kogust, kasutades selleks pudelil oleval kleebisel paiknevat 5 mL intervalliga m\u00e4rgistust. P\u00e4rast n\u00f5elahoidjast eemaldamist tuleb pudelit loksutada ringjate liigutustega, et veri seguneks s\u00f6\u00f6tmega.<\/p>\n\n\n\n<p>Erandjuhul s\u00fcstlaga punkteerimisel kasutada spetsiaalset turvan\u00f5ela ja verepudelisse sisestamiseks spetsiaalselt s\u00fcstla jaoks m\u00f5eldud turvas\u00fcsteemi. Vajalikud tarvikud saab tellida mikrobioloogia laborist. S\u00fcstla kasutamisel alustada pudelite t\u00e4itmist Bactec AN pudelist.<\/p>\n\n\n\n<p class=\"has-medium-font-size\"><strong>Anal\u00fc\u00fcsi tegemise aeg:<\/strong> t\u00f6\u00f6p\u00e4eviti (esmask\u00fclvid ka n\u00e4dalavahetustel)<\/p>\n\n\n\n<p class=\"has-medium-font-size\"><strong>Anal\u00fc\u00fcsimeetod <\/strong><\/p>\n\n\n\n<p>Inkubatsioon Bactec s\u00fcsteemis. Positiivse signaali korral k\u00fclv selektiivsetele ja mitteselektiivsetele s\u00f6\u00f6tmetele. Grami j\u00e4rgi v\u00e4rvitud preparaadi valgusmikroskoopia, mille tulemusest teavitatakse kohe raviarsti. Tekitaja samastamine, ravimitundlikkuse m\u00e4\u00e4ramine. L\u00f5plik vastus: negatiivne 5.\u20136. p\u00e4eval (seente uuringu puhul 10. p\u00e4eval), positiivne 3.\u20137. p\u00e4eval.<\/p>\n\n\n\n<p class=\"has-medium-font-size\"><strong>N\u00e4idustus ja kliiniline t\u00e4hendus<\/strong><\/p>\n\n\n\n<p>Baktereemia ja fungeemia kahtlus.<\/p>\n\n\n\n<p>Naha normaalse mikrobioota hulka kuuluvad mikroobid <em>Corynebacterium<\/em>, <em>Bacillus<\/em>, <em>Cutibacterium<\/em>, <em>Micrococcus<\/em>, koagulaasnegatiivsed staf\u00fclokokid ja <em>S. viridans<\/em> grupp on harvainfektsiooni p\u00f5hjustavateks patogeenideks. Nimetatud mikroorganismide isoleerimisel verek\u00fclvist tuleb vastuse interpreteerimisel arvestada patsiendi seisundit, kliinilist pilti ja invasiivsete vahendite olemasolu (nt veresoonesisesed kateetrid).<\/p>\n\n\n\n<p>V\u00f5imalikud vead: proovi v\u00f5tmine antimkroobse ravi foonil, uuringuks v\u00f5etud ebapiisav vere kogus, vead s\u00e4ilitamisel ja transpordil, liiga suur kogus verd \u00fches pudelis (\u00fcle 10 mL).<\/p>\n\n\n\n<p><em>Verek\u00fclviks kasutatavate s\u00f6\u00f6tmete \u00fcldised piirangud:<\/em><\/p>\n\n\n\n<ol class=\"wp-block-list\">\n<li>Proovi saastumine kogumise ja\/v\u00f5i pudeli inokuleerimise k\u00e4igus annab valepositiivse tulemuse.<\/li>\n\n\n\n<li>Mittekultiveeritavad, aeglase kasvuga ja mitteeluv\u00f5imelised mikroobid, mis ei kasva kultuurs\u00f6\u00f6tmes v\u00f5i edasik\u00fclviks kasutatavas s\u00f6\u00f6tmes\u00a0 \u2013\u00a0 valenegatiivne tulemus.<\/li>\n\n\n\n<li>Mikroorganism ei tooda tuvastatavas koguses CO<sub>2<\/sub> \u2013 valenegatiivne tulemus.<\/li>\n\n\n\n<li>Leukots\u00fctoosi puhul v\u00f5ib Bactec anal\u00fcsaator anda valepositiivse signaali, subkultuurid annavad negatiivse tulemuse.<\/li>\n<\/ol>\n\n\n\n<p><em>Lisaks:<\/em><\/p>\n\n\n\n<ul class=\"wp-block-list\">\n<li>BACTEC PLUS aerobic\/F*, BACTEC LYTIC\/10 Anaerobic\/F, BACTEC PEDS PLUS\/F s\u00f6\u00f6tmes antikoagulandina kasutatav naatriumpol\u00fcanetoolsulfonaat (SPS) v\u00f5ib pidurdada sellele tundlike mikroobide (<em>Gardnerella vaginalis, Neisseria gonorrhoeae, Neisseria meningitidis, Peptostreptococcus anaerobius, Streptobacillus moniliformis<\/em>) tuvastamist. Nende mikroobide kahtluse korral kasutada maksimaalset vere kogust, kuna veri inhibeerib SPS toimet.<\/li>\n\n\n\n<li>BACTEC PLUS aerobic\/F*, BACTEC PEDS PLUS\/F \u2013 <em>Haemophilus<\/em>\u2019e liigid vajavad kasvutegureid, mida saadakse vereproovist. Kui vere kogus on v\u00e4ike (\u2264 3 mL BACTEC PLUS aerobic\/F*pudeli korral ja \u2264 0,5 mL BACTEC PEDS PLUS\/F pudeli korral), lisada vastav m\u00e4rkus ja labor kasutab toitelisandina FOS lisandit.<\/li>\n\n\n\n<li>BACTEC PLUS aerobic\/F*, BACTEC PEDS PLUS\/F \u2013 <em>Streptococcus pneumoniae<\/em> v\u00f5ib teatud juhtudel olla rutiinsetest subkultuuridest mittev\u00e4ljak\u00fclvatav ja Grami j\u00e4rgi v\u00e4rvimisel mitten\u00e4htav. Kui on inokuleeritud ka anaeroobne pudel, on organism tavaliselt aeroobses v\u00e4ljak\u00fclvis tuvastatav.<\/li>\n\n\n\n<li>BACTEC PEDS PLUS\/F \u2013 antibiootilise aktiivsuse neutraliseerimine resiinide poolt varieerub ja ei pruugi adekvaatselt neutraliseerida meropeneemi toimet. Resiinid neutraliseerivad flukonasooli toimet <em>Candida albicans<\/em>\u2019i suhtes, teisi seenevastaseid aineid ja p\u00e4rmseente kombinatsioone ei ole hinnatud.<\/li>\n\n\n\n<li>BACTEC Mycosis \u2013IC\/F\u00a0 ei ole optimeeritud dimorfsete seente edasik\u00fclvi jaoks.<\/li>\n<\/ul>\n\n\n\n<p>Koostajad: Piret Mitt, Krista L\u00f5ivukene, Siiri K\u00f5ljalg<br>Muudetud 02.06.2025<\/p>\n\n\n\n<p><\/p>\n","protected":false},"excerpt":{"rendered":"<p>Mikrobioloogia osakond Uuritav materjal, selle v\u00f5tmine, saatmine ja s\u00e4ilitamine Proovin\u00f5u Bactec AER pudel (hall kork), Bactec AN pudel (lilla kork\/oran\u017e kork), Bactec MYC pudel (roheline kork), Bactec PED pudel (roosa kork) S\u00e4ilivus Transportida toatemperatuuril v\u00f5imalikult kiiresti laborisse Verek\u00fclviks kasutatavad s\u00f6\u00f6tmed \u00dcks verek\u00fclv = \u00fchel punktsioonil v\u00f5etud verekogus. T\u00e4iskasvanud patsiendil tuleb v\u00f5tta \u00fchel punktsioonil 20\u201330 mL [&hellip;]<\/p>\n","protected":false},"author":31,"featured_media":0,"parent":7292,"menu_order":30,"comment_status":"closed","ping_status":"closed","template":"","meta":{"_uag_custom_page_level_css":"","footnotes":""},"class_list":["post-11570","page","type-page","status-publish","hentry"],"acf":[],"yoast_head":"<!-- This site is optimized with the Yoast SEO plugin v27.3 - https:\/\/yoast.com\/product\/yoast-seo-wordpress\/ -->\n<title>Vere mikrobioloogiline uuring - \u00dchendlabor<\/title>\n<meta name=\"robots\" content=\"index, follow, max-snippet:-1, max-image-preview:large, max-video-preview:-1\" \/>\n<link rel=\"canonical\" href=\"https:\/\/www.kliinikum.ee\/yhendlabor\/kasiraamat\/mikrobioloogilised-uuringud\/vere-mikrobioloogiline-uuring\/\" \/>\n<meta property=\"og:locale\" content=\"et_EE\" \/>\n<meta property=\"og:type\" content=\"article\" \/>\n<meta property=\"og:title\" content=\"Vere mikrobioloogiline uuring - \u00dchendlabor\" \/>\n<meta property=\"og:description\" content=\"Mikrobioloogia osakond Uuritav materjal, selle v\u00f5tmine, saatmine ja s\u00e4ilitamine Proovin\u00f5u Bactec AER pudel (hall kork), Bactec AN pudel (lilla kork\/oran\u017e kork), Bactec MYC pudel (roheline kork), Bactec PED pudel (roosa kork) S\u00e4ilivus Transportida toatemperatuuril v\u00f5imalikult kiiresti laborisse Verek\u00fclviks kasutatavad s\u00f6\u00f6tmed \u00dcks verek\u00fclv = \u00fchel punktsioonil v\u00f5etud verekogus. T\u00e4iskasvanud patsiendil tuleb v\u00f5tta \u00fchel punktsioonil 20\u201330 mL [&hellip;]\" \/>\n<meta property=\"og:url\" content=\"https:\/\/www.kliinikum.ee\/yhendlabor\/kasiraamat\/mikrobioloogilised-uuringud\/vere-mikrobioloogiline-uuring\/\" \/>\n<meta property=\"og:site_name\" content=\"\u00dchendlabor\" \/>\n<meta property=\"article:modified_time\" content=\"2025-12-09T22:34:10+00:00\" \/>\n<meta name=\"twitter:card\" content=\"summary_large_image\" \/>\n<meta name=\"twitter:label1\" content=\"Est. reading time\" \/>\n\t<meta name=\"twitter:data1\" content=\"5 minutit\" \/>\n<script type=\"application\/ld+json\" class=\"yoast-schema-graph\">{\"@context\":\"https:\\\/\\\/schema.org\",\"@graph\":[{\"@type\":\"WebPage\",\"@id\":\"https:\\\/\\\/www.kliinikum.ee\\\/yhendlabor\\\/kasiraamat\\\/mikrobioloogilised-uuringud\\\/vere-mikrobioloogiline-uuring\\\/\",\"url\":\"https:\\\/\\\/www.kliinikum.ee\\\/yhendlabor\\\/kasiraamat\\\/mikrobioloogilised-uuringud\\\/vere-mikrobioloogiline-uuring\\\/\",\"name\":\"Vere mikrobioloogiline uuring - \u00dchendlabor\",\"isPartOf\":{\"@id\":\"https:\\\/\\\/www.kliinikum.ee\\\/yhendlabor\\\/#website\"},\"datePublished\":\"2025-06-06T12:24:16+00:00\",\"dateModified\":\"2025-12-09T22:34:10+00:00\",\"breadcrumb\":{\"@id\":\"https:\\\/\\\/www.kliinikum.ee\\\/yhendlabor\\\/kasiraamat\\\/mikrobioloogilised-uuringud\\\/vere-mikrobioloogiline-uuring\\\/#breadcrumb\"},\"inLanguage\":\"et\",\"potentialAction\":[{\"@type\":\"ReadAction\",\"target\":[\"https:\\\/\\\/www.kliinikum.ee\\\/yhendlabor\\\/kasiraamat\\\/mikrobioloogilised-uuringud\\\/vere-mikrobioloogiline-uuring\\\/\"]}]},{\"@type\":\"BreadcrumbList\",\"@id\":\"https:\\\/\\\/www.kliinikum.ee\\\/yhendlabor\\\/kasiraamat\\\/mikrobioloogilised-uuringud\\\/vere-mikrobioloogiline-uuring\\\/#breadcrumb\",\"itemListElement\":[{\"@type\":\"ListItem\",\"position\":1,\"name\":\"Home\",\"item\":\"https:\\\/\\\/www.kliinikum.ee\\\/yhendlabor\\\/\"},{\"@type\":\"ListItem\",\"position\":2,\"name\":\"K\u00e4siraamat\",\"item\":\"https:\\\/\\\/www.kliinikum.ee\\\/yhendlabor\\\/kasiraamat\\\/\"},{\"@type\":\"ListItem\",\"position\":3,\"name\":\"Mikrobioloogilised uuringud\",\"item\":\"https:\\\/\\\/www.kliinikum.ee\\\/yhendlabor\\\/kasiraamat\\\/mikrobioloogilised-uuringud\\\/\"},{\"@type\":\"ListItem\",\"position\":4,\"name\":\"Vere mikrobioloogiline uuring\"}]},{\"@type\":\"WebSite\",\"@id\":\"https:\\\/\\\/www.kliinikum.ee\\\/yhendlabor\\\/#website\",\"url\":\"https:\\\/\\\/www.kliinikum.ee\\\/yhendlabor\\\/\",\"name\":\"\u00dchendlabor\",\"description\":\"Hoolivus, Uuendusmeelsus, P\u00e4devus ja Usaldusv\u00e4\u00e4rsus\",\"potentialAction\":[{\"@type\":\"SearchAction\",\"target\":{\"@type\":\"EntryPoint\",\"urlTemplate\":\"https:\\\/\\\/www.kliinikum.ee\\\/yhendlabor\\\/?s={search_term_string}\"},\"query-input\":{\"@type\":\"PropertyValueSpecification\",\"valueRequired\":true,\"valueName\":\"search_term_string\"}}],\"inLanguage\":\"et\"}]}<\/script>\n<!-- \/ Yoast SEO plugin. -->","yoast_head_json":{"title":"Vere mikrobioloogiline uuring - \u00dchendlabor","robots":{"index":"index","follow":"follow","max-snippet":"max-snippet:-1","max-image-preview":"max-image-preview:large","max-video-preview":"max-video-preview:-1"},"canonical":"https:\/\/www.kliinikum.ee\/yhendlabor\/kasiraamat\/mikrobioloogilised-uuringud\/vere-mikrobioloogiline-uuring\/","og_locale":"et_EE","og_type":"article","og_title":"Vere mikrobioloogiline uuring - \u00dchendlabor","og_description":"Mikrobioloogia osakond Uuritav materjal, selle v\u00f5tmine, saatmine ja s\u00e4ilitamine Proovin\u00f5u Bactec AER pudel (hall kork), Bactec AN pudel (lilla kork\/oran\u017e kork), Bactec MYC pudel (roheline kork), Bactec PED pudel (roosa kork) S\u00e4ilivus Transportida toatemperatuuril v\u00f5imalikult kiiresti laborisse Verek\u00fclviks kasutatavad s\u00f6\u00f6tmed \u00dcks verek\u00fclv = \u00fchel punktsioonil v\u00f5etud verekogus. T\u00e4iskasvanud patsiendil tuleb v\u00f5tta \u00fchel punktsioonil 20\u201330 mL [&hellip;]","og_url":"https:\/\/www.kliinikum.ee\/yhendlabor\/kasiraamat\/mikrobioloogilised-uuringud\/vere-mikrobioloogiline-uuring\/","og_site_name":"\u00dchendlabor","article_modified_time":"2025-12-09T22:34:10+00:00","twitter_card":"summary_large_image","twitter_misc":{"Est. reading time":"5 minutit"},"schema":{"@context":"https:\/\/schema.org","@graph":[{"@type":"WebPage","@id":"https:\/\/www.kliinikum.ee\/yhendlabor\/kasiraamat\/mikrobioloogilised-uuringud\/vere-mikrobioloogiline-uuring\/","url":"https:\/\/www.kliinikum.ee\/yhendlabor\/kasiraamat\/mikrobioloogilised-uuringud\/vere-mikrobioloogiline-uuring\/","name":"Vere mikrobioloogiline uuring - \u00dchendlabor","isPartOf":{"@id":"https:\/\/www.kliinikum.ee\/yhendlabor\/#website"},"datePublished":"2025-06-06T12:24:16+00:00","dateModified":"2025-12-09T22:34:10+00:00","breadcrumb":{"@id":"https:\/\/www.kliinikum.ee\/yhendlabor\/kasiraamat\/mikrobioloogilised-uuringud\/vere-mikrobioloogiline-uuring\/#breadcrumb"},"inLanguage":"et","potentialAction":[{"@type":"ReadAction","target":["https:\/\/www.kliinikum.ee\/yhendlabor\/kasiraamat\/mikrobioloogilised-uuringud\/vere-mikrobioloogiline-uuring\/"]}]},{"@type":"BreadcrumbList","@id":"https:\/\/www.kliinikum.ee\/yhendlabor\/kasiraamat\/mikrobioloogilised-uuringud\/vere-mikrobioloogiline-uuring\/#breadcrumb","itemListElement":[{"@type":"ListItem","position":1,"name":"Home","item":"https:\/\/www.kliinikum.ee\/yhendlabor\/"},{"@type":"ListItem","position":2,"name":"K\u00e4siraamat","item":"https:\/\/www.kliinikum.ee\/yhendlabor\/kasiraamat\/"},{"@type":"ListItem","position":3,"name":"Mikrobioloogilised uuringud","item":"https:\/\/www.kliinikum.ee\/yhendlabor\/kasiraamat\/mikrobioloogilised-uuringud\/"},{"@type":"ListItem","position":4,"name":"Vere mikrobioloogiline uuring"}]},{"@type":"WebSite","@id":"https:\/\/www.kliinikum.ee\/yhendlabor\/#website","url":"https:\/\/www.kliinikum.ee\/yhendlabor\/","name":"\u00dchendlabor","description":"Hoolivus, Uuendusmeelsus, P\u00e4devus ja Usaldusv\u00e4\u00e4rsus","potentialAction":[{"@type":"SearchAction","target":{"@type":"EntryPoint","urlTemplate":"https:\/\/www.kliinikum.ee\/yhendlabor\/?s={search_term_string}"},"query-input":{"@type":"PropertyValueSpecification","valueRequired":true,"valueName":"search_term_string"}}],"inLanguage":"et"}]}},"uagb_featured_image_src":{"full":false,"thumbnail":false,"medium":false,"medium_large":false,"large":false,"1536x1536":false,"2048x2048":false},"uagb_author_info":{"display_name":"Kaja Vaagen","author_link":"https:\/\/www.kliinikum.ee\/yhendlabor\/author\/kajakall\/"},"uagb_comment_info":0,"uagb_excerpt":"Mikrobioloogia osakond Uuritav materjal, selle v\u00f5tmine, saatmine ja s\u00e4ilitamine Proovin\u00f5u Bactec AER pudel (hall kork), Bactec AN pudel (lilla kork\/oran\u017e kork), Bactec MYC pudel (roheline kork), Bactec PED pudel (roosa kork) S\u00e4ilivus Transportida toatemperatuuril v\u00f5imalikult kiiresti laborisse Verek\u00fclviks kasutatavad s\u00f6\u00f6tmed \u00dcks verek\u00fclv = \u00fchel punktsioonil v\u00f5etud verekogus. T\u00e4iskasvanud patsiendil tuleb v\u00f5tta \u00fchel punktsioonil 20\u201330 mL&hellip;","_links":{"self":[{"href":"https:\/\/www.kliinikum.ee\/yhendlabor\/wp-json\/wp\/v2\/pages\/11570","targetHints":{"allow":["GET"]}}],"collection":[{"href":"https:\/\/www.kliinikum.ee\/yhendlabor\/wp-json\/wp\/v2\/pages"}],"about":[{"href":"https:\/\/www.kliinikum.ee\/yhendlabor\/wp-json\/wp\/v2\/types\/page"}],"author":[{"embeddable":true,"href":"https:\/\/www.kliinikum.ee\/yhendlabor\/wp-json\/wp\/v2\/users\/31"}],"replies":[{"embeddable":true,"href":"https:\/\/www.kliinikum.ee\/yhendlabor\/wp-json\/wp\/v2\/comments?post=11570"}],"version-history":[{"count":0,"href":"https:\/\/www.kliinikum.ee\/yhendlabor\/wp-json\/wp\/v2\/pages\/11570\/revisions"}],"up":[{"embeddable":true,"href":"https:\/\/www.kliinikum.ee\/yhendlabor\/wp-json\/wp\/v2\/pages\/7292"}],"wp:attachment":[{"href":"https:\/\/www.kliinikum.ee\/yhendlabor\/wp-json\/wp\/v2\/media?parent=11570"}],"curies":[{"name":"wp","href":"https:\/\/api.w.org\/{rel}","templated":true}]}}