{"id":12058,"date":"2025-07-01T17:12:55","date_gmt":"2025-07-01T15:12:55","guid":{"rendered":"https:\/\/www.kliinikum.ee\/yhendlabor\/?page_id=12058"},"modified":"2025-11-26T18:41:58","modified_gmt":"2025-11-26T16:41:58","slug":"kasvuhormoon-sp-gh","status":"publish","type":"page","link":"https:\/\/www.kliinikum.ee\/yhendlabor\/kasiraamat\/hormoonid-jm-immuunuuringud\/kasvuhormoon-sp-gh\/","title":{"rendered":"Kasvuhormoon (S,P-GH)"},"content":{"rendered":"\n<p><em>Kliinilise keemia ja laboratoorse hematoloogia osakond<\/em><\/p>\n\n\n\n<p><strong>Kasvuhormoon (<em>growth hormone<\/em>, GH)<\/strong> ehk <strong>somatotropiin (STH)<\/strong> on heterogeenne \u00fcheahelaline valk, mis s\u00fcnteesitakse h\u00fcpof\u00fc\u00fcsi eessagaras. Eritumist h\u00fcpof\u00fc\u00fcsist stimuleerivad kasvuhormooni vabastav hormoon (somatokriniin) ja greliin, inhibeerivad kasvuhormooni inhibeeriv hormoon (somatostatiin) ja tagasiside printsiibil ka insuliinisarnane kasvufaktor 1 (IGF-1). GH sekretsioon on episoodiline, seda m\u00f5jutavad paljud faktorid: uni, stress, f\u00fc\u00fcsiline koormus, h\u00fcpogl\u00fckeemia jms. Tsirkuleerival GH-l on palju molekulaarseid isovorme, neist suurema osa moodustab 22 kDa isovorm. Umbes 50% GH-st on seotud kasvuhormooni siduva valguga (GHBP).<\/p>\n\n\n\n<p>Kasvuhormoon toimib enamasti IGF-1 vahendusel. GH stimuleerib kasvu, reguleerides valgus\u00fcnteesi luudes, lihastes ja k\u00f5hres. GH stimuleerib ka lipol\u00fc\u00fcsi ning suurendab veres gl\u00fckoosi sisaldust, aktiveerides gl\u00fckoneogeneesi ja v\u00e4hendades gl\u00fckoosi transporti rakkudesse.<\/p>\n\n\n\n<p class=\"has-medium-font-size\"><strong>Uuritav materjal, selle v\u00f5tmine, saatmine ja s\u00e4ilitamine<\/strong><\/p>\n\n\n\n<p>Une, s\u00f6\u00f6gi ja f\u00fc\u00fcsilise koormuse ning emotsionaalse seisundi m\u00f5ju on GH tasemele nii tuntav, et vastavad uuringud (baastaseme m\u00e4\u00e4ramine ning diagnostilised stimulatsiooni- ja supressioonitestid), tuleb teha patsiendile hommikul, 10\u201312-tunnise paastumise j\u00e4rel ja rahuolekus.<\/p>\n\n\n\n<figure class=\"wp-block-table is-style-stripes\"><table width=\"100%\"><tbody><tr><td width=\"1%\"><\/td><td width=\"15%\"><strong>Katsuti<\/strong><\/td><td width=\"84%\">Geeli ja h\u00fc\u00fcbimisaktivaatoriga katsuti (punane kollase r\u00f5ngaga v\u00f5i kollane kork) v\u00f5i geeliga LH-katsuti (roheline kollase r\u00f5ngaga v\u00f5i heleroheline kork)<\/td><\/tr><tr><td><\/td><td><strong>S\u00e4ilivus<\/strong><\/td><td>Seerum\/plasma toatemperatuuril kaheksa tundi, +4 \u00b0C \u00fcks p\u00e4ev, -20 \u00b0C \u00fcks kuu<\/td><\/tr><\/tbody><\/table><\/figure>\n\n\n\n<p class=\"has-medium-font-size\"><strong>Anal\u00fc\u00fcsi tegemise aeg:<\/strong> t\u00f6\u00f6p\u00e4eviti<\/p>\n\n\n\n<p class=\"has-medium-font-size\"><strong>Anal\u00fc\u00fcsimeetod: <\/strong>elektrokemoluminestsents-immuunmeetod (ECLIA)<\/p>\n\n\n\n<p class=\"has-medium-font-size\"><strong>Referentsv\u00e4\u00e4rtused<\/strong><\/p>\n\n\n\n<figure class=\"wp-block-table\"><table width=\"100%\"><tbody><tr><td width=\"1%\"><\/td><td width=\"35%\">&nbsp;<\/td><td width=\"32%\"><strong>Mehed mU\/L<\/strong><\/td><td width=\"32%\"><strong>Naised mU\/L<\/strong><\/td><\/tr><tr><td><\/td><td><strong>&lt; 11 a<\/strong><\/td><td>0,280\u201318,87<\/td><td>0,360\u201323,37<\/td><\/tr><tr><td><\/td><td><strong>11 a \u2013 &lt; 18 a<\/strong><\/td><td>0,231\u201332,40<\/td><td>0,369\u201324,15<\/td><\/tr><tr><td><\/td><td><strong>\u2265 18 a<\/strong><\/td><td>&lt;0,09\u20137,41<\/td><td>0,378\u201329,64<\/td><\/tr><\/tbody><\/table><\/figure>\n\n\n\n<p class=\"has-medium-font-size\"><strong>N\u00e4idustus ja kliiniline t\u00e4hendus<\/strong><\/p>\n\n\n\n<p>Kasvuh\u00e4irete diagnostika.<\/p>\n\n\n\n<p>\u00dchekordse m\u00e4\u00e4ramise tulemus ei saa kunagi olla arsti otsustuse aluseks. Seet\u00f5ttu omavad diagnostilist v\u00e4\u00e4rtust korduvad GH m\u00e4\u00e4ramised: kasvuhormooni stimulatsioonitest gl\u00fckagooniga v\u00f5i arginiiniga v\u00f5i kasvuhormooni supressioonitest (gl\u00fckoosi taluvuse proov koos GH m\u00e4\u00e4ramisega). Vajalikuks v\u00f5ib osutuda ka IGF-1 m\u00e4\u00e4ramine, mille tase organismis on kasvuhormooniga v\u00f5rreldes stabiilsem.<\/p>\n\n\n\n<p>L\u00fchike kasv, hilinenud areng, keskmisest madalam luu tihedus ja lihastoonus on lastel kasvuhormooni defitsiidi (GHD) tunnusteks. T\u00e4iskasvanutel esineb GHD korral v\u00e4henenud luutihedus, lihasmass ja madal vere lipiidide tase. Lastel on diagnostiliseks otsustuspiiriks GH tase peale stimulatsioonitesti &gt; 21 mU\/L, sellest madalam tase viitab GHD-le.<\/p>\n\n\n\n<p>Kasvuhormooni taseme t\u00f5usu annavad h\u00fcpof\u00fc\u00fcsi adenoomid. Lastel p\u00f5hjustab see gigantismi (pikk kasv, n\u00e4ojoonte j\u00e4menemine, \u00fcldine n\u00f5rkus, hilinenud puberteet, h\u00fcpogonadism, peavalud), t\u00e4iskasvanutel akromegaaliat (luude tihenemine, suured labak\u00e4ed ja \u2013jalad, n\u00e4okolju luude suurenemine, karpaalkanali s\u00fcndroom, suurenenud siseorganid). Lisaks GH-le on neil patsientidel k\u00f5rgem ka IGF-1 tase. Kasvuhormooni t\u00f5usnud taseme korral on soovitav m\u00e4\u00e4rata IGF-1 tase ning vajadusel teha kasvuhormooni supressioonitest. Lihtsaim supressioonitest on GTT koos GH m\u00e4\u00e4ramisega, kus paralleelselt gl\u00fckoosi sisaldusega m\u00e4\u00e4ratakse ka GH tase. Tavaliselt GH tase normaliseerub peale gl\u00fckoosi manustamist, akromegaalia ja gigantismi korral aga mitte.<\/p>\n\n\n\n<p>GH tase v\u00f5ib olla t\u00f5usnud ka <em>anorexia nervosa<\/em>, n\u00e4lgimise, neerupuudulikkuse ja maksatsirroosi korral. Juhuslikult v\u00f5ib GH k\u00f5rgema nivoo leida ka tervetel inimestel, enamasti stressist p\u00f5hjustatuna.<\/p>\n\n\n\n<p class=\"has-medium-font-size\"><strong>Kasvuhormooni superssioonitest<\/strong><\/p>\n\n\n\n<p>Akromegaalia ja gigantismi diagnostika.<\/p>\n\n\n\n<p>Anal\u00fc\u00fcsid tellimuses: gl\u00fckoos ja kasvuhormoon 0 min, 30 min, 60 min, 90 min ja 120 min<\/p>\n\n\n\n<p>Uuringule eelneb 12-tunnine paast. Uuringu v\u00e4ltel ei tohi patsient s\u00fc\u00fca, juua ega suitsetada, soovitav on rahulik istumine v\u00f5i lamamine.<\/p>\n\n\n\n<p>Esmalt m\u00e4\u00e4ratakse (0 min) gl\u00fckoosi ja kasvuhormooni kontsentratsioon paastuplasmas, seej\u00e4rel manustatakse suukaudselt 75 g gl\u00fckoosi lahustatuna 300 mL vees (lastel puhul 1,75 g gl\u00fckoosi 1 kg kehakaalu kohta, kuid kokku mitte rohkem kui 75 g). J\u00e4rgnevalt m\u00e4\u00e4ratakse gl\u00fckoosi ja kasvuhormooni kontsentratsioon 30, 60, 90 ja 120 min p\u00e4rast gl\u00fckoosi sissev\u00f5tmist.<\/p>\n\n\n\n<p>Supressioonij\u00e4rgne kasvuhormooni tase &lt;1,2 mU\/L v\u00e4listab akromegaalia diagnoosi.<\/p>\n\n\n\n<p class=\"has-medium-font-size\"><strong>Kasvuhormooni stimulatsioonitest arginiiniga<\/strong><\/p>\n\n\n\n<p>Kasvuhormooni puudulikkuse diagnostika.<\/p>\n\n\n\n<p>Anal\u00fc\u00fcsid tellimuses: kasvuhormoon 0, 15, 30, 45, 60, 90, 120 min<\/p>\n\n\n\n<p>Uuringule eelneb 12-tunnine paast. Uuringu v\u00e4ltel ei tohi patsient s\u00fc\u00fca, juua, soovitav on rahulik istumine v\u00f5i lamamine. Esmalt m\u00e4\u00e4ratakse kasvuhormooni kontsentratsioon (0 min), seej\u00e4rel manustatakse arginiini intravenoosse infusioonina (annus s\u00f5ltub kehakaalust). J\u00e4rgnevalt m\u00e4\u00e4ratakse kasvuhormooni kontsentratsioon 15, 30, 45, 60, 90, 120 min p\u00e4rast.<\/p>\n\n\n\n<p class=\"has-medium-font-size\"><strong>Kasvuhormooni stimulatsioonitest gl\u00fckagooniga<\/strong><\/p>\n\n\n\n<p>Kasvuhormooni puudulikkuse diagnostika.<\/p>\n\n\n\n<p>Anal\u00fc\u00fcsid tellimuses: kasvuhormoon 0, 30, 60, 90, 120, 150, 180 min<\/p>\n\n\n\n<p>Uuringule eelneb 12-tunnine paast. Uuringu v\u00e4ltel ei tohi patsient s\u00fc\u00fca, juua, soovitav on rahulik istumine v\u00f5i lamamine. Esmalt m\u00e4\u00e4ratakse kasvuhormooni kontsentratsioon (0 min), seej\u00e4rel s\u00fcstitakse lihasesse gl\u00fckagoonilahust (annus s\u00f5ltub kehakaalust). J\u00e4rgnevalt m\u00e4\u00e4ratakse kasvuhormooni kontsentratsioon 30, 60, 90, 120, 150, 180 min p\u00e4rast.<\/p>\n\n\n\n<p>Koostaja: Kaja Vaagen<br>Muudetud 09.03.2023<\/p>\n","protected":false},"excerpt":{"rendered":"<p>Kliinilise keemia ja laboratoorse hematoloogia osakond Kasvuhormoon (growth hormone, GH) ehk somatotropiin (STH) on heterogeenne \u00fcheahelaline valk, mis s\u00fcnteesitakse h\u00fcpof\u00fc\u00fcsi eessagaras. Eritumist h\u00fcpof\u00fc\u00fcsist stimuleerivad kasvuhormooni vabastav hormoon (somatokriniin) ja greliin, inhibeerivad kasvuhormooni inhibeeriv hormoon (somatostatiin) ja tagasiside printsiibil ka insuliinisarnane kasvufaktor 1 (IGF-1). GH sekretsioon on episoodiline, seda m\u00f5jutavad paljud faktorid: uni, stress, f\u00fc\u00fcsiline koormus, [&hellip;]<\/p>\n","protected":false},"author":38,"featured_media":0,"parent":7271,"menu_order":0,"comment_status":"closed","ping_status":"closed","template":"","meta":{"_uag_custom_page_level_css":"","footnotes":""},"class_list":["post-12058","page","type-page","status-publish","hentry"],"acf":[],"yoast_head":"<!-- This site is optimized with the Yoast SEO plugin v27.3 - https:\/\/yoast.com\/product\/yoast-seo-wordpress\/ -->\n<title>Kasvuhormoon (S,P-GH) - \u00dchendlabor<\/title>\n<meta name=\"robots\" content=\"index, follow, max-snippet:-1, max-image-preview:large, max-video-preview:-1\" \/>\n<link rel=\"canonical\" href=\"https:\/\/www.kliinikum.ee\/yhendlabor\/kasiraamat\/hormoonid-jm-immuunuuringud\/kasvuhormoon-sp-gh\/\" \/>\n<meta property=\"og:locale\" content=\"et_EE\" \/>\n<meta property=\"og:type\" content=\"article\" \/>\n<meta property=\"og:title\" content=\"Kasvuhormoon (S,P-GH) - \u00dchendlabor\" \/>\n<meta property=\"og:description\" content=\"Kliinilise keemia ja laboratoorse hematoloogia osakond Kasvuhormoon (growth hormone, GH) ehk somatotropiin (STH) on heterogeenne \u00fcheahelaline valk, mis s\u00fcnteesitakse h\u00fcpof\u00fc\u00fcsi eessagaras. Eritumist h\u00fcpof\u00fc\u00fcsist stimuleerivad kasvuhormooni vabastav hormoon (somatokriniin) ja greliin, inhibeerivad kasvuhormooni inhibeeriv hormoon (somatostatiin) ja tagasiside printsiibil ka insuliinisarnane kasvufaktor 1 (IGF-1). GH sekretsioon on episoodiline, seda m\u00f5jutavad paljud faktorid: uni, stress, f\u00fc\u00fcsiline koormus, [&hellip;]\" \/>\n<meta property=\"og:url\" content=\"https:\/\/www.kliinikum.ee\/yhendlabor\/kasiraamat\/hormoonid-jm-immuunuuringud\/kasvuhormoon-sp-gh\/\" \/>\n<meta property=\"og:site_name\" content=\"\u00dchendlabor\" \/>\n<meta property=\"article:modified_time\" content=\"2025-11-26T16:41:58+00:00\" \/>\n<meta name=\"twitter:card\" content=\"summary_large_image\" \/>\n<meta name=\"twitter:label1\" content=\"Est. reading time\" \/>\n\t<meta name=\"twitter:data1\" content=\"4 minutit\" \/>\n<script type=\"application\/ld+json\" class=\"yoast-schema-graph\">{\"@context\":\"https:\\\/\\\/schema.org\",\"@graph\":[{\"@type\":\"WebPage\",\"@id\":\"https:\\\/\\\/www.kliinikum.ee\\\/yhendlabor\\\/kasiraamat\\\/hormoonid-jm-immuunuuringud\\\/kasvuhormoon-sp-gh\\\/\",\"url\":\"https:\\\/\\\/www.kliinikum.ee\\\/yhendlabor\\\/kasiraamat\\\/hormoonid-jm-immuunuuringud\\\/kasvuhormoon-sp-gh\\\/\",\"name\":\"Kasvuhormoon (S,P-GH) - \u00dchendlabor\",\"isPartOf\":{\"@id\":\"https:\\\/\\\/www.kliinikum.ee\\\/yhendlabor\\\/#website\"},\"datePublished\":\"2025-07-01T15:12:55+00:00\",\"dateModified\":\"2025-11-26T16:41:58+00:00\",\"breadcrumb\":{\"@id\":\"https:\\\/\\\/www.kliinikum.ee\\\/yhendlabor\\\/kasiraamat\\\/hormoonid-jm-immuunuuringud\\\/kasvuhormoon-sp-gh\\\/#breadcrumb\"},\"inLanguage\":\"et\",\"potentialAction\":[{\"@type\":\"ReadAction\",\"target\":[\"https:\\\/\\\/www.kliinikum.ee\\\/yhendlabor\\\/kasiraamat\\\/hormoonid-jm-immuunuuringud\\\/kasvuhormoon-sp-gh\\\/\"]}]},{\"@type\":\"BreadcrumbList\",\"@id\":\"https:\\\/\\\/www.kliinikum.ee\\\/yhendlabor\\\/kasiraamat\\\/hormoonid-jm-immuunuuringud\\\/kasvuhormoon-sp-gh\\\/#breadcrumb\",\"itemListElement\":[{\"@type\":\"ListItem\",\"position\":1,\"name\":\"Home\",\"item\":\"https:\\\/\\\/www.kliinikum.ee\\\/yhendlabor\\\/\"},{\"@type\":\"ListItem\",\"position\":2,\"name\":\"K\u00e4siraamat\",\"item\":\"https:\\\/\\\/www.kliinikum.ee\\\/yhendlabor\\\/kasiraamat\\\/\"},{\"@type\":\"ListItem\",\"position\":3,\"name\":\"Hormoonid jm immuunuuringud\",\"item\":\"https:\\\/\\\/www.kliinikum.ee\\\/yhendlabor\\\/kasiraamat\\\/hormoonid-jm-immuunuuringud\\\/\"},{\"@type\":\"ListItem\",\"position\":4,\"name\":\"Kasvuhormoon (S,P-GH)\"}]},{\"@type\":\"WebSite\",\"@id\":\"https:\\\/\\\/www.kliinikum.ee\\\/yhendlabor\\\/#website\",\"url\":\"https:\\\/\\\/www.kliinikum.ee\\\/yhendlabor\\\/\",\"name\":\"\u00dchendlabor\",\"description\":\"Hoolivus, Uuendusmeelsus, P\u00e4devus ja Usaldusv\u00e4\u00e4rsus\",\"potentialAction\":[{\"@type\":\"SearchAction\",\"target\":{\"@type\":\"EntryPoint\",\"urlTemplate\":\"https:\\\/\\\/www.kliinikum.ee\\\/yhendlabor\\\/?s={search_term_string}\"},\"query-input\":{\"@type\":\"PropertyValueSpecification\",\"valueRequired\":true,\"valueName\":\"search_term_string\"}}],\"inLanguage\":\"et\"}]}<\/script>\n<!-- \/ Yoast SEO plugin. -->","yoast_head_json":{"title":"Kasvuhormoon (S,P-GH) - \u00dchendlabor","robots":{"index":"index","follow":"follow","max-snippet":"max-snippet:-1","max-image-preview":"max-image-preview:large","max-video-preview":"max-video-preview:-1"},"canonical":"https:\/\/www.kliinikum.ee\/yhendlabor\/kasiraamat\/hormoonid-jm-immuunuuringud\/kasvuhormoon-sp-gh\/","og_locale":"et_EE","og_type":"article","og_title":"Kasvuhormoon (S,P-GH) - \u00dchendlabor","og_description":"Kliinilise keemia ja laboratoorse hematoloogia osakond Kasvuhormoon (growth hormone, GH) ehk somatotropiin (STH) on heterogeenne \u00fcheahelaline valk, mis s\u00fcnteesitakse h\u00fcpof\u00fc\u00fcsi eessagaras. Eritumist h\u00fcpof\u00fc\u00fcsist stimuleerivad kasvuhormooni vabastav hormoon (somatokriniin) ja greliin, inhibeerivad kasvuhormooni inhibeeriv hormoon (somatostatiin) ja tagasiside printsiibil ka insuliinisarnane kasvufaktor 1 (IGF-1). GH sekretsioon on episoodiline, seda m\u00f5jutavad paljud faktorid: uni, stress, f\u00fc\u00fcsiline koormus, [&hellip;]","og_url":"https:\/\/www.kliinikum.ee\/yhendlabor\/kasiraamat\/hormoonid-jm-immuunuuringud\/kasvuhormoon-sp-gh\/","og_site_name":"\u00dchendlabor","article_modified_time":"2025-11-26T16:41:58+00:00","twitter_card":"summary_large_image","twitter_misc":{"Est. reading time":"4 minutit"},"schema":{"@context":"https:\/\/schema.org","@graph":[{"@type":"WebPage","@id":"https:\/\/www.kliinikum.ee\/yhendlabor\/kasiraamat\/hormoonid-jm-immuunuuringud\/kasvuhormoon-sp-gh\/","url":"https:\/\/www.kliinikum.ee\/yhendlabor\/kasiraamat\/hormoonid-jm-immuunuuringud\/kasvuhormoon-sp-gh\/","name":"Kasvuhormoon (S,P-GH) - \u00dchendlabor","isPartOf":{"@id":"https:\/\/www.kliinikum.ee\/yhendlabor\/#website"},"datePublished":"2025-07-01T15:12:55+00:00","dateModified":"2025-11-26T16:41:58+00:00","breadcrumb":{"@id":"https:\/\/www.kliinikum.ee\/yhendlabor\/kasiraamat\/hormoonid-jm-immuunuuringud\/kasvuhormoon-sp-gh\/#breadcrumb"},"inLanguage":"et","potentialAction":[{"@type":"ReadAction","target":["https:\/\/www.kliinikum.ee\/yhendlabor\/kasiraamat\/hormoonid-jm-immuunuuringud\/kasvuhormoon-sp-gh\/"]}]},{"@type":"BreadcrumbList","@id":"https:\/\/www.kliinikum.ee\/yhendlabor\/kasiraamat\/hormoonid-jm-immuunuuringud\/kasvuhormoon-sp-gh\/#breadcrumb","itemListElement":[{"@type":"ListItem","position":1,"name":"Home","item":"https:\/\/www.kliinikum.ee\/yhendlabor\/"},{"@type":"ListItem","position":2,"name":"K\u00e4siraamat","item":"https:\/\/www.kliinikum.ee\/yhendlabor\/kasiraamat\/"},{"@type":"ListItem","position":3,"name":"Hormoonid jm immuunuuringud","item":"https:\/\/www.kliinikum.ee\/yhendlabor\/kasiraamat\/hormoonid-jm-immuunuuringud\/"},{"@type":"ListItem","position":4,"name":"Kasvuhormoon (S,P-GH)"}]},{"@type":"WebSite","@id":"https:\/\/www.kliinikum.ee\/yhendlabor\/#website","url":"https:\/\/www.kliinikum.ee\/yhendlabor\/","name":"\u00dchendlabor","description":"Hoolivus, Uuendusmeelsus, P\u00e4devus ja Usaldusv\u00e4\u00e4rsus","potentialAction":[{"@type":"SearchAction","target":{"@type":"EntryPoint","urlTemplate":"https:\/\/www.kliinikum.ee\/yhendlabor\/?s={search_term_string}"},"query-input":{"@type":"PropertyValueSpecification","valueRequired":true,"valueName":"search_term_string"}}],"inLanguage":"et"}]}},"uagb_featured_image_src":{"full":false,"thumbnail":false,"medium":false,"medium_large":false,"large":false,"1536x1536":false,"2048x2048":false},"uagb_author_info":{"display_name":"Kadi Siigur","author_link":"https:\/\/www.kliinikum.ee\/yhendlabor\/author\/kadisi\/"},"uagb_comment_info":0,"uagb_excerpt":"Kliinilise keemia ja laboratoorse hematoloogia osakond Kasvuhormoon (growth hormone, GH) ehk somatotropiin (STH) on heterogeenne \u00fcheahelaline valk, mis s\u00fcnteesitakse h\u00fcpof\u00fc\u00fcsi eessagaras. Eritumist h\u00fcpof\u00fc\u00fcsist stimuleerivad kasvuhormooni vabastav hormoon (somatokriniin) ja greliin, inhibeerivad kasvuhormooni inhibeeriv hormoon (somatostatiin) ja tagasiside printsiibil ka insuliinisarnane kasvufaktor 1 (IGF-1). GH sekretsioon on episoodiline, seda m\u00f5jutavad paljud faktorid: uni, stress, f\u00fc\u00fcsiline koormus,&hellip;","_links":{"self":[{"href":"https:\/\/www.kliinikum.ee\/yhendlabor\/wp-json\/wp\/v2\/pages\/12058","targetHints":{"allow":["GET"]}}],"collection":[{"href":"https:\/\/www.kliinikum.ee\/yhendlabor\/wp-json\/wp\/v2\/pages"}],"about":[{"href":"https:\/\/www.kliinikum.ee\/yhendlabor\/wp-json\/wp\/v2\/types\/page"}],"author":[{"embeddable":true,"href":"https:\/\/www.kliinikum.ee\/yhendlabor\/wp-json\/wp\/v2\/users\/38"}],"replies":[{"embeddable":true,"href":"https:\/\/www.kliinikum.ee\/yhendlabor\/wp-json\/wp\/v2\/comments?post=12058"}],"version-history":[{"count":0,"href":"https:\/\/www.kliinikum.ee\/yhendlabor\/wp-json\/wp\/v2\/pages\/12058\/revisions"}],"up":[{"embeddable":true,"href":"https:\/\/www.kliinikum.ee\/yhendlabor\/wp-json\/wp\/v2\/pages\/7271"}],"wp:attachment":[{"href":"https:\/\/www.kliinikum.ee\/yhendlabor\/wp-json\/wp\/v2\/media?parent=12058"}],"curies":[{"name":"wp","href":"https:\/\/api.w.org\/{rel}","templated":true}]}}