{"id":12114,"date":"2025-07-18T18:58:47","date_gmt":"2025-07-18T16:58:47","guid":{"rendered":"https:\/\/www.kliinikum.ee\/yhendlabor\/?page_id=12114"},"modified":"2025-11-26T18:59:52","modified_gmt":"2025-11-26T16:59:52","slug":"progesteroon-sp-prog","status":"publish","type":"page","link":"https:\/\/www.kliinikum.ee\/yhendlabor\/kasiraamat\/hormoonid-jm-immuunuuringud\/progesteroon-sp-prog\/","title":{"rendered":"Progesteroon (S,P-Prog)"},"content":{"rendered":"\n<p><em>Kliinilise keemia ja laboratoorse hematoloogia osakond<\/em><\/p>\n\n\n\n<p><strong>Progesteroon <\/strong>on steroidhormoon, mida s\u00fcnteesitakse kollaskehas ning raseduse II ja III trimestri v\u00e4ltel platsentas. Progesterooni peamisteks funktsioonideks on \u00f6strogeenide poolt eelnevalt stimuleeritud endomeetriumi viimine sekretoorsesse faasi, mis v\u00f5imaldab viljastatud munaraku implanteerumist, ja emaka kontraktiilsuse v\u00e4hendamine raseduse ajal. Progesterooni s\u00fcnteesi kollaskehas indutseerivad luteiniseeriv hormoon (LH) ja koorioni gonadotropiin (hCG) ning progesteroon inhibeerib omakorda gonadotropiinide s\u00fcnteesi. Progesterooni taseme t\u00f5us t\u00f5stab basaaltemperatuuri 0,3\u20130,5 \u00b0C v\u00f5rra. Kui munaraku viljastumist ei toimu, siis v\u00e4heneb progesterooni kontsentratsioon enne oodatavat menstruatsiooni, mis viib endomeetriumi regresseerumisele ja irdumisele. Meestel, lastel ja postmenopausis naistel s\u00fcnteesitakse v\u00e4heses koguses progesterooni neerupealiste koores.<\/p>\n\n\n\n<p class=\"has-medium-font-size\"><strong>Uuritav materjal, selle v\u00f5tmine, saatmine ja s\u00e4ilitamine<\/strong><\/p>\n\n\n\n<p>Progesterooni kontsentratsioon s\u00f5ltub menstruatsioonits\u00fckli faasist (k\u00f5rgeim 5\u20137 p\u00e4eva peale ovulatsiooni).<\/p>\n\n\n\n<figure class=\"wp-block-table is-style-stripes\"><table width=\"100%\"><tbody><tr><td width=\"1%\"><\/td><td width=\"15%\"><strong>Katsuti<\/strong><\/td><td width=\"84%\">Geeli ja h\u00fc\u00fcbimisaktivaatoriga katsuti (punane kollase r\u00f5ngaga v\u00f5i kollane kork) v\u00f5i geeliga LH-katsuti (roheline kollase r\u00f5ngaga v\u00f5i heleroheline kork)<\/td><\/tr><tr><td><\/td><td><strong>S\u00e4ilivus<\/strong><\/td><td>Seerum\/plasma toatemperatuuril \u00fcks p\u00e4ev, +4 \u00b0C viis p\u00e4eva, -20 \u00b0C kuus kuud<\/td><\/tr><\/tbody><\/table><\/figure>\n\n\n\n<p class=\"has-medium-font-size\"><strong>Anal\u00fc\u00fcsi tegemise aeg:<\/strong> t\u00f6\u00f6p\u00e4eviti<\/p>\n\n\n\n<p class=\"has-medium-font-size\"><strong>Anal\u00fc\u00fcsimeetod: <\/strong>elektrokemoluminestsents-immuunmeetod (ECLIA)<\/p>\n\n\n\n<p class=\"has-medium-font-size\"><strong>Referentsv\u00e4\u00e4rtused<\/strong><\/p>\n\n\n\n<figure class=\"wp-block-table\"><table width=\"100%\"><tbody><tr><td width=\"1%\"><\/td><td width=\"35%\">&nbsp;<\/td><td width=\"32%\"><strong>Mehed<\/strong><\/td><td width=\"32%\"><strong>Naised<\/strong><\/td><\/tr><tr><td><\/td><td><strong>1 k \u2013 &lt; 12 a<\/strong><\/td><td>&nbsp;<\/td><td>&lt; 3 nmol\/L<\/td><\/tr><tr><td><\/td><td><strong>12 a \u2013 &lt; 19 a<\/strong><\/td><td>&nbsp;<\/td><td>&lt; 38 nmol\/L<\/td><\/tr><tr><td><\/td><td><strong>1 k \u2013 &lt; 19 a<\/strong><\/td><td>&lt; 3 nmol\/L<\/td><td>&nbsp;<\/td><\/tr><tr><td><\/td><td><strong>\u2265 19 a<\/strong><\/td><td>0,7\u20134,3 nmol\/L<\/td><td>&nbsp;<\/td><\/tr><tr><td><\/td><td><strong>\u2014 follikulaarfaas<\/strong><\/td><td>&nbsp;<\/td><td>0,6\u20134,7 nmol\/L<\/td><\/tr><tr><td><\/td><td><strong>\u2014 ovulatsioon<\/strong><\/td><td>&nbsp;<\/td><td>2,4\u20139,4 nmol\/L<\/td><\/tr><tr><td><\/td><td><strong>\u2014 luteaalfaas<\/strong><\/td><td>&nbsp;<\/td><td>5,3\u201386 nmol\/L<\/td><\/tr><tr><td><\/td><td><strong>\u2014 postmenopaus<\/strong><\/td><td>&nbsp;<\/td><td>0,3\u20132,5 nmol\/L<\/td><\/tr><\/tbody><\/table><\/figure>\n\n\n\n<p class=\"has-medium-font-size\"><strong>N\u00e4idustus ja kliiniline t\u00e4hendus<\/strong><\/p>\n\n\n\n<p>Kollaskeha funktsiooni hindamine, ovulatoorse ja anovulatoorse ts\u00fckli eristamine. Ovulatsiooni induktsiooni hindamine, progesteroonravi j\u00e4lgimine. Spontaanabordi riski hindamine raseduse algul.<\/p>\n\n\n\n<p><em>Progesterooni kontsentratsiooni v\u00e4henemine<\/em><\/p>\n\n\n\n<p>Kollaskeha progesterooni produktsiooni r\u00fctmika (maksimaalne kolmel p\u00e4eval luteaalfaasi keskel, j\u00e4rsk langus ts\u00fckli viimastel p\u00e4evadel) v\u00f5imaldab t\u00f5estada ovulatsiooni esinemist, m\u00e4\u00e4rates progesterooni taseme menstruatsioonits\u00fckli 21\u201323 p\u00e4eval. Progesterooni v\u00e4\u00e4rtused 6\u201325 nmol\/L viitavad v\u00f5imalikule ovulatsioonile, v\u00e4\u00e4rtused &gt; 25 nmol\/L on ovulatoorse ts\u00fckli tunnuseks. Anovulatoorse ts\u00fckli ajal ei s\u00fcnteesita progesterooni kollaskeha puudumise t\u00f5ttu, samas aga v\u00f5ib progesterooni v\u00e4henenud s\u00fcntees olla p\u00f5hjustatud ebapiisavast stimulatsioonist gonadotropiinide poolt. Luteaalfaasi h\u00e4irete kahtluse korral on soovitav m\u00e4\u00e4rata progesteroon mitmel j\u00e4rjestikusel p\u00e4eval p\u00e4rast oletatavat ovulatsiooni.<\/p>\n\n\n\n<p>Madal progesterooni tase v\u00f5ib esineda sugun\u00e4\u00e4rmete ageneesi v\u00f5i funktsioonih\u00e4ire, primaarse v\u00f5i h\u00fcpotalaamilise\/h\u00fcpof\u00fcsaarse ovariaalse puudulikkuse, amenorr\u00f6a, galaktorr\u00f6a, samuti \u00e4hvardava raseduse katkemise, rasedustoksikoosi, loote surma korral.<\/p>\n\n\n\n<p>Progesterooni kontsentratsiooni v\u00e4henemist v\u00f5ivad m\u00f5jutada mitmed ravimid: peroraalsed kontratseptiivid, ts\u00fcklofosfamiidid, ampitsilliin, interferoon.<\/p>\n\n\n\n<p><em>Progesterooni kontsentratsiooni suurenemine<\/em><\/p>\n\n\n\n<p>Progesterooni tase t\u00f5useb raseduse ajal, kuni 8. rasedusn\u00e4dalani s\u00fcnteesitakse seda kollaskehas, seej\u00e4rel kuni 32. rasedusn\u00e4dalani platsentas.<\/p>\n\n\n\n<p>Progesterooni kontsentratsioon v\u00f5ib suureneda ka trofoblastihaiguste (p\u00f5ismool), munasarja- ja neerupealise kasvajate, kongenitaalse adrenaalse h\u00fcperplaasia, steroidhormoonide bios\u00fcnteesi h\u00e4irete (11\u00df-h\u00fcdroks\u00fclaasi ja 21-h\u00fcdroks\u00fclaasi defitsiit) korral.<\/p>\n\n\n\n<p>Progesterooni kontsentratsiooni suurenemist v\u00f5ivad m\u00f5jutada \u00f6strogeenid, klomifeen, ketokonasool, progesteroon.<\/p>\n\n\n\n<p>Koostajad: Ly Aru, Kaja Vaagen<br>Muudetud 12.03.2021<\/p>\n","protected":false},"excerpt":{"rendered":"<p>Kliinilise keemia ja laboratoorse hematoloogia osakond Progesteroon on steroidhormoon, mida s\u00fcnteesitakse kollaskehas ning raseduse II ja III trimestri v\u00e4ltel platsentas. Progesterooni peamisteks funktsioonideks on \u00f6strogeenide poolt eelnevalt stimuleeritud endomeetriumi viimine sekretoorsesse faasi, mis v\u00f5imaldab viljastatud munaraku implanteerumist, ja emaka kontraktiilsuse v\u00e4hendamine raseduse ajal. Progesterooni s\u00fcnteesi kollaskehas indutseerivad luteiniseeriv hormoon (LH) ja koorioni gonadotropiin (hCG) ning [&hellip;]<\/p>\n","protected":false},"author":38,"featured_media":0,"parent":7271,"menu_order":17,"comment_status":"closed","ping_status":"closed","template":"","meta":{"_uag_custom_page_level_css":"","footnotes":""},"class_list":["post-12114","page","type-page","status-publish","hentry"],"acf":[],"yoast_head":"<!-- This site is optimized with the Yoast SEO plugin v27.3 - https:\/\/yoast.com\/product\/yoast-seo-wordpress\/ -->\n<title>Progesteroon (S,P-Prog) - \u00dchendlabor<\/title>\n<meta name=\"robots\" content=\"index, follow, max-snippet:-1, max-image-preview:large, max-video-preview:-1\" \/>\n<link rel=\"canonical\" href=\"https:\/\/www.kliinikum.ee\/yhendlabor\/kasiraamat\/hormoonid-jm-immuunuuringud\/progesteroon-sp-prog\/\" \/>\n<meta property=\"og:locale\" content=\"et_EE\" \/>\n<meta property=\"og:type\" content=\"article\" \/>\n<meta property=\"og:title\" content=\"Progesteroon (S,P-Prog) - \u00dchendlabor\" \/>\n<meta property=\"og:description\" content=\"Kliinilise keemia ja laboratoorse hematoloogia osakond Progesteroon on steroidhormoon, mida s\u00fcnteesitakse kollaskehas ning raseduse II ja III trimestri v\u00e4ltel platsentas. Progesterooni peamisteks funktsioonideks on \u00f6strogeenide poolt eelnevalt stimuleeritud endomeetriumi viimine sekretoorsesse faasi, mis v\u00f5imaldab viljastatud munaraku implanteerumist, ja emaka kontraktiilsuse v\u00e4hendamine raseduse ajal. Progesterooni s\u00fcnteesi kollaskehas indutseerivad luteiniseeriv hormoon (LH) ja koorioni gonadotropiin (hCG) ning [&hellip;]\" \/>\n<meta property=\"og:url\" content=\"https:\/\/www.kliinikum.ee\/yhendlabor\/kasiraamat\/hormoonid-jm-immuunuuringud\/progesteroon-sp-prog\/\" \/>\n<meta property=\"og:site_name\" content=\"\u00dchendlabor\" \/>\n<meta property=\"article:modified_time\" content=\"2025-11-26T16:59:52+00:00\" \/>\n<meta name=\"twitter:card\" content=\"summary_large_image\" \/>\n<meta name=\"twitter:label1\" content=\"Est. reading time\" \/>\n\t<meta name=\"twitter:data1\" content=\"3 minutit\" \/>\n<script type=\"application\/ld+json\" class=\"yoast-schema-graph\">{\"@context\":\"https:\\\/\\\/schema.org\",\"@graph\":[{\"@type\":\"WebPage\",\"@id\":\"https:\\\/\\\/www.kliinikum.ee\\\/yhendlabor\\\/kasiraamat\\\/hormoonid-jm-immuunuuringud\\\/progesteroon-sp-prog\\\/\",\"url\":\"https:\\\/\\\/www.kliinikum.ee\\\/yhendlabor\\\/kasiraamat\\\/hormoonid-jm-immuunuuringud\\\/progesteroon-sp-prog\\\/\",\"name\":\"Progesteroon (S,P-Prog) - \u00dchendlabor\",\"isPartOf\":{\"@id\":\"https:\\\/\\\/www.kliinikum.ee\\\/yhendlabor\\\/#website\"},\"datePublished\":\"2025-07-18T16:58:47+00:00\",\"dateModified\":\"2025-11-26T16:59:52+00:00\",\"breadcrumb\":{\"@id\":\"https:\\\/\\\/www.kliinikum.ee\\\/yhendlabor\\\/kasiraamat\\\/hormoonid-jm-immuunuuringud\\\/progesteroon-sp-prog\\\/#breadcrumb\"},\"inLanguage\":\"et\",\"potentialAction\":[{\"@type\":\"ReadAction\",\"target\":[\"https:\\\/\\\/www.kliinikum.ee\\\/yhendlabor\\\/kasiraamat\\\/hormoonid-jm-immuunuuringud\\\/progesteroon-sp-prog\\\/\"]}]},{\"@type\":\"BreadcrumbList\",\"@id\":\"https:\\\/\\\/www.kliinikum.ee\\\/yhendlabor\\\/kasiraamat\\\/hormoonid-jm-immuunuuringud\\\/progesteroon-sp-prog\\\/#breadcrumb\",\"itemListElement\":[{\"@type\":\"ListItem\",\"position\":1,\"name\":\"Home\",\"item\":\"https:\\\/\\\/www.kliinikum.ee\\\/yhendlabor\\\/\"},{\"@type\":\"ListItem\",\"position\":2,\"name\":\"K\u00e4siraamat\",\"item\":\"https:\\\/\\\/www.kliinikum.ee\\\/yhendlabor\\\/kasiraamat\\\/\"},{\"@type\":\"ListItem\",\"position\":3,\"name\":\"Hormoonid jm immuunuuringud\",\"item\":\"https:\\\/\\\/www.kliinikum.ee\\\/yhendlabor\\\/kasiraamat\\\/hormoonid-jm-immuunuuringud\\\/\"},{\"@type\":\"ListItem\",\"position\":4,\"name\":\"Progesteroon (S,P-Prog)\"}]},{\"@type\":\"WebSite\",\"@id\":\"https:\\\/\\\/www.kliinikum.ee\\\/yhendlabor\\\/#website\",\"url\":\"https:\\\/\\\/www.kliinikum.ee\\\/yhendlabor\\\/\",\"name\":\"\u00dchendlabor\",\"description\":\"Hoolivus, Uuendusmeelsus, P\u00e4devus ja Usaldusv\u00e4\u00e4rsus\",\"potentialAction\":[{\"@type\":\"SearchAction\",\"target\":{\"@type\":\"EntryPoint\",\"urlTemplate\":\"https:\\\/\\\/www.kliinikum.ee\\\/yhendlabor\\\/?s={search_term_string}\"},\"query-input\":{\"@type\":\"PropertyValueSpecification\",\"valueRequired\":true,\"valueName\":\"search_term_string\"}}],\"inLanguage\":\"et\"}]}<\/script>\n<!-- \/ Yoast SEO plugin. -->","yoast_head_json":{"title":"Progesteroon (S,P-Prog) - \u00dchendlabor","robots":{"index":"index","follow":"follow","max-snippet":"max-snippet:-1","max-image-preview":"max-image-preview:large","max-video-preview":"max-video-preview:-1"},"canonical":"https:\/\/www.kliinikum.ee\/yhendlabor\/kasiraamat\/hormoonid-jm-immuunuuringud\/progesteroon-sp-prog\/","og_locale":"et_EE","og_type":"article","og_title":"Progesteroon (S,P-Prog) - \u00dchendlabor","og_description":"Kliinilise keemia ja laboratoorse hematoloogia osakond Progesteroon on steroidhormoon, mida s\u00fcnteesitakse kollaskehas ning raseduse II ja III trimestri v\u00e4ltel platsentas. Progesterooni peamisteks funktsioonideks on \u00f6strogeenide poolt eelnevalt stimuleeritud endomeetriumi viimine sekretoorsesse faasi, mis v\u00f5imaldab viljastatud munaraku implanteerumist, ja emaka kontraktiilsuse v\u00e4hendamine raseduse ajal. Progesterooni s\u00fcnteesi kollaskehas indutseerivad luteiniseeriv hormoon (LH) ja koorioni gonadotropiin (hCG) ning [&hellip;]","og_url":"https:\/\/www.kliinikum.ee\/yhendlabor\/kasiraamat\/hormoonid-jm-immuunuuringud\/progesteroon-sp-prog\/","og_site_name":"\u00dchendlabor","article_modified_time":"2025-11-26T16:59:52+00:00","twitter_card":"summary_large_image","twitter_misc":{"Est. reading time":"3 minutit"},"schema":{"@context":"https:\/\/schema.org","@graph":[{"@type":"WebPage","@id":"https:\/\/www.kliinikum.ee\/yhendlabor\/kasiraamat\/hormoonid-jm-immuunuuringud\/progesteroon-sp-prog\/","url":"https:\/\/www.kliinikum.ee\/yhendlabor\/kasiraamat\/hormoonid-jm-immuunuuringud\/progesteroon-sp-prog\/","name":"Progesteroon (S,P-Prog) - \u00dchendlabor","isPartOf":{"@id":"https:\/\/www.kliinikum.ee\/yhendlabor\/#website"},"datePublished":"2025-07-18T16:58:47+00:00","dateModified":"2025-11-26T16:59:52+00:00","breadcrumb":{"@id":"https:\/\/www.kliinikum.ee\/yhendlabor\/kasiraamat\/hormoonid-jm-immuunuuringud\/progesteroon-sp-prog\/#breadcrumb"},"inLanguage":"et","potentialAction":[{"@type":"ReadAction","target":["https:\/\/www.kliinikum.ee\/yhendlabor\/kasiraamat\/hormoonid-jm-immuunuuringud\/progesteroon-sp-prog\/"]}]},{"@type":"BreadcrumbList","@id":"https:\/\/www.kliinikum.ee\/yhendlabor\/kasiraamat\/hormoonid-jm-immuunuuringud\/progesteroon-sp-prog\/#breadcrumb","itemListElement":[{"@type":"ListItem","position":1,"name":"Home","item":"https:\/\/www.kliinikum.ee\/yhendlabor\/"},{"@type":"ListItem","position":2,"name":"K\u00e4siraamat","item":"https:\/\/www.kliinikum.ee\/yhendlabor\/kasiraamat\/"},{"@type":"ListItem","position":3,"name":"Hormoonid jm immuunuuringud","item":"https:\/\/www.kliinikum.ee\/yhendlabor\/kasiraamat\/hormoonid-jm-immuunuuringud\/"},{"@type":"ListItem","position":4,"name":"Progesteroon (S,P-Prog)"}]},{"@type":"WebSite","@id":"https:\/\/www.kliinikum.ee\/yhendlabor\/#website","url":"https:\/\/www.kliinikum.ee\/yhendlabor\/","name":"\u00dchendlabor","description":"Hoolivus, Uuendusmeelsus, P\u00e4devus ja Usaldusv\u00e4\u00e4rsus","potentialAction":[{"@type":"SearchAction","target":{"@type":"EntryPoint","urlTemplate":"https:\/\/www.kliinikum.ee\/yhendlabor\/?s={search_term_string}"},"query-input":{"@type":"PropertyValueSpecification","valueRequired":true,"valueName":"search_term_string"}}],"inLanguage":"et"}]}},"uagb_featured_image_src":{"full":false,"thumbnail":false,"medium":false,"medium_large":false,"large":false,"1536x1536":false,"2048x2048":false},"uagb_author_info":{"display_name":"Kadi Siigur","author_link":"https:\/\/www.kliinikum.ee\/yhendlabor\/author\/kadisi\/"},"uagb_comment_info":0,"uagb_excerpt":"Kliinilise keemia ja laboratoorse hematoloogia osakond Progesteroon on steroidhormoon, mida s\u00fcnteesitakse kollaskehas ning raseduse II ja III trimestri v\u00e4ltel platsentas. Progesterooni peamisteks funktsioonideks on \u00f6strogeenide poolt eelnevalt stimuleeritud endomeetriumi viimine sekretoorsesse faasi, mis v\u00f5imaldab viljastatud munaraku implanteerumist, ja emaka kontraktiilsuse v\u00e4hendamine raseduse ajal. Progesterooni s\u00fcnteesi kollaskehas indutseerivad luteiniseeriv hormoon (LH) ja koorioni gonadotropiin (hCG) ning&hellip;","_links":{"self":[{"href":"https:\/\/www.kliinikum.ee\/yhendlabor\/wp-json\/wp\/v2\/pages\/12114","targetHints":{"allow":["GET"]}}],"collection":[{"href":"https:\/\/www.kliinikum.ee\/yhendlabor\/wp-json\/wp\/v2\/pages"}],"about":[{"href":"https:\/\/www.kliinikum.ee\/yhendlabor\/wp-json\/wp\/v2\/types\/page"}],"author":[{"embeddable":true,"href":"https:\/\/www.kliinikum.ee\/yhendlabor\/wp-json\/wp\/v2\/users\/38"}],"replies":[{"embeddable":true,"href":"https:\/\/www.kliinikum.ee\/yhendlabor\/wp-json\/wp\/v2\/comments?post=12114"}],"version-history":[{"count":0,"href":"https:\/\/www.kliinikum.ee\/yhendlabor\/wp-json\/wp\/v2\/pages\/12114\/revisions"}],"up":[{"embeddable":true,"href":"https:\/\/www.kliinikum.ee\/yhendlabor\/wp-json\/wp\/v2\/pages\/7271"}],"wp:attachment":[{"href":"https:\/\/www.kliinikum.ee\/yhendlabor\/wp-json\/wp\/v2\/media?parent=12114"}],"curies":[{"name":"wp","href":"https:\/\/api.w.org\/{rel}","templated":true}]}}