{"id":12136,"date":"2025-07-18T19:54:56","date_gmt":"2025-07-18T17:54:56","guid":{"rendered":"https:\/\/www.kliinikum.ee\/yhendlabor\/?page_id=12136"},"modified":"2025-11-26T19:23:58","modified_gmt":"2025-11-26T17:23:58","slug":"vaba-trijoodturoniin-sp-ft3","status":"publish","type":"page","link":"https:\/\/www.kliinikum.ee\/yhendlabor\/kasiraamat\/hormoonid-jm-immuunuuringud\/vaba-trijoodturoniin-sp-ft3\/","title":{"rendered":"Vaba trijoodt\u00fcroniin (S,P-fT3)"},"content":{"rendered":"\n<p><em>Kliinilise keemia ja laboratoorse hematoloogia osakond<\/em><\/p>\n\n\n\n<p><strong>Trijoodt\u00fcroniin (T3)<\/strong> on kilpn\u00e4\u00e4rme hormoon, mis toimib koos t\u00fcroksiiniga (T4) kogu organismi kasvule ja ainevahetusele. T3 sekretsiooni reguleerib t\u00fcreotropiin (TSH). T3 s\u00fcnteesitakse t\u00fcreots\u00fc\u00fctides t\u00fcrosiinist jodiidide ja kilpn\u00e4\u00e4rme peroks\u00fcdaasi osav\u00f5tul. Trijoodt\u00fcroniini sekreteeritakse vajadusel vereringesse ka kilpn\u00e4\u00e4rme folliikulite kolloidist, kus toimub T3 s\u00e4ilitamine. 80% T3\u2011st moodustub aga v\u00e4ljaspool kilpn\u00e4\u00e4ret kudedes t\u00fcroksiini dejodeerumisel. T3 l\u00fchike poolestusaeg (\u00fcks p\u00e4ev) seletab taseme kiiremaid muutusi v\u00f5rreldes T4-ga (poolestusaeg seitse p\u00e4eva). T3 toime organismis on umbes neli korda tugevam kui t\u00fcroksiinil. Vaba trijoodt\u00fcroniin (<em>free T3<\/em>; fT3) on trijoodt\u00fcroniini (T3) kandjavalkudest vaba osa, mis on hormonaalselt v\u00e4ga aktiivne ja mille taseme muutused organismis on kiired. fT3 moodustab vaid 0,3\u20130,4% kogu T3-st. Vaba T3 suurendab organismi hapniku kasutamist ja soojaproduktsiooni, millega kaasneb \u00fcldine metabolismi kiirenemine. Samuti m\u00f5jutab ta kudede kasvu, s\u00fcdametegevust ja \u00fcldist rakkude diferentseerumist ja arengut. fT3 sisaldust ei m\u00f5juta seerumi valgufraktsioonide muutusi p\u00f5hjustavad ravimid ja haigused, rasedus ega peroraalsed kontratseptiivid ja \u00f6strogeenravi.<\/p>\n\n\n\n<p class=\"has-medium-font-size\"><strong>Uuritav materjal, selle v\u00f5tmine, saatmine ja s\u00e4ilitamine<\/strong><\/p>\n\n\n\n<figure class=\"wp-block-table is-style-stripes\"><table width=\"100%\"><tbody><tr><td width=\"1%\"><\/td><td width=\"15%\"><strong>Katsuti<\/strong><\/td><td width=\"84%\">Geeli ja h\u00fc\u00fcbimisaktivaatoriga katsuti (punane kollase r\u00f5ngaga v\u00f5i kollane kork) v\u00f5i geeliga LH-katsuti (roheline kollase r\u00f5ngaga v\u00f5i heleroheline kork)<\/td><\/tr><tr><td><\/td><td><strong>S\u00e4ilivus<\/strong><\/td><td>Seerum\/plasma toatemperatuuril viis p\u00e4eva, +4 \u00b0C \u00fcks n\u00e4dal, -20 \u00b0C \u00fcks kuu<\/td><\/tr><\/tbody><\/table><\/figure>\n\n\n\n<p class=\"has-medium-font-size\"><strong>Anal\u00fc\u00fcsi tegemise aeg:<\/strong> t\u00f6\u00f6p\u00e4eviti<\/p>\n\n\n\n<p class=\"has-medium-font-size\"><strong>Anal\u00fc\u00fcsimeetod: <\/strong>elektrokemoluminestsents-immuunmeetod (ECLIA)<\/p>\n\n\n\n<p class=\"has-medium-font-size\"><strong>Referentsv\u00e4\u00e4rtused<\/strong><\/p>\n\n\n\n<figure class=\"wp-block-table\"><table width=\"100%\"><tbody><tr><td width=\"1%\"><\/td><td width=\"30%\"><strong>&lt; 6 p<\/strong><\/td><td width=\"69%\">2,65\u20139,68 pmol\/L<\/td><\/tr><tr><td><\/td><td><strong>6 p \u2013 &lt; 4 k<\/strong><\/td><td>3,00\u20139,28 pmol\/L<\/td><\/tr><tr><td><\/td><td><strong>4 k \u2013 &lt; 1 a<\/strong><\/td><td>3,30\u20138,95 pmol\/L<\/td><\/tr><tr><td><\/td><td><strong>1 a \u2013 &lt; 7 a<\/strong><\/td><td>3,69\u20138,46 pmol\/L<\/td><\/tr><tr><td><\/td><td><strong>7 a \u2013 &lt; 12 a<\/strong><\/td><td>3,88\u20138,02 pmol\/L<\/td><\/tr><tr><td><\/td><td><strong>12 a \u2013 &lt; 21 a<\/strong><\/td><td>3,93\u20137,70 pmol\/L<\/td><\/tr><tr><td><\/td><td><strong>\u2265 21 a<\/strong><\/td><td>3,10\u20136,80 pmol\/L<\/td><\/tr><tr><td><\/td><td><strong>Rasedad<\/strong><\/td><td><\/td><\/tr><tr><td><\/td><td><strong>\u2014 I trim<\/strong><\/td><td>3,80\u20136,00 pmol\/L<\/td><\/tr><tr><td><\/td><td><strong>\u2014 II trim<\/strong><\/td><td>3,20\u20135,50 pmol\/L<\/td><\/tr><tr><td><\/td><td><strong>\u2014 III trim<\/strong><\/td><td>3,10\u20135,00 pmol\/L<\/td><\/tr><\/tbody><\/table><\/figure>\n\n\n\n<p class=\"has-medium-font-size\"><strong>N\u00e4idustus ja kliiniline t\u00e4hendus<\/strong><\/p>\n\n\n\n<p>Kilpn\u00e4\u00e4rme \u00fcle- ja alatalitluse diagnoosimine ning ravi j\u00e4lgimine. fT3 taseme t\u00f5us kaasub h\u00fcpert\u00fcreoosiga, langus h\u00fcpot\u00fcreoosiga. Tavaliselt muutuvad fT3 ja fT4 tasemed paralleelselt. Esineb aga ka isoleeritud T3-toksikoosi, kus referentsv\u00e4\u00e4rtuste piires oleva fT4 k\u00f5rval esineb oluline fT3 taseme t\u00f5us. H\u00fcpot\u00fcreoosiga patsientidel p\u00fcsib fT3 suhteliselt kaua referentsv\u00e4\u00e4rtuste piires ja seet\u00f5ttu on algava h\u00fcpot\u00fcreoosi diagnoosimisel fT3 v\u00e4hem informatiivne kui fT4 v\u00f5i TSH. Raskete somaatiliste haigustega patsientidel v\u00f5ib fT3 tase langeda T4 dejodeerimise v\u00e4henemise t\u00f5ttu kudedes. Samas on neil patsientidel fT4 ja TSH normi piirides ning kilpn\u00e4\u00e4rme funktsioon normis.<\/p>\n\n\n\n<p>Vt ka: <a href=\"https:\/\/www.kliinikum.ee\/yhendlabor\/kasiraamat\/hormoonid-jm-immuunuuringud\/vaba-turoksiin-sp-ft4\/\">Vaba t\u00fcroksiin<\/a><br><a href=\"https:\/\/www.kliinikum.ee\/yhendlabor\/kasiraamat\/hormoonid-jm-immuunuuringud\/kilpnaaret-stimuleeriv-hormoon-sp-tsh\/\">Kilpn\u00e4\u00e4ret stimuleeriv hormoon<\/a><\/p>\n\n\n\n<p>Koostajad: Rain Lehtme, Kaja Vaagen<br>Muudetud 08.07.2022<\/p>\n","protected":false},"excerpt":{"rendered":"<p>Kliinilise keemia ja laboratoorse hematoloogia osakond Trijoodt\u00fcroniin (T3) on kilpn\u00e4\u00e4rme hormoon, mis toimib koos t\u00fcroksiiniga (T4) kogu organismi kasvule ja ainevahetusele. T3 sekretsiooni reguleerib t\u00fcreotropiin (TSH). T3 s\u00fcnteesitakse t\u00fcreots\u00fc\u00fctides t\u00fcrosiinist jodiidide ja kilpn\u00e4\u00e4rme peroks\u00fcdaasi osav\u00f5tul. Trijoodt\u00fcroniini sekreteeritakse vajadusel vereringesse ka kilpn\u00e4\u00e4rme folliikulite kolloidist, kus toimub T3 s\u00e4ilitamine. 80% T3\u2011st moodustub aga v\u00e4ljaspool kilpn\u00e4\u00e4ret kudedes t\u00fcroksiini [&hellip;]<\/p>\n","protected":false},"author":38,"featured_media":0,"parent":7271,"menu_order":22,"comment_status":"closed","ping_status":"closed","template":"","meta":{"_uag_custom_page_level_css":"","footnotes":""},"class_list":["post-12136","page","type-page","status-publish","hentry"],"acf":[],"yoast_head":"<!-- This site is optimized with the Yoast SEO plugin v27.3 - https:\/\/yoast.com\/product\/yoast-seo-wordpress\/ -->\n<title>Vaba trijoodt\u00fcroniin (S,P-fT3) - \u00dchendlabor<\/title>\n<meta name=\"robots\" content=\"index, follow, max-snippet:-1, max-image-preview:large, max-video-preview:-1\" \/>\n<link rel=\"canonical\" href=\"https:\/\/www.kliinikum.ee\/yhendlabor\/kasiraamat\/hormoonid-jm-immuunuuringud\/vaba-trijoodturoniin-sp-ft3\/\" \/>\n<meta property=\"og:locale\" content=\"et_EE\" \/>\n<meta property=\"og:type\" content=\"article\" \/>\n<meta property=\"og:title\" content=\"Vaba trijoodt\u00fcroniin (S,P-fT3) - \u00dchendlabor\" \/>\n<meta property=\"og:description\" content=\"Kliinilise keemia ja laboratoorse hematoloogia osakond Trijoodt\u00fcroniin (T3) on kilpn\u00e4\u00e4rme hormoon, mis toimib koos t\u00fcroksiiniga (T4) kogu organismi kasvule ja ainevahetusele. T3 sekretsiooni reguleerib t\u00fcreotropiin (TSH). T3 s\u00fcnteesitakse t\u00fcreots\u00fc\u00fctides t\u00fcrosiinist jodiidide ja kilpn\u00e4\u00e4rme peroks\u00fcdaasi osav\u00f5tul. Trijoodt\u00fcroniini sekreteeritakse vajadusel vereringesse ka kilpn\u00e4\u00e4rme folliikulite kolloidist, kus toimub T3 s\u00e4ilitamine. 80% T3\u2011st moodustub aga v\u00e4ljaspool kilpn\u00e4\u00e4ret kudedes t\u00fcroksiini [&hellip;]\" \/>\n<meta property=\"og:url\" content=\"https:\/\/www.kliinikum.ee\/yhendlabor\/kasiraamat\/hormoonid-jm-immuunuuringud\/vaba-trijoodturoniin-sp-ft3\/\" \/>\n<meta property=\"og:site_name\" content=\"\u00dchendlabor\" \/>\n<meta property=\"article:modified_time\" content=\"2025-11-26T17:23:58+00:00\" \/>\n<meta name=\"twitter:card\" content=\"summary_large_image\" \/>\n<meta name=\"twitter:label1\" content=\"Est. reading time\" \/>\n\t<meta name=\"twitter:data1\" content=\"2 minutit\" \/>\n<script type=\"application\/ld+json\" class=\"yoast-schema-graph\">{\"@context\":\"https:\\\/\\\/schema.org\",\"@graph\":[{\"@type\":\"WebPage\",\"@id\":\"https:\\\/\\\/www.kliinikum.ee\\\/yhendlabor\\\/kasiraamat\\\/hormoonid-jm-immuunuuringud\\\/vaba-trijoodturoniin-sp-ft3\\\/\",\"url\":\"https:\\\/\\\/www.kliinikum.ee\\\/yhendlabor\\\/kasiraamat\\\/hormoonid-jm-immuunuuringud\\\/vaba-trijoodturoniin-sp-ft3\\\/\",\"name\":\"Vaba trijoodt\u00fcroniin (S,P-fT3) - \u00dchendlabor\",\"isPartOf\":{\"@id\":\"https:\\\/\\\/www.kliinikum.ee\\\/yhendlabor\\\/#website\"},\"datePublished\":\"2025-07-18T17:54:56+00:00\",\"dateModified\":\"2025-11-26T17:23:58+00:00\",\"breadcrumb\":{\"@id\":\"https:\\\/\\\/www.kliinikum.ee\\\/yhendlabor\\\/kasiraamat\\\/hormoonid-jm-immuunuuringud\\\/vaba-trijoodturoniin-sp-ft3\\\/#breadcrumb\"},\"inLanguage\":\"et\",\"potentialAction\":[{\"@type\":\"ReadAction\",\"target\":[\"https:\\\/\\\/www.kliinikum.ee\\\/yhendlabor\\\/kasiraamat\\\/hormoonid-jm-immuunuuringud\\\/vaba-trijoodturoniin-sp-ft3\\\/\"]}]},{\"@type\":\"BreadcrumbList\",\"@id\":\"https:\\\/\\\/www.kliinikum.ee\\\/yhendlabor\\\/kasiraamat\\\/hormoonid-jm-immuunuuringud\\\/vaba-trijoodturoniin-sp-ft3\\\/#breadcrumb\",\"itemListElement\":[{\"@type\":\"ListItem\",\"position\":1,\"name\":\"Home\",\"item\":\"https:\\\/\\\/www.kliinikum.ee\\\/yhendlabor\\\/\"},{\"@type\":\"ListItem\",\"position\":2,\"name\":\"K\u00e4siraamat\",\"item\":\"https:\\\/\\\/www.kliinikum.ee\\\/yhendlabor\\\/kasiraamat\\\/\"},{\"@type\":\"ListItem\",\"position\":3,\"name\":\"Hormoonid jm immuunuuringud\",\"item\":\"https:\\\/\\\/www.kliinikum.ee\\\/yhendlabor\\\/kasiraamat\\\/hormoonid-jm-immuunuuringud\\\/\"},{\"@type\":\"ListItem\",\"position\":4,\"name\":\"Vaba trijoodt\u00fcroniin (S,P-fT3)\"}]},{\"@type\":\"WebSite\",\"@id\":\"https:\\\/\\\/www.kliinikum.ee\\\/yhendlabor\\\/#website\",\"url\":\"https:\\\/\\\/www.kliinikum.ee\\\/yhendlabor\\\/\",\"name\":\"\u00dchendlabor\",\"description\":\"Hoolivus, Uuendusmeelsus, P\u00e4devus ja Usaldusv\u00e4\u00e4rsus\",\"potentialAction\":[{\"@type\":\"SearchAction\",\"target\":{\"@type\":\"EntryPoint\",\"urlTemplate\":\"https:\\\/\\\/www.kliinikum.ee\\\/yhendlabor\\\/?s={search_term_string}\"},\"query-input\":{\"@type\":\"PropertyValueSpecification\",\"valueRequired\":true,\"valueName\":\"search_term_string\"}}],\"inLanguage\":\"et\"}]}<\/script>\n<!-- \/ Yoast SEO plugin. -->","yoast_head_json":{"title":"Vaba trijoodt\u00fcroniin (S,P-fT3) - \u00dchendlabor","robots":{"index":"index","follow":"follow","max-snippet":"max-snippet:-1","max-image-preview":"max-image-preview:large","max-video-preview":"max-video-preview:-1"},"canonical":"https:\/\/www.kliinikum.ee\/yhendlabor\/kasiraamat\/hormoonid-jm-immuunuuringud\/vaba-trijoodturoniin-sp-ft3\/","og_locale":"et_EE","og_type":"article","og_title":"Vaba trijoodt\u00fcroniin (S,P-fT3) - \u00dchendlabor","og_description":"Kliinilise keemia ja laboratoorse hematoloogia osakond Trijoodt\u00fcroniin (T3) on kilpn\u00e4\u00e4rme hormoon, mis toimib koos t\u00fcroksiiniga (T4) kogu organismi kasvule ja ainevahetusele. T3 sekretsiooni reguleerib t\u00fcreotropiin (TSH). T3 s\u00fcnteesitakse t\u00fcreots\u00fc\u00fctides t\u00fcrosiinist jodiidide ja kilpn\u00e4\u00e4rme peroks\u00fcdaasi osav\u00f5tul. Trijoodt\u00fcroniini sekreteeritakse vajadusel vereringesse ka kilpn\u00e4\u00e4rme folliikulite kolloidist, kus toimub T3 s\u00e4ilitamine. 80% T3\u2011st moodustub aga v\u00e4ljaspool kilpn\u00e4\u00e4ret kudedes t\u00fcroksiini [&hellip;]","og_url":"https:\/\/www.kliinikum.ee\/yhendlabor\/kasiraamat\/hormoonid-jm-immuunuuringud\/vaba-trijoodturoniin-sp-ft3\/","og_site_name":"\u00dchendlabor","article_modified_time":"2025-11-26T17:23:58+00:00","twitter_card":"summary_large_image","twitter_misc":{"Est. reading time":"2 minutit"},"schema":{"@context":"https:\/\/schema.org","@graph":[{"@type":"WebPage","@id":"https:\/\/www.kliinikum.ee\/yhendlabor\/kasiraamat\/hormoonid-jm-immuunuuringud\/vaba-trijoodturoniin-sp-ft3\/","url":"https:\/\/www.kliinikum.ee\/yhendlabor\/kasiraamat\/hormoonid-jm-immuunuuringud\/vaba-trijoodturoniin-sp-ft3\/","name":"Vaba trijoodt\u00fcroniin (S,P-fT3) - \u00dchendlabor","isPartOf":{"@id":"https:\/\/www.kliinikum.ee\/yhendlabor\/#website"},"datePublished":"2025-07-18T17:54:56+00:00","dateModified":"2025-11-26T17:23:58+00:00","breadcrumb":{"@id":"https:\/\/www.kliinikum.ee\/yhendlabor\/kasiraamat\/hormoonid-jm-immuunuuringud\/vaba-trijoodturoniin-sp-ft3\/#breadcrumb"},"inLanguage":"et","potentialAction":[{"@type":"ReadAction","target":["https:\/\/www.kliinikum.ee\/yhendlabor\/kasiraamat\/hormoonid-jm-immuunuuringud\/vaba-trijoodturoniin-sp-ft3\/"]}]},{"@type":"BreadcrumbList","@id":"https:\/\/www.kliinikum.ee\/yhendlabor\/kasiraamat\/hormoonid-jm-immuunuuringud\/vaba-trijoodturoniin-sp-ft3\/#breadcrumb","itemListElement":[{"@type":"ListItem","position":1,"name":"Home","item":"https:\/\/www.kliinikum.ee\/yhendlabor\/"},{"@type":"ListItem","position":2,"name":"K\u00e4siraamat","item":"https:\/\/www.kliinikum.ee\/yhendlabor\/kasiraamat\/"},{"@type":"ListItem","position":3,"name":"Hormoonid jm immuunuuringud","item":"https:\/\/www.kliinikum.ee\/yhendlabor\/kasiraamat\/hormoonid-jm-immuunuuringud\/"},{"@type":"ListItem","position":4,"name":"Vaba trijoodt\u00fcroniin (S,P-fT3)"}]},{"@type":"WebSite","@id":"https:\/\/www.kliinikum.ee\/yhendlabor\/#website","url":"https:\/\/www.kliinikum.ee\/yhendlabor\/","name":"\u00dchendlabor","description":"Hoolivus, Uuendusmeelsus, P\u00e4devus ja Usaldusv\u00e4\u00e4rsus","potentialAction":[{"@type":"SearchAction","target":{"@type":"EntryPoint","urlTemplate":"https:\/\/www.kliinikum.ee\/yhendlabor\/?s={search_term_string}"},"query-input":{"@type":"PropertyValueSpecification","valueRequired":true,"valueName":"search_term_string"}}],"inLanguage":"et"}]}},"uagb_featured_image_src":{"full":false,"thumbnail":false,"medium":false,"medium_large":false,"large":false,"1536x1536":false,"2048x2048":false},"uagb_author_info":{"display_name":"Kadi Siigur","author_link":"https:\/\/www.kliinikum.ee\/yhendlabor\/author\/kadisi\/"},"uagb_comment_info":0,"uagb_excerpt":"Kliinilise keemia ja laboratoorse hematoloogia osakond Trijoodt\u00fcroniin (T3) on kilpn\u00e4\u00e4rme hormoon, mis toimib koos t\u00fcroksiiniga (T4) kogu organismi kasvule ja ainevahetusele. T3 sekretsiooni reguleerib t\u00fcreotropiin (TSH). T3 s\u00fcnteesitakse t\u00fcreots\u00fc\u00fctides t\u00fcrosiinist jodiidide ja kilpn\u00e4\u00e4rme peroks\u00fcdaasi osav\u00f5tul. Trijoodt\u00fcroniini sekreteeritakse vajadusel vereringesse ka kilpn\u00e4\u00e4rme folliikulite kolloidist, kus toimub T3 s\u00e4ilitamine. 80% T3\u2011st moodustub aga v\u00e4ljaspool kilpn\u00e4\u00e4ret kudedes t\u00fcroksiini&hellip;","_links":{"self":[{"href":"https:\/\/www.kliinikum.ee\/yhendlabor\/wp-json\/wp\/v2\/pages\/12136","targetHints":{"allow":["GET"]}}],"collection":[{"href":"https:\/\/www.kliinikum.ee\/yhendlabor\/wp-json\/wp\/v2\/pages"}],"about":[{"href":"https:\/\/www.kliinikum.ee\/yhendlabor\/wp-json\/wp\/v2\/types\/page"}],"author":[{"embeddable":true,"href":"https:\/\/www.kliinikum.ee\/yhendlabor\/wp-json\/wp\/v2\/users\/38"}],"replies":[{"embeddable":true,"href":"https:\/\/www.kliinikum.ee\/yhendlabor\/wp-json\/wp\/v2\/comments?post=12136"}],"version-history":[{"count":0,"href":"https:\/\/www.kliinikum.ee\/yhendlabor\/wp-json\/wp\/v2\/pages\/12136\/revisions"}],"up":[{"embeddable":true,"href":"https:\/\/www.kliinikum.ee\/yhendlabor\/wp-json\/wp\/v2\/pages\/7271"}],"wp:attachment":[{"href":"https:\/\/www.kliinikum.ee\/yhendlabor\/wp-json\/wp\/v2\/media?parent=12136"}],"curies":[{"name":"wp","href":"https:\/\/api.w.org\/{rel}","templated":true}]}}