{"id":12140,"date":"2025-07-18T20:02:37","date_gmt":"2025-07-18T18:02:37","guid":{"rendered":"https:\/\/www.kliinikum.ee\/yhendlabor\/?page_id=12140"},"modified":"2025-11-26T19:23:17","modified_gmt":"2025-11-26T17:23:17","slug":"vaba-turoksiin-sp-ft4","status":"publish","type":"page","link":"https:\/\/www.kliinikum.ee\/yhendlabor\/kasiraamat\/hormoonid-jm-immuunuuringud\/vaba-turoksiin-sp-ft4\/","title":{"rendered":"Vaba t\u00fcroksiin (S,P-fT4)"},"content":{"rendered":"\n<p><em>Kliinilise keemia ja laboratoorse hematoloogia osakond<\/em><\/p>\n\n\n\n<p>Enamus <strong>t\u00fcroksiinist (T4)<\/strong> on seotud transportvalkudega, peamiselt t\u00fcroksiini siduva globuliiniga (TBG) ning ka t\u00fcroksiini siduva prealbumiini (TBPA) ja albumiiniga. \u00dclej\u00e4\u00e4nud v\u00e4ga v\u00e4ike osa (0,004%) tsirkuleerib bioaktiivse vaba T4-na (fT4), mis reguleerib negatiivse tagasiside kaudu kilpn\u00e4\u00e4ret stimuleeriva hormooni (TSH) sekretsiooni. Vaba T4 kontsentratsioon ei s\u00f5ltu tavaliselt TBG hulga k\u00f5ikumistest ja on seega parem kilpn\u00e4\u00e4rme seisundi n\u00e4itaja kui T4.<\/p>\n\n\n\n<p>Vaba T4 ja vaba T3 on vajalikud organismi kasvamiseks ja arenguks. Nende toimel suureneb soojaproduktsioon ja hapniku tarbimine. Nad m\u00f5jutavad s\u00fcsivesikute, valkude ja rasvade ainevahetust, soodustavad gl\u00fckoneogeneesi ja gl\u00fckol\u00fc\u00fcsi, lipol\u00fc\u00fcsi, nii kolesterooli s\u00fcnteesi kui ka selle lagundamist. Samuti p\u00f5hjustavad s\u00fcdame l\u00f6\u00f6gisageduse suurenemist ja verer\u00f5hu t\u00f5usu.<\/p>\n\n\n\n<p class=\"has-medium-font-size\"><strong>Uuritav materjal, selle v\u00f5tmine, saatmine ja s\u00e4ilitamine<\/strong><\/p>\n\n\n\n<figure class=\"wp-block-table is-style-stripes\"><table width=\"100%\"><tbody><tr><td width=\"1%\"><\/td><td width=\"15%\"><strong>Katsuti<\/strong><\/td><td width=\"84%\">Geeli ja h\u00fc\u00fcbimisaktivaatoriga katsuti (punane kollase r\u00f5ngaga v\u00f5i kollane kork) v\u00f5i geeliga LH-katsuti (roheline kollase r\u00f5ngaga v\u00f5i heleroheline kork)<\/td><\/tr><tr><td><\/td><td><strong>S\u00e4ilivus<\/strong><\/td><td>Seerum\/plasma toatemperatuuril viis p\u00e4eva, +4 \u00b0C seitse p\u00e4eva, -20 \u00b0C \u00fcks kuu<\/td><\/tr><\/tbody><\/table><\/figure>\n\n\n\n<p class=\"has-medium-font-size\"><strong>Anal\u00fc\u00fcsi tegemise aeg:<\/strong> t\u00f6\u00f6p\u00e4eviti<\/p>\n\n\n\n<p class=\"has-medium-font-size\"><strong>Anal\u00fc\u00fcsimeetod:<\/strong> elektrokemoluminestsents-immuunmeetod (ECLIA)<\/p>\n\n\n\n<p class=\"has-medium-font-size\"><strong>Referentsv\u00e4\u00e4rtused<\/strong><\/p>\n\n\n\n<figure class=\"wp-block-table\"><table width=\"100%\"><tbody><tr><td width=\"1%\"><\/td><td width=\"30%\"><strong>&lt; 6 p<\/strong><\/td><td width=\"69%\">11,0\u201332,0 pmol\/L<\/td><\/tr><tr><td><\/td><td><strong>6 p \u2013 &lt; 4 k<\/strong><\/td><td>11,5\u201328,3 pmol\/L<\/td><\/tr><tr><td><\/td><td><strong>4 k \u2013 &lt; 1 a<\/strong><\/td><td>11,9\u201325,6 pmol\/L<\/td><\/tr><tr><td><\/td><td><strong>1 a \u2013 &lt; 7 a<\/strong><\/td><td>12,3\u201322,8 pmol\/L<\/td><\/tr><tr><td><\/td><td><strong>7 a \u2013 &lt; 12 a<\/strong><\/td><td>12,5\u201321,5 pmol\/L<\/td><\/tr><tr><td><\/td><td><strong>12 a \u2013 &lt; 21 a<\/strong><\/td><td>12,6\u201321,0 pmol\/L<\/td><\/tr><tr><td><\/td><td><strong>\u2265 21 a<\/strong><\/td><td>12,0\u201322,0 pmol\/L<\/td><\/tr><tr><td><\/td><td><strong>Rasedad<\/strong><\/td><td><\/td><\/tr><tr><td><\/td><td><strong>\u2014 I trim<\/strong><\/td><td>12,1\u201319,6 pmol\/L<\/td><\/tr><tr><td><\/td><td><strong>\u2014 II trim<\/strong><\/td><td>9,6\u201317,0 pmol\/L<\/td><\/tr><tr><td><\/td><td><strong>\u2014 III trim<\/strong><\/td><td>8,4\u201315,6 pmol\/L<\/td><\/tr><\/tbody><\/table><\/figure>\n\n\n\n<p class=\"has-medium-font-size\"><strong>N\u00e4idustus ja kliiniline t\u00e4hendus<\/strong><\/p>\n\n\n\n<p>Koos TSH m\u00e4\u00e4ramisega h\u00fcpo- ja h\u00fcpert\u00fcreooside diagnostika, ravi efektiivsuse hindamine. &nbsp;<\/p>\n\n\n\n<p>Vaba T4 tase ei ole m\u00f5justatud vereseerumi valgufraktsioonide tasemest, seega vaba T4 tulemused on informatiivsemad kilpn\u00e4\u00e4rme seisundi hindamisel kui T4 v\u00e4\u00e4rtused.<\/p>\n\n\n\n<p><em>Vaba T4 kontsentratsiooni suurenemine<\/em><\/p>\n\n\n\n<p>Vaba T4 tase t\u00f5useb h\u00fcpert\u00fcreooside (kilpn\u00e4\u00e4rme \u00fcletalitlus) korral, mille p\u00f5hjusteks v\u00f5ivad olla difuusne toksiline struuma e Basedowi t\u00f5bi, t\u00fcreotoksiline adenoom, toksiline s\u00f5lmeline struuma, subakuutne t\u00fcreoidiit (50%-l algfaasis), valutu s\u00fcnnitusj\u00e4rgne autoimmuunne t\u00fcreoidiit (1\u20133 kuud peale s\u00fcnnitust), liigne joodi sisaldus organismis, amiodarooni kasutamine, t\u00fcroksiinravi \u00fcledoseerimine.<\/p>\n\n\n\n<p>Vaba T4 tase v\u00f5ib t\u00f5usta haiguste puhul, millega kaasneb vabade rasvhapete sisalduse t\u00f5us veres, samuti p\u00e4riliku d\u00fcsalbumineemilise h\u00fcpert\u00fcroksineemia (esineb harva) korral, \u00fcksikutel juhtudel trofoblastihaiguste (k\u00f5rge hCG tase), keskmise raskusastmega \u00fcldhaiguste korral ja raseduse I trimestril (tingitud hCG taseme t\u00f5usust).<\/p>\n\n\n\n<p>Vaba T4 kontsetratsiooni suurenemist m\u00f5jutavad mitmed ravimid: amiodaroon, liitium, atset\u00fc\u00fclsalits\u00fc\u00fclhape, furosemiid, danasool, propranolool, valproaat. Hepariin (antikoagulandi ja ravimina) v\u00e4hendab T4 seondumist TBG-ga, neil juhtudel vaba T4 tase ajutiselt t\u00f5useb, mis viib TSH erituse v\u00e4henemise kaudu T4 s\u00fcnteesi v\u00e4henemisele ja vaba T4 normaliseerumisele.<\/p>\n\n\n\n<p><em>Vaba T4 kontsentratsiooni v\u00e4henemine<\/em><\/p>\n\n\n\n<p>Primaarse h\u00fcpot\u00fcreoosi (kilpn\u00e4\u00e4rme alatalitlus) korral on vaba T4 tase madal ja negatiivse tagasiside puudumisel TSH tase k\u00f5rge. Sagedasemateks p\u00f5hjusteks on krooniline autoimmuunne t\u00fcreoidiit (Hashimoto t\u00fcreoidiit), radiojoodravi, t\u00fcreoidektoomia ning m\u00f6\u00f6duva h\u00fcpot\u00fcreoosi p\u00f5hjusteks subakuutne t\u00fcreoidiit (1\u20132 kuud peale ravi algust), s\u00fcnnitusj\u00e4rgne autoimmuunne t\u00fcreoidiit (4\u20138 kuud peale s\u00fcnnitust) ning joodi sisaldavad ravimid.<\/p>\n\n\n\n<p>Sekundaarse h\u00fcpot\u00fcreoosi korral on TSH stimulatsiooni puudumise t\u00f5ttu vaba T4 kontsentratsioon v\u00e4henenud v\u00f5i referentsvahemiku alumisel piiril. P\u00f5hjusteks v\u00f5ivad olla h\u00fcpof\u00fc\u00fcsi kasvajad ja infiltratiivsed haigused, mille tagaj\u00e4rjel kujuneb v\u00e4lja h\u00fcpopituitarism.<\/p>\n\n\n\n<p>Vaba T4 kontsentratsiooni v\u00e4henemist v\u00f5ivad m\u00f5jutada rasedus (III trimester) ja ravimid: amiodaroon, liitium, levot\u00fcroksiin, androgeenid, anaboolsed steroidid, krambivastased ravimid (karbamasepiin, fen\u00fctoiin, valproaat), sulfoonamiidid, interferoon, metadoon, kolestipool, fenoprofeen, rifampitsiin, nitroprussiid.<\/p>\n\n\n\n<p>Vt ka: <a href=\"https:\/\/www.kliinikum.ee\/yhendlabor\/kasiraamat\/hormoonid-jm-immuunuuringud\/vaba-trijoodturoniin-sp-ft3\/\">Vaba trijoodt\u00fcroniin<\/a><br><a href=\"https:\/\/www.kliinikum.ee\/yhendlabor\/kasiraamat\/hormoonid-jm-immuunuuringud\/kilpnaaret-stimuleeriv-hormoon-sp-tsh\/\">Kilpn\u00e4\u00e4ret stimuleeriv hormoon<\/a><\/p>\n\n\n\n<p>Koostajad: Ly Aru, Kaja Vaagen<br>Muudetud 21.10.2019<\/p>\n","protected":false},"excerpt":{"rendered":"<p>Kliinilise keemia ja laboratoorse hematoloogia osakond Enamus t\u00fcroksiinist (T4) on seotud transportvalkudega, peamiselt t\u00fcroksiini siduva globuliiniga (TBG) ning ka t\u00fcroksiini siduva prealbumiini (TBPA) ja albumiiniga. \u00dclej\u00e4\u00e4nud v\u00e4ga v\u00e4ike osa (0,004%) tsirkuleerib bioaktiivse vaba T4-na (fT4), mis reguleerib negatiivse tagasiside kaudu kilpn\u00e4\u00e4ret stimuleeriva hormooni (TSH) sekretsiooni. Vaba T4 kontsentratsioon ei s\u00f5ltu tavaliselt TBG hulga k\u00f5ikumistest ja [&hellip;]<\/p>\n","protected":false},"author":38,"featured_media":0,"parent":7271,"menu_order":23,"comment_status":"closed","ping_status":"closed","template":"","meta":{"_uag_custom_page_level_css":"","footnotes":""},"class_list":["post-12140","page","type-page","status-publish","hentry"],"acf":[],"yoast_head":"<!-- This site is optimized with the Yoast SEO plugin v27.3 - https:\/\/yoast.com\/product\/yoast-seo-wordpress\/ -->\n<title>Vaba t\u00fcroksiin (S,P-fT4) - \u00dchendlabor<\/title>\n<meta name=\"robots\" content=\"index, follow, max-snippet:-1, max-image-preview:large, max-video-preview:-1\" \/>\n<link rel=\"canonical\" href=\"https:\/\/www.kliinikum.ee\/yhendlabor\/kasiraamat\/hormoonid-jm-immuunuuringud\/vaba-turoksiin-sp-ft4\/\" \/>\n<meta property=\"og:locale\" content=\"et_EE\" \/>\n<meta property=\"og:type\" content=\"article\" \/>\n<meta property=\"og:title\" content=\"Vaba t\u00fcroksiin (S,P-fT4) - \u00dchendlabor\" \/>\n<meta property=\"og:description\" content=\"Kliinilise keemia ja laboratoorse hematoloogia osakond Enamus t\u00fcroksiinist (T4) on seotud transportvalkudega, peamiselt t\u00fcroksiini siduva globuliiniga (TBG) ning ka t\u00fcroksiini siduva prealbumiini (TBPA) ja albumiiniga. \u00dclej\u00e4\u00e4nud v\u00e4ga v\u00e4ike osa (0,004%) tsirkuleerib bioaktiivse vaba T4-na (fT4), mis reguleerib negatiivse tagasiside kaudu kilpn\u00e4\u00e4ret stimuleeriva hormooni (TSH) sekretsiooni. Vaba T4 kontsentratsioon ei s\u00f5ltu tavaliselt TBG hulga k\u00f5ikumistest ja [&hellip;]\" \/>\n<meta property=\"og:url\" content=\"https:\/\/www.kliinikum.ee\/yhendlabor\/kasiraamat\/hormoonid-jm-immuunuuringud\/vaba-turoksiin-sp-ft4\/\" \/>\n<meta property=\"og:site_name\" content=\"\u00dchendlabor\" \/>\n<meta property=\"article:modified_time\" content=\"2025-11-26T17:23:17+00:00\" \/>\n<meta name=\"twitter:card\" content=\"summary_large_image\" \/>\n<meta name=\"twitter:label1\" content=\"Est. reading time\" \/>\n\t<meta name=\"twitter:data1\" content=\"3 minutit\" \/>\n<script type=\"application\/ld+json\" class=\"yoast-schema-graph\">{\"@context\":\"https:\\\/\\\/schema.org\",\"@graph\":[{\"@type\":\"WebPage\",\"@id\":\"https:\\\/\\\/www.kliinikum.ee\\\/yhendlabor\\\/kasiraamat\\\/hormoonid-jm-immuunuuringud\\\/vaba-turoksiin-sp-ft4\\\/\",\"url\":\"https:\\\/\\\/www.kliinikum.ee\\\/yhendlabor\\\/kasiraamat\\\/hormoonid-jm-immuunuuringud\\\/vaba-turoksiin-sp-ft4\\\/\",\"name\":\"Vaba t\u00fcroksiin (S,P-fT4) - \u00dchendlabor\",\"isPartOf\":{\"@id\":\"https:\\\/\\\/www.kliinikum.ee\\\/yhendlabor\\\/#website\"},\"datePublished\":\"2025-07-18T18:02:37+00:00\",\"dateModified\":\"2025-11-26T17:23:17+00:00\",\"breadcrumb\":{\"@id\":\"https:\\\/\\\/www.kliinikum.ee\\\/yhendlabor\\\/kasiraamat\\\/hormoonid-jm-immuunuuringud\\\/vaba-turoksiin-sp-ft4\\\/#breadcrumb\"},\"inLanguage\":\"et\",\"potentialAction\":[{\"@type\":\"ReadAction\",\"target\":[\"https:\\\/\\\/www.kliinikum.ee\\\/yhendlabor\\\/kasiraamat\\\/hormoonid-jm-immuunuuringud\\\/vaba-turoksiin-sp-ft4\\\/\"]}]},{\"@type\":\"BreadcrumbList\",\"@id\":\"https:\\\/\\\/www.kliinikum.ee\\\/yhendlabor\\\/kasiraamat\\\/hormoonid-jm-immuunuuringud\\\/vaba-turoksiin-sp-ft4\\\/#breadcrumb\",\"itemListElement\":[{\"@type\":\"ListItem\",\"position\":1,\"name\":\"Home\",\"item\":\"https:\\\/\\\/www.kliinikum.ee\\\/yhendlabor\\\/\"},{\"@type\":\"ListItem\",\"position\":2,\"name\":\"K\u00e4siraamat\",\"item\":\"https:\\\/\\\/www.kliinikum.ee\\\/yhendlabor\\\/kasiraamat\\\/\"},{\"@type\":\"ListItem\",\"position\":3,\"name\":\"Hormoonid jm immuunuuringud\",\"item\":\"https:\\\/\\\/www.kliinikum.ee\\\/yhendlabor\\\/kasiraamat\\\/hormoonid-jm-immuunuuringud\\\/\"},{\"@type\":\"ListItem\",\"position\":4,\"name\":\"Vaba t\u00fcroksiin (S,P-fT4)\"}]},{\"@type\":\"WebSite\",\"@id\":\"https:\\\/\\\/www.kliinikum.ee\\\/yhendlabor\\\/#website\",\"url\":\"https:\\\/\\\/www.kliinikum.ee\\\/yhendlabor\\\/\",\"name\":\"\u00dchendlabor\",\"description\":\"Hoolivus, Uuendusmeelsus, P\u00e4devus ja Usaldusv\u00e4\u00e4rsus\",\"potentialAction\":[{\"@type\":\"SearchAction\",\"target\":{\"@type\":\"EntryPoint\",\"urlTemplate\":\"https:\\\/\\\/www.kliinikum.ee\\\/yhendlabor\\\/?s={search_term_string}\"},\"query-input\":{\"@type\":\"PropertyValueSpecification\",\"valueRequired\":true,\"valueName\":\"search_term_string\"}}],\"inLanguage\":\"et\"}]}<\/script>\n<!-- \/ Yoast SEO plugin. -->","yoast_head_json":{"title":"Vaba t\u00fcroksiin (S,P-fT4) - \u00dchendlabor","robots":{"index":"index","follow":"follow","max-snippet":"max-snippet:-1","max-image-preview":"max-image-preview:large","max-video-preview":"max-video-preview:-1"},"canonical":"https:\/\/www.kliinikum.ee\/yhendlabor\/kasiraamat\/hormoonid-jm-immuunuuringud\/vaba-turoksiin-sp-ft4\/","og_locale":"et_EE","og_type":"article","og_title":"Vaba t\u00fcroksiin (S,P-fT4) - \u00dchendlabor","og_description":"Kliinilise keemia ja laboratoorse hematoloogia osakond Enamus t\u00fcroksiinist (T4) on seotud transportvalkudega, peamiselt t\u00fcroksiini siduva globuliiniga (TBG) ning ka t\u00fcroksiini siduva prealbumiini (TBPA) ja albumiiniga. \u00dclej\u00e4\u00e4nud v\u00e4ga v\u00e4ike osa (0,004%) tsirkuleerib bioaktiivse vaba T4-na (fT4), mis reguleerib negatiivse tagasiside kaudu kilpn\u00e4\u00e4ret stimuleeriva hormooni (TSH) sekretsiooni. Vaba T4 kontsentratsioon ei s\u00f5ltu tavaliselt TBG hulga k\u00f5ikumistest ja [&hellip;]","og_url":"https:\/\/www.kliinikum.ee\/yhendlabor\/kasiraamat\/hormoonid-jm-immuunuuringud\/vaba-turoksiin-sp-ft4\/","og_site_name":"\u00dchendlabor","article_modified_time":"2025-11-26T17:23:17+00:00","twitter_card":"summary_large_image","twitter_misc":{"Est. reading time":"3 minutit"},"schema":{"@context":"https:\/\/schema.org","@graph":[{"@type":"WebPage","@id":"https:\/\/www.kliinikum.ee\/yhendlabor\/kasiraamat\/hormoonid-jm-immuunuuringud\/vaba-turoksiin-sp-ft4\/","url":"https:\/\/www.kliinikum.ee\/yhendlabor\/kasiraamat\/hormoonid-jm-immuunuuringud\/vaba-turoksiin-sp-ft4\/","name":"Vaba t\u00fcroksiin (S,P-fT4) - \u00dchendlabor","isPartOf":{"@id":"https:\/\/www.kliinikum.ee\/yhendlabor\/#website"},"datePublished":"2025-07-18T18:02:37+00:00","dateModified":"2025-11-26T17:23:17+00:00","breadcrumb":{"@id":"https:\/\/www.kliinikum.ee\/yhendlabor\/kasiraamat\/hormoonid-jm-immuunuuringud\/vaba-turoksiin-sp-ft4\/#breadcrumb"},"inLanguage":"et","potentialAction":[{"@type":"ReadAction","target":["https:\/\/www.kliinikum.ee\/yhendlabor\/kasiraamat\/hormoonid-jm-immuunuuringud\/vaba-turoksiin-sp-ft4\/"]}]},{"@type":"BreadcrumbList","@id":"https:\/\/www.kliinikum.ee\/yhendlabor\/kasiraamat\/hormoonid-jm-immuunuuringud\/vaba-turoksiin-sp-ft4\/#breadcrumb","itemListElement":[{"@type":"ListItem","position":1,"name":"Home","item":"https:\/\/www.kliinikum.ee\/yhendlabor\/"},{"@type":"ListItem","position":2,"name":"K\u00e4siraamat","item":"https:\/\/www.kliinikum.ee\/yhendlabor\/kasiraamat\/"},{"@type":"ListItem","position":3,"name":"Hormoonid jm immuunuuringud","item":"https:\/\/www.kliinikum.ee\/yhendlabor\/kasiraamat\/hormoonid-jm-immuunuuringud\/"},{"@type":"ListItem","position":4,"name":"Vaba t\u00fcroksiin (S,P-fT4)"}]},{"@type":"WebSite","@id":"https:\/\/www.kliinikum.ee\/yhendlabor\/#website","url":"https:\/\/www.kliinikum.ee\/yhendlabor\/","name":"\u00dchendlabor","description":"Hoolivus, Uuendusmeelsus, P\u00e4devus ja Usaldusv\u00e4\u00e4rsus","potentialAction":[{"@type":"SearchAction","target":{"@type":"EntryPoint","urlTemplate":"https:\/\/www.kliinikum.ee\/yhendlabor\/?s={search_term_string}"},"query-input":{"@type":"PropertyValueSpecification","valueRequired":true,"valueName":"search_term_string"}}],"inLanguage":"et"}]}},"uagb_featured_image_src":{"full":false,"thumbnail":false,"medium":false,"medium_large":false,"large":false,"1536x1536":false,"2048x2048":false},"uagb_author_info":{"display_name":"Kadi Siigur","author_link":"https:\/\/www.kliinikum.ee\/yhendlabor\/author\/kadisi\/"},"uagb_comment_info":0,"uagb_excerpt":"Kliinilise keemia ja laboratoorse hematoloogia osakond Enamus t\u00fcroksiinist (T4) on seotud transportvalkudega, peamiselt t\u00fcroksiini siduva globuliiniga (TBG) ning ka t\u00fcroksiini siduva prealbumiini (TBPA) ja albumiiniga. \u00dclej\u00e4\u00e4nud v\u00e4ga v\u00e4ike osa (0,004%) tsirkuleerib bioaktiivse vaba T4-na (fT4), mis reguleerib negatiivse tagasiside kaudu kilpn\u00e4\u00e4ret stimuleeriva hormooni (TSH) sekretsiooni. Vaba T4 kontsentratsioon ei s\u00f5ltu tavaliselt TBG hulga k\u00f5ikumistest ja&hellip;","_links":{"self":[{"href":"https:\/\/www.kliinikum.ee\/yhendlabor\/wp-json\/wp\/v2\/pages\/12140","targetHints":{"allow":["GET"]}}],"collection":[{"href":"https:\/\/www.kliinikum.ee\/yhendlabor\/wp-json\/wp\/v2\/pages"}],"about":[{"href":"https:\/\/www.kliinikum.ee\/yhendlabor\/wp-json\/wp\/v2\/types\/page"}],"author":[{"embeddable":true,"href":"https:\/\/www.kliinikum.ee\/yhendlabor\/wp-json\/wp\/v2\/users\/38"}],"replies":[{"embeddable":true,"href":"https:\/\/www.kliinikum.ee\/yhendlabor\/wp-json\/wp\/v2\/comments?post=12140"}],"version-history":[{"count":0,"href":"https:\/\/www.kliinikum.ee\/yhendlabor\/wp-json\/wp\/v2\/pages\/12140\/revisions"}],"up":[{"embeddable":true,"href":"https:\/\/www.kliinikum.ee\/yhendlabor\/wp-json\/wp\/v2\/pages\/7271"}],"wp:attachment":[{"href":"https:\/\/www.kliinikum.ee\/yhendlabor\/wp-json\/wp\/v2\/media?parent=12140"}],"curies":[{"name":"wp","href":"https:\/\/api.w.org\/{rel}","templated":true}]}}