{"id":12338,"date":"2025-07-23T18:59:07","date_gmt":"2025-07-23T16:59:07","guid":{"rendered":"https:\/\/www.kliinikum.ee\/yhendlabor\/?page_id=12338"},"modified":"2025-12-11T23:24:31","modified_gmt":"2025-12-11T21:24:31","slug":"uriini-ribaanaluus-ja-voolutsutomeetria-u-strip-u-particles-fc","status":"publish","type":"page","link":"https:\/\/www.kliinikum.ee\/yhendlabor\/kasiraamat\/uriini-uuringud\/uriini-ribaanaluus-ja-voolutsutomeetria-u-strip-u-particles-fc\/","title":{"rendered":"Uriini ribaanal\u00fc\u00fcs ja vooluts\u00fctomeetria (U-Strip, U-Particles Fc)"},"content":{"rendered":"\n<p><em>Kliinilise keemia ja laboratoorse hematoloogia osakond<\/em><\/p>\n\n\n\n<p><strong>Uriini ribaanal\u00fc\u00fcs<\/strong> seisneb vastava testriba abil rea parameetrite (leukots\u00fc\u00fcdid, er\u00fctrots\u00fc\u00fcdid, nitrit, erikaal, gl\u00fckoos, valk, bilirubiin, urobilinogeen, ketokehad, pH) poolkvantitatiivses m\u00e4\u00e4ramises. Kui \u00fcks v\u00f5i mitu j\u00e4rgnevatest parameetritest \u2013 leukots\u00fc\u00fcdid, er\u00fctrots\u00fc\u00fcdid, nitrit, valk \u2013 on andnud ribaanal\u00fc\u00fcsil positiivse tulemuse, tehakse uriini vooluts\u00fctomeetriline uuring ning vajadusel uriini sademe mikroskoopia.<\/p>\n\n\n\n<p>Uriini vooluts\u00fctomeetria tulemuste t\u00e4psustava&nbsp; uuringuna tehakse uriini sademe mikroskoopia juhul, kui:<\/p>\n\n\n\n<ul class=\"wp-block-list\">\n<li>proovis esineb patoloogilisi silindreid &gt; 1 x 10<sup>6<\/sup>\/L,<\/li>\n\n\n\n<li>esineb kahtlus er\u00fctrots\u00fc\u00fctide ja p\u00e4rmseente korrektses klassifitseerimises,<\/li>\n\n\n\n<li>esineb leukots\u00fc\u00fctide tulemuste lahknevus ribaanal\u00fc\u00fcsil ja vooluts\u00fctomeetrial, nt ribaanal\u00fc\u00fcsil&nbsp; on leukots\u00fc\u00fctide tulemus negatiivne kuid vooluts\u00fctomeetria tulemus \u00fcletab referentsv\u00e4\u00e4rtust v\u00f5i vastupidi,<\/li>\n\n\n\n<li>esineb er\u00fctrots\u00fc\u00fctide tulemuste lahknevus ribaanal\u00fc\u00fcsil ja vooluts\u00fctomeetrial, nt ribaanal\u00fc\u00fcsil on er\u00fctrots\u00fc\u00fctide tulemus negatiivne kuid vooluts\u00fctomeetria tulemus \u00fcletab referentsv\u00e4\u00e4rtust v\u00f5i vastupidi.<\/li>\n<\/ul>\n\n\n\n<p>Vastava vooluts\u00fctomeetria parameetri juurde lisatakse kommentaar mikroskoopia tulemustega.<\/p>\n\n\n\n<p>Ribaanal\u00fc\u00fcsi parameetrite tulemused v\u00e4ljastatakse vastavalt tabelis toodule:<\/p>\n\n\n\n<figure class=\"wp-block-table\"><table width=\"100%\"><tbody><tr><td width=\"1%\"><\/td><td width=\"34%\"><strong>Parameeter<\/strong><\/td><td width=\"65%\"><strong>Tulemus<\/strong><\/td><\/tr><tr><td><\/td><td>Erikaal<\/td><td>1,000\u20131,050<\/td><\/tr><tr><td><\/td><td>pH<\/td><td>5,0; 5,5; 6,0; 6,5; 7,0; 7,5; 8,0; 8,5; 9,0<\/td><\/tr><tr><td><\/td><td>Nitrit<\/td><td>Negatiivne\/Positiivne<\/td><\/tr><tr><td><\/td><td>Leukots\u00fc\u00fcdid<\/td><td>Negatiivne; 25; 75; 500 E6\/L<\/td><\/tr><tr><td><\/td><td>Valk<\/td><td>Negatiivne; 0,15; 0,3; 1,0; 3,0; 10 g\/L<\/td><\/tr><tr><td><\/td><td>Gl\u00fckoos<\/td><td>Negatiivne; 2,8; 5,6; 14; 28; 111 mmol\/L<\/td><\/tr><tr><td><\/td><td>Ketokehad<\/td><td>Negatiivne; 0,93; 2,8; 7,4 mmol\/L<\/td><\/tr><tr><td><\/td><td>Urobilinogeen<\/td><td>Negatiivne; 34; 68; 135; 202 \u00b5mol\/L<\/td><\/tr><tr><td><\/td><td>Bilirubiin<\/td><td>Negatiivne; 8,6; 17; 34 \u00b5mol\/L<\/td><\/tr><tr><td><\/td><td>Er\u00fctrots\u00fc\u00fcdid<\/td><td>Negatiivne; 10; 20; 50; 250 E6\/L<\/td><\/tr><\/tbody><\/table><\/figure>\n\n\n\n<p>Uriini vooluts\u00fctomeetria tulemused v\u00e4ljastatakse kvantitatiivselt (E6\/L).<\/p>\n\n\n\n<p class=\"has-medium-font-size\"><strong>Uuritav materjal, selle v\u00f5tmine, saatmine ja s\u00e4ilitamine<\/strong><\/p>\n\n\n\n<figure class=\"wp-block-table is-style-stripes\"><table width=\"100%\"><tbody><tr><td width=\"1%\"><\/td><td width=\"15%\"><strong>Proovin\u00f5u<\/strong><\/td><td width=\"84%\">Proovitops v\u00f5i uriinikatsuti<\/td><\/tr><tr><td><\/td><td><strong>S\u00e4ilivus<\/strong><\/td><td>Uriin toatemperatuuril kaks tundi, 2-8 \u00b0C neli tundi<\/td><\/tr><\/tbody><\/table><\/figure>\n\n\n\n<p>Eelistatud materjal on esmane hommikune keskjoauriin, selle v\u00f5imaluse puudumisel juhuslik uriin. Eelmisest urineerimisest peab olema m\u00f6\u00f6dunud v\u00e4hemalt neli tundi (bakterite esinemisel nitritite minimaalse vajaliku hulga saavutamiseks). Oluline on \u00f5ige v\u00e4lissuguelundite pesemine (vt \u00fchendlabori kodulehek\u00fclg Anal\u00fc\u00fcsid \u2192Uuringumaterjalide v\u00f5tmise juhendid).<\/p>\n\n\n\n<p class=\"has-medium-font-size\"><strong>Anal\u00fc\u00fcsi tegemise aeg:<\/strong> \u00f6\u00f6p\u00e4evaringselt<\/p>\n\n\n\n<p class=\"has-medium-font-size\"><strong>Anal\u00fc\u00fcsimeetod:<\/strong> uriini ribaanal\u00fc\u00fcs anal\u00fcsaatoril (peegeldusfotomeetria); uriini vooluts\u00fctomeetria; vajadusel sademe mikroskoopia supravitaalv\u00e4rvinguga<\/p>\n\n\n\n<p class=\"has-medium-font-size\"><strong>Referentsv\u00e4\u00e4rtused<\/strong><\/p>\n\n\n\n<p>Ribaanal\u00fc\u00fcs:<\/p>\n\n\n\n<figure class=\"wp-block-table\"><table width=\"100%\"><tbody><tr><td width=\"1%\"><\/td><td width=\"59%\"><strong>pH<\/strong><\/td><td width=\"40%\">5,0\u20138,0<\/td><\/tr><tr><td><\/td><td><strong>Erikaal<\/strong><\/td><td>1,005\u20131,030<\/td><\/tr><tr><td><\/td><td><strong>\u00dclej\u00e4\u00e4nud parameetrid<\/strong><\/td><td>Negatiivne<\/td><\/tr><\/tbody><\/table><\/figure>\n\n\n\n<p>Uriini vooluts\u00fctomeetria:<\/p>\n\n\n\n<figure class=\"wp-block-table\"><table width=\"100%\"><tbody><tr><td width=\"1%\"><\/td><td width=\"59%\">Er\u00fctrots\u00fc\u00fcdid<\/td><td width=\"40%\">&lt; 23 x 10E6\/L<\/td><\/tr><tr><td><\/td><td>Leukots\u00fc\u00fcdid<\/td><td>&lt; 25 x 10E6\/L<\/td><\/tr><tr><td><\/td><td>Lameepiteeli rakud<\/td><td>&lt; 31 x 10E6\/L<\/td><\/tr><tr><td><\/td><td>Transitoorse epiteeli rakud<\/td><td>&lt; 1 x 10E6\/L<\/td><\/tr><tr><td><\/td><td>Tubulaarepiteeli rakud<\/td><td>&lt; 3 x 10E6\/L<\/td><\/tr><tr><td><\/td><td>H\u00fcaliinsilindrid<\/td><td>&lt; 1 x 10E6\/L<\/td><\/tr><tr><td><\/td><td>Patoloogilised silindrid<\/td><td>&lt; 1 x 10E6\/L<\/td><\/tr><tr><td><\/td><td>Bakterid<\/td><td>&lt; 1200 x 10E6\/L<\/td><\/tr><tr><td><\/td><td>Kristallid<\/td><td>&lt; 10 x 10E6\/L<\/td><\/tr><tr><td><\/td><td>P\u00e4rmseened<\/td><td>&lt; 1 x 10E6\/L<\/td><\/tr><\/tbody><\/table><\/figure>\n\n\n\n<p class=\"has-medium-font-size\"><strong>N\u00e4idustus ja kliiniline t\u00e4hendus<\/strong><\/p>\n\n\n\n<p>Esmane uuring urotrakti infektsioonide jt. urotrakti haiguse kahtlusel.<\/p>\n\n\n\n<p>Leukots\u00fc\u00fctide, nitriti&nbsp; ja bakterite leidumine on urotrakti infektsiooni tunnuseks. Tubulaarepiteeli rakkude ja\/v\u00f5i patoloogiliste silindrite leid viitab neerutuubulites olevale haigusprotsessile. Transitoorse epiteeli rakud p\u00e4rinevad ureeteritest ja p\u00f5iest. Lameepiteeli rakud satuvad uriini ureetrast ja v\u00e4listelt genitaalidelt ning on tavaliselt puuduliku pesemise tunnuseks. Erikaal v\u00f5imaldab hinnata neerude kontsentratsiooniv\u00f5imet.<\/p>\n\n\n\n<p>Vt ka: <a href=\"https:\/\/www.kliinikum.ee\/yhendlabor\/kasiraamat\/uriini-uuringud\/dusmorfsed-erutrotsuudid-uriinis\/\">D\u00fcsmorfsed er\u00fctrots\u00fc\u00fcdid uriinis<\/a><\/p>\n\n\n\n<p>Koostaja: Piret Mihkelson<br>Muudetud 24.04.2024<\/p>\n\n\n\n<p><\/p>\n","protected":false},"excerpt":{"rendered":"<p>Kliinilise keemia ja laboratoorse hematoloogia osakond Uriini ribaanal\u00fc\u00fcs seisneb vastava testriba abil rea parameetrite (leukots\u00fc\u00fcdid, er\u00fctrots\u00fc\u00fcdid, nitrit, erikaal, gl\u00fckoos, valk, bilirubiin, urobilinogeen, ketokehad, pH) poolkvantitatiivses m\u00e4\u00e4ramises. Kui \u00fcks v\u00f5i mitu j\u00e4rgnevatest parameetritest \u2013 leukots\u00fc\u00fcdid, er\u00fctrots\u00fc\u00fcdid, nitrit, valk \u2013 on andnud ribaanal\u00fc\u00fcsil positiivse tulemuse, tehakse uriini vooluts\u00fctomeetriline uuring ning vajadusel uriini sademe mikroskoopia. Uriini vooluts\u00fctomeetria tulemuste [&hellip;]<\/p>\n","protected":false},"author":38,"featured_media":0,"parent":7317,"menu_order":11,"comment_status":"closed","ping_status":"closed","template":"","meta":{"_uag_custom_page_level_css":"","footnotes":""},"class_list":["post-12338","page","type-page","status-publish","hentry"],"acf":[],"yoast_head":"<!-- This site is optimized with the Yoast SEO plugin v27.3 - https:\/\/yoast.com\/product\/yoast-seo-wordpress\/ -->\n<title>Uriini ribaanal\u00fc\u00fcs ja vooluts\u00fctomeetria (U-Strip, U-Particles Fc) - \u00dchendlabor<\/title>\n<meta name=\"robots\" content=\"index, follow, max-snippet:-1, max-image-preview:large, max-video-preview:-1\" \/>\n<link rel=\"canonical\" href=\"https:\/\/www.kliinikum.ee\/yhendlabor\/kasiraamat\/uriini-uuringud\/uriini-ribaanaluus-ja-voolutsutomeetria-u-strip-u-particles-fc\/\" \/>\n<meta property=\"og:locale\" content=\"et_EE\" \/>\n<meta property=\"og:type\" content=\"article\" \/>\n<meta property=\"og:title\" content=\"Uriini ribaanal\u00fc\u00fcs ja vooluts\u00fctomeetria (U-Strip, U-Particles Fc) - \u00dchendlabor\" \/>\n<meta property=\"og:description\" content=\"Kliinilise keemia ja laboratoorse hematoloogia osakond Uriini ribaanal\u00fc\u00fcs seisneb vastava testriba abil rea parameetrite (leukots\u00fc\u00fcdid, er\u00fctrots\u00fc\u00fcdid, nitrit, erikaal, gl\u00fckoos, valk, bilirubiin, urobilinogeen, ketokehad, pH) poolkvantitatiivses m\u00e4\u00e4ramises. Kui \u00fcks v\u00f5i mitu j\u00e4rgnevatest parameetritest \u2013 leukots\u00fc\u00fcdid, er\u00fctrots\u00fc\u00fcdid, nitrit, valk \u2013 on andnud ribaanal\u00fc\u00fcsil positiivse tulemuse, tehakse uriini vooluts\u00fctomeetriline uuring ning vajadusel uriini sademe mikroskoopia. Uriini vooluts\u00fctomeetria tulemuste [&hellip;]\" \/>\n<meta property=\"og:url\" content=\"https:\/\/www.kliinikum.ee\/yhendlabor\/kasiraamat\/uriini-uuringud\/uriini-ribaanaluus-ja-voolutsutomeetria-u-strip-u-particles-fc\/\" \/>\n<meta property=\"og:site_name\" content=\"\u00dchendlabor\" \/>\n<meta property=\"article:modified_time\" content=\"2025-12-11T21:24:31+00:00\" \/>\n<meta name=\"twitter:card\" content=\"summary_large_image\" \/>\n<meta name=\"twitter:label1\" content=\"Est. reading time\" \/>\n\t<meta name=\"twitter:data1\" content=\"3 minutit\" \/>\n<script type=\"application\/ld+json\" class=\"yoast-schema-graph\">{\"@context\":\"https:\\\/\\\/schema.org\",\"@graph\":[{\"@type\":\"WebPage\",\"@id\":\"https:\\\/\\\/www.kliinikum.ee\\\/yhendlabor\\\/kasiraamat\\\/uriini-uuringud\\\/uriini-ribaanaluus-ja-voolutsutomeetria-u-strip-u-particles-fc\\\/\",\"url\":\"https:\\\/\\\/www.kliinikum.ee\\\/yhendlabor\\\/kasiraamat\\\/uriini-uuringud\\\/uriini-ribaanaluus-ja-voolutsutomeetria-u-strip-u-particles-fc\\\/\",\"name\":\"Uriini ribaanal\u00fc\u00fcs ja vooluts\u00fctomeetria (U-Strip, U-Particles Fc) - \u00dchendlabor\",\"isPartOf\":{\"@id\":\"https:\\\/\\\/www.kliinikum.ee\\\/yhendlabor\\\/#website\"},\"datePublished\":\"2025-07-23T16:59:07+00:00\",\"dateModified\":\"2025-12-11T21:24:31+00:00\",\"breadcrumb\":{\"@id\":\"https:\\\/\\\/www.kliinikum.ee\\\/yhendlabor\\\/kasiraamat\\\/uriini-uuringud\\\/uriini-ribaanaluus-ja-voolutsutomeetria-u-strip-u-particles-fc\\\/#breadcrumb\"},\"inLanguage\":\"et\",\"potentialAction\":[{\"@type\":\"ReadAction\",\"target\":[\"https:\\\/\\\/www.kliinikum.ee\\\/yhendlabor\\\/kasiraamat\\\/uriini-uuringud\\\/uriini-ribaanaluus-ja-voolutsutomeetria-u-strip-u-particles-fc\\\/\"]}]},{\"@type\":\"BreadcrumbList\",\"@id\":\"https:\\\/\\\/www.kliinikum.ee\\\/yhendlabor\\\/kasiraamat\\\/uriini-uuringud\\\/uriini-ribaanaluus-ja-voolutsutomeetria-u-strip-u-particles-fc\\\/#breadcrumb\",\"itemListElement\":[{\"@type\":\"ListItem\",\"position\":1,\"name\":\"Home\",\"item\":\"https:\\\/\\\/www.kliinikum.ee\\\/yhendlabor\\\/\"},{\"@type\":\"ListItem\",\"position\":2,\"name\":\"K\u00e4siraamat\",\"item\":\"https:\\\/\\\/www.kliinikum.ee\\\/yhendlabor\\\/kasiraamat\\\/\"},{\"@type\":\"ListItem\",\"position\":3,\"name\":\"Uriini uuringud\",\"item\":\"https:\\\/\\\/www.kliinikum.ee\\\/yhendlabor\\\/kasiraamat\\\/uriini-uuringud\\\/\"},{\"@type\":\"ListItem\",\"position\":4,\"name\":\"Uriini ribaanal\u00fc\u00fcs ja vooluts\u00fctomeetria (U-Strip, U-Particles Fc)\"}]},{\"@type\":\"WebSite\",\"@id\":\"https:\\\/\\\/www.kliinikum.ee\\\/yhendlabor\\\/#website\",\"url\":\"https:\\\/\\\/www.kliinikum.ee\\\/yhendlabor\\\/\",\"name\":\"\u00dchendlabor\",\"description\":\"Hoolivus, Uuendusmeelsus, P\u00e4devus ja Usaldusv\u00e4\u00e4rsus\",\"potentialAction\":[{\"@type\":\"SearchAction\",\"target\":{\"@type\":\"EntryPoint\",\"urlTemplate\":\"https:\\\/\\\/www.kliinikum.ee\\\/yhendlabor\\\/?s={search_term_string}\"},\"query-input\":{\"@type\":\"PropertyValueSpecification\",\"valueRequired\":true,\"valueName\":\"search_term_string\"}}],\"inLanguage\":\"et\"}]}<\/script>\n<!-- \/ Yoast SEO plugin. -->","yoast_head_json":{"title":"Uriini ribaanal\u00fc\u00fcs ja vooluts\u00fctomeetria (U-Strip, U-Particles Fc) - \u00dchendlabor","robots":{"index":"index","follow":"follow","max-snippet":"max-snippet:-1","max-image-preview":"max-image-preview:large","max-video-preview":"max-video-preview:-1"},"canonical":"https:\/\/www.kliinikum.ee\/yhendlabor\/kasiraamat\/uriini-uuringud\/uriini-ribaanaluus-ja-voolutsutomeetria-u-strip-u-particles-fc\/","og_locale":"et_EE","og_type":"article","og_title":"Uriini ribaanal\u00fc\u00fcs ja vooluts\u00fctomeetria (U-Strip, U-Particles Fc) - \u00dchendlabor","og_description":"Kliinilise keemia ja laboratoorse hematoloogia osakond Uriini ribaanal\u00fc\u00fcs seisneb vastava testriba abil rea parameetrite (leukots\u00fc\u00fcdid, er\u00fctrots\u00fc\u00fcdid, nitrit, erikaal, gl\u00fckoos, valk, bilirubiin, urobilinogeen, ketokehad, pH) poolkvantitatiivses m\u00e4\u00e4ramises. Kui \u00fcks v\u00f5i mitu j\u00e4rgnevatest parameetritest \u2013 leukots\u00fc\u00fcdid, er\u00fctrots\u00fc\u00fcdid, nitrit, valk \u2013 on andnud ribaanal\u00fc\u00fcsil positiivse tulemuse, tehakse uriini vooluts\u00fctomeetriline uuring ning vajadusel uriini sademe mikroskoopia. Uriini vooluts\u00fctomeetria tulemuste [&hellip;]","og_url":"https:\/\/www.kliinikum.ee\/yhendlabor\/kasiraamat\/uriini-uuringud\/uriini-ribaanaluus-ja-voolutsutomeetria-u-strip-u-particles-fc\/","og_site_name":"\u00dchendlabor","article_modified_time":"2025-12-11T21:24:31+00:00","twitter_card":"summary_large_image","twitter_misc":{"Est. reading time":"3 minutit"},"schema":{"@context":"https:\/\/schema.org","@graph":[{"@type":"WebPage","@id":"https:\/\/www.kliinikum.ee\/yhendlabor\/kasiraamat\/uriini-uuringud\/uriini-ribaanaluus-ja-voolutsutomeetria-u-strip-u-particles-fc\/","url":"https:\/\/www.kliinikum.ee\/yhendlabor\/kasiraamat\/uriini-uuringud\/uriini-ribaanaluus-ja-voolutsutomeetria-u-strip-u-particles-fc\/","name":"Uriini ribaanal\u00fc\u00fcs ja vooluts\u00fctomeetria (U-Strip, U-Particles Fc) - \u00dchendlabor","isPartOf":{"@id":"https:\/\/www.kliinikum.ee\/yhendlabor\/#website"},"datePublished":"2025-07-23T16:59:07+00:00","dateModified":"2025-12-11T21:24:31+00:00","breadcrumb":{"@id":"https:\/\/www.kliinikum.ee\/yhendlabor\/kasiraamat\/uriini-uuringud\/uriini-ribaanaluus-ja-voolutsutomeetria-u-strip-u-particles-fc\/#breadcrumb"},"inLanguage":"et","potentialAction":[{"@type":"ReadAction","target":["https:\/\/www.kliinikum.ee\/yhendlabor\/kasiraamat\/uriini-uuringud\/uriini-ribaanaluus-ja-voolutsutomeetria-u-strip-u-particles-fc\/"]}]},{"@type":"BreadcrumbList","@id":"https:\/\/www.kliinikum.ee\/yhendlabor\/kasiraamat\/uriini-uuringud\/uriini-ribaanaluus-ja-voolutsutomeetria-u-strip-u-particles-fc\/#breadcrumb","itemListElement":[{"@type":"ListItem","position":1,"name":"Home","item":"https:\/\/www.kliinikum.ee\/yhendlabor\/"},{"@type":"ListItem","position":2,"name":"K\u00e4siraamat","item":"https:\/\/www.kliinikum.ee\/yhendlabor\/kasiraamat\/"},{"@type":"ListItem","position":3,"name":"Uriini uuringud","item":"https:\/\/www.kliinikum.ee\/yhendlabor\/kasiraamat\/uriini-uuringud\/"},{"@type":"ListItem","position":4,"name":"Uriini ribaanal\u00fc\u00fcs ja vooluts\u00fctomeetria (U-Strip, U-Particles Fc)"}]},{"@type":"WebSite","@id":"https:\/\/www.kliinikum.ee\/yhendlabor\/#website","url":"https:\/\/www.kliinikum.ee\/yhendlabor\/","name":"\u00dchendlabor","description":"Hoolivus, Uuendusmeelsus, P\u00e4devus ja Usaldusv\u00e4\u00e4rsus","potentialAction":[{"@type":"SearchAction","target":{"@type":"EntryPoint","urlTemplate":"https:\/\/www.kliinikum.ee\/yhendlabor\/?s={search_term_string}"},"query-input":{"@type":"PropertyValueSpecification","valueRequired":true,"valueName":"search_term_string"}}],"inLanguage":"et"}]}},"uagb_featured_image_src":{"full":false,"thumbnail":false,"medium":false,"medium_large":false,"large":false,"1536x1536":false,"2048x2048":false},"uagb_author_info":{"display_name":"Kadi Siigur","author_link":"https:\/\/www.kliinikum.ee\/yhendlabor\/author\/kadisi\/"},"uagb_comment_info":0,"uagb_excerpt":"Kliinilise keemia ja laboratoorse hematoloogia osakond Uriini ribaanal\u00fc\u00fcs seisneb vastava testriba abil rea parameetrite (leukots\u00fc\u00fcdid, er\u00fctrots\u00fc\u00fcdid, nitrit, erikaal, gl\u00fckoos, valk, bilirubiin, urobilinogeen, ketokehad, pH) poolkvantitatiivses m\u00e4\u00e4ramises. Kui \u00fcks v\u00f5i mitu j\u00e4rgnevatest parameetritest \u2013 leukots\u00fc\u00fcdid, er\u00fctrots\u00fc\u00fcdid, nitrit, valk \u2013 on andnud ribaanal\u00fc\u00fcsil positiivse tulemuse, tehakse uriini vooluts\u00fctomeetriline uuring ning vajadusel uriini sademe mikroskoopia. Uriini vooluts\u00fctomeetria tulemuste&hellip;","_links":{"self":[{"href":"https:\/\/www.kliinikum.ee\/yhendlabor\/wp-json\/wp\/v2\/pages\/12338","targetHints":{"allow":["GET"]}}],"collection":[{"href":"https:\/\/www.kliinikum.ee\/yhendlabor\/wp-json\/wp\/v2\/pages"}],"about":[{"href":"https:\/\/www.kliinikum.ee\/yhendlabor\/wp-json\/wp\/v2\/types\/page"}],"author":[{"embeddable":true,"href":"https:\/\/www.kliinikum.ee\/yhendlabor\/wp-json\/wp\/v2\/users\/38"}],"replies":[{"embeddable":true,"href":"https:\/\/www.kliinikum.ee\/yhendlabor\/wp-json\/wp\/v2\/comments?post=12338"}],"version-history":[{"count":0,"href":"https:\/\/www.kliinikum.ee\/yhendlabor\/wp-json\/wp\/v2\/pages\/12338\/revisions"}],"up":[{"embeddable":true,"href":"https:\/\/www.kliinikum.ee\/yhendlabor\/wp-json\/wp\/v2\/pages\/7317"}],"wp:attachment":[{"href":"https:\/\/www.kliinikum.ee\/yhendlabor\/wp-json\/wp\/v2\/media?parent=12338"}],"curies":[{"name":"wp","href":"https:\/\/api.w.org\/{rel}","templated":true}]}}