{"id":12397,"date":"2025-07-23T20:59:36","date_gmt":"2025-07-23T18:59:36","guid":{"rendered":"https:\/\/www.kliinikum.ee\/yhendlabor\/?page_id=12397"},"modified":"2025-12-11T18:44:10","modified_gmt":"2025-12-11T16:44:10","slug":"oksukodoon-uriinis-u-oxy","status":"publish","type":"page","link":"https:\/\/www.kliinikum.ee\/yhendlabor\/kasiraamat\/toksikoloogilised-ja-metallide-uuringud\/oksukodoon-uriinis-u-oxy\/","title":{"rendered":"Oks\u00fckodoon uriinis (U-Oxy)"},"content":{"rendered":"\n<p><em>Kliinilise keemia ja laboratoorse hematoloogia osakond<\/em><\/p>\n\n\n\n<p><strong>Oks\u00fckodoon <\/strong>on pools\u00fcnteetiline opioidne valuvaigisti, mis p\u00e4rineb oopiumimooni (<em>Papaver somniferum<\/em>) alkaloidist tebaiinist. Oks\u00fckodoon toimib keskn\u00e4rvis\u00fcsteemis \u00b5-opioidretseptorite agonistina, moduleerides valutundlikkust ja emotsionaalset k\u00e4itumist. Oks\u00fckodooni ordineerimise n\u00e4idustuseks on tugev valus\u00fcndroom, mis allub ainult opioidanalgeetikumidele.<\/p>\n\n\n\n<p>Kuna \u00b5-opioidretseptorid ekspresseeruvad ulatuslikult \u00fcle kogu keskn\u00e4rvis\u00fcsteemi ning ka muudes organs\u00fcsteemides, v\u00f5ivad oks\u00fckodooni k\u00f5rvaltoimed olla mitmekesised: soolemotoorika aeglustumine, iiveldus, oksendamine, k\u00f5hukinnisus, uimasus, nahas\u00fcgelus, k\u00f6harefleksi p\u00e4rssumine, hallutsinatsioonid, mioos, d\u00fcsfooria ja sedatsioon. Oks\u00fckodoon v\u00f5ib m\u00f5jutada h\u00fcpotalamuse-h\u00fcpof\u00fc\u00fcsi-neerupealiste telge v\u00f5i h\u00fcpotalamuse-h\u00fcpof\u00fc\u00fcsi-sugun\u00e4\u00e4rmete telge, mille tulemusena tekib seerumi prolaktiinisisalduse suurenemine ning plasma kortisooli- ja testosteroonisisalduse suurenemine ning avalduda v\u00f5ivad nendest hormonaalsetest muutustest tingitud kliinilised s\u00fcmptomid.<\/p>\n\n\n\n<p>Pikaajalisel tarvitamisel v\u00f5ivad kujuneda tolerantsus ja ravims\u00f5ltuvus ning suureneb risk \u00fcleannustamiseks. \u00dcleannuse k\u00f5ige suurem oht on hingamisfunktsiooni p\u00e4rssimine, mis v\u00f5ib l\u00f5ppeda letaalselt. Ravi j\u00e4rsul katkestamisel v\u00f5ivad tekkida \u00e4raj\u00e4tun\u00e4hud: (lihas)valud, iiveldus, k\u00f5hulahtisus, nohu, treemor, higistamine, \u00e4revus, agiteeritus, krambid, unetus jne.<\/p>\n\n\n\n<p>Oks\u00fckodoon metaboliseeritakse organismis ts\u00fctokroomide CYP3A4 ja CYP2D6 abil noroks\u00fckodooniks, oks\u00fcmorfooniks ja nende gl\u00fckuroniidideks. Oks\u00fckodoon ja selle metaboliidid erituvad peamiselt neerude, aga ka maksa kaudu. Oks\u00fckodooni metabolismi m\u00f5jutavad maksa- ja neerupuudulikkus ning teiste CYP3A4 ja CYP2D6 kaudu metaboliseeritavate \u00fchendite samaaegne tarvitamine.<\/p>\n\n\n\n<p class=\"has-medium-font-size\"><strong>Uuritav materjal, selle v\u00f5tmine, saatmine ja s\u00e4ilitamine<\/strong><\/p>\n\n\n\n<figure class=\"wp-block-table is-style-stripes\"><table width=\"100%\"><tbody><tr><td width=\"1%\"><\/td><td width=\"15%\"><strong>Proovin\u00f5u<\/strong><\/td><td width=\"84%\">Proovitops, 50 mL<\/td><\/tr><tr><td><\/td><td><strong>S\u00e4ilivus<\/strong><\/td><td>Uriin +4 \u00b0C kaks p\u00e4eva, -20 \u00b0C pikemat aega<\/td><\/tr><\/tbody><\/table><\/figure>\n\n\n\n<p class=\"has-medium-font-size\"><strong>Anal\u00fc\u00fcsi tegemise aeg:<\/strong> \u00f6\u00f6p\u00e4evaringselt<\/p>\n\n\n\n<p class=\"has-medium-font-size\"><strong>Anal\u00fc\u00fcsimeetod:<\/strong> immuunkromatograafiline meetod (s\u00f5eluuring)<\/p>\n\n\n\n<p class=\"has-medium-font-size\"><strong>Vastuse vorm<\/strong><\/p>\n\n\n\n<p>Normaalleid on negatiivne.<\/p>\n\n\n\n<p>Test muutub positiivseks, kui oks\u00fckodooni kontsentratsioon uriinis on \u00fcle 100 ng\/mL.<\/p>\n\n\n\n<p class=\"has-medium-font-size\"><strong>N\u00e4idustus ja kliiniline t\u00e4hendus<\/strong><\/p>\n\n\n\n<p>Kahtlus oks\u00fckodooni tarvitamisele.<\/p>\n\n\n\n<p>S\u00f5eluuringu tulemuse t\u00f5lgendamisel tuleb arvestada patsiendi anamneesi ja kliinilist pilti. S\u00f5eluuring on kvalitatiivne \u2013 selle tulemuse p\u00f5hjal pole v\u00f5imalik hinnata ravimi t\u00e4pset kontsentratsiooni organismis ega manustamise aega.<\/p>\n\n\n\n<p>SA T\u00dcK \u00dchendlaboris teostatakse narkootiliste ja ps\u00fchhotroopsete ainete anal\u00fc\u00fcse ainult meditsiinilistel n\u00e4idustustel. S\u00f5ltuvusaine kuritarvitamise sedastamine juriidilistel n\u00e4idustustel teostatakse Eesti Kohtuekspertiisi Instituudis.<\/p>\n\n\n\n<p>Koostaja: Anne Must<br>Koostatud 26.03.2024<\/p>\n","protected":false},"excerpt":{"rendered":"<p>Kliinilise keemia ja laboratoorse hematoloogia osakond Oks\u00fckodoon on pools\u00fcnteetiline opioidne valuvaigisti, mis p\u00e4rineb oopiumimooni (Papaver somniferum) alkaloidist tebaiinist. Oks\u00fckodoon toimib keskn\u00e4rvis\u00fcsteemis \u00b5-opioidretseptorite agonistina, moduleerides valutundlikkust ja emotsionaalset k\u00e4itumist. Oks\u00fckodooni ordineerimise n\u00e4idustuseks on tugev valus\u00fcndroom, mis allub ainult opioidanalgeetikumidele. Kuna \u00b5-opioidretseptorid ekspresseeruvad ulatuslikult \u00fcle kogu keskn\u00e4rvis\u00fcsteemi ning ka muudes organs\u00fcsteemides, v\u00f5ivad oks\u00fckodooni k\u00f5rvaltoimed olla mitmekesised: soolemotoorika [&hellip;]<\/p>\n","protected":false},"author":38,"featured_media":0,"parent":7314,"menu_order":13,"comment_status":"closed","ping_status":"closed","template":"","meta":{"_uag_custom_page_level_css":"","footnotes":""},"class_list":["post-12397","page","type-page","status-publish","hentry"],"acf":[],"yoast_head":"<!-- This site is optimized with the Yoast SEO plugin v27.3 - https:\/\/yoast.com\/product\/yoast-seo-wordpress\/ -->\n<title>Oks\u00fckodoon uriinis (U-Oxy) - \u00dchendlabor<\/title>\n<meta name=\"robots\" content=\"index, follow, max-snippet:-1, max-image-preview:large, max-video-preview:-1\" \/>\n<link rel=\"canonical\" href=\"https:\/\/www.kliinikum.ee\/yhendlabor\/kasiraamat\/toksikoloogilised-ja-metallide-uuringud\/oksukodoon-uriinis-u-oxy\/\" \/>\n<meta property=\"og:locale\" content=\"et_EE\" \/>\n<meta property=\"og:type\" content=\"article\" \/>\n<meta property=\"og:title\" content=\"Oks\u00fckodoon uriinis (U-Oxy) - \u00dchendlabor\" \/>\n<meta property=\"og:description\" content=\"Kliinilise keemia ja laboratoorse hematoloogia osakond Oks\u00fckodoon on pools\u00fcnteetiline opioidne valuvaigisti, mis p\u00e4rineb oopiumimooni (Papaver somniferum) alkaloidist tebaiinist. Oks\u00fckodoon toimib keskn\u00e4rvis\u00fcsteemis \u00b5-opioidretseptorite agonistina, moduleerides valutundlikkust ja emotsionaalset k\u00e4itumist. Oks\u00fckodooni ordineerimise n\u00e4idustuseks on tugev valus\u00fcndroom, mis allub ainult opioidanalgeetikumidele. Kuna \u00b5-opioidretseptorid ekspresseeruvad ulatuslikult \u00fcle kogu keskn\u00e4rvis\u00fcsteemi ning ka muudes organs\u00fcsteemides, v\u00f5ivad oks\u00fckodooni k\u00f5rvaltoimed olla mitmekesised: soolemotoorika [&hellip;]\" \/>\n<meta property=\"og:url\" content=\"https:\/\/www.kliinikum.ee\/yhendlabor\/kasiraamat\/toksikoloogilised-ja-metallide-uuringud\/oksukodoon-uriinis-u-oxy\/\" \/>\n<meta property=\"og:site_name\" content=\"\u00dchendlabor\" \/>\n<meta property=\"article:modified_time\" content=\"2025-12-11T16:44:10+00:00\" \/>\n<meta name=\"twitter:card\" content=\"summary_large_image\" \/>\n<meta name=\"twitter:label1\" content=\"Est. reading time\" \/>\n\t<meta name=\"twitter:data1\" content=\"2 minutit\" \/>\n<script type=\"application\/ld+json\" class=\"yoast-schema-graph\">{\"@context\":\"https:\\\/\\\/schema.org\",\"@graph\":[{\"@type\":\"WebPage\",\"@id\":\"https:\\\/\\\/www.kliinikum.ee\\\/yhendlabor\\\/kasiraamat\\\/toksikoloogilised-ja-metallide-uuringud\\\/oksukodoon-uriinis-u-oxy\\\/\",\"url\":\"https:\\\/\\\/www.kliinikum.ee\\\/yhendlabor\\\/kasiraamat\\\/toksikoloogilised-ja-metallide-uuringud\\\/oksukodoon-uriinis-u-oxy\\\/\",\"name\":\"Oks\u00fckodoon uriinis (U-Oxy) - \u00dchendlabor\",\"isPartOf\":{\"@id\":\"https:\\\/\\\/www.kliinikum.ee\\\/yhendlabor\\\/#website\"},\"datePublished\":\"2025-07-23T18:59:36+00:00\",\"dateModified\":\"2025-12-11T16:44:10+00:00\",\"breadcrumb\":{\"@id\":\"https:\\\/\\\/www.kliinikum.ee\\\/yhendlabor\\\/kasiraamat\\\/toksikoloogilised-ja-metallide-uuringud\\\/oksukodoon-uriinis-u-oxy\\\/#breadcrumb\"},\"inLanguage\":\"et\",\"potentialAction\":[{\"@type\":\"ReadAction\",\"target\":[\"https:\\\/\\\/www.kliinikum.ee\\\/yhendlabor\\\/kasiraamat\\\/toksikoloogilised-ja-metallide-uuringud\\\/oksukodoon-uriinis-u-oxy\\\/\"]}]},{\"@type\":\"BreadcrumbList\",\"@id\":\"https:\\\/\\\/www.kliinikum.ee\\\/yhendlabor\\\/kasiraamat\\\/toksikoloogilised-ja-metallide-uuringud\\\/oksukodoon-uriinis-u-oxy\\\/#breadcrumb\",\"itemListElement\":[{\"@type\":\"ListItem\",\"position\":1,\"name\":\"Home\",\"item\":\"https:\\\/\\\/www.kliinikum.ee\\\/yhendlabor\\\/\"},{\"@type\":\"ListItem\",\"position\":2,\"name\":\"K\u00e4siraamat\",\"item\":\"https:\\\/\\\/www.kliinikum.ee\\\/yhendlabor\\\/kasiraamat\\\/\"},{\"@type\":\"ListItem\",\"position\":3,\"name\":\"Toksikoloogilised ja metallide uuringud\",\"item\":\"https:\\\/\\\/www.kliinikum.ee\\\/yhendlabor\\\/kasiraamat\\\/toksikoloogilised-ja-metallide-uuringud\\\/\"},{\"@type\":\"ListItem\",\"position\":4,\"name\":\"Oks\u00fckodoon uriinis (U-Oxy)\"}]},{\"@type\":\"WebSite\",\"@id\":\"https:\\\/\\\/www.kliinikum.ee\\\/yhendlabor\\\/#website\",\"url\":\"https:\\\/\\\/www.kliinikum.ee\\\/yhendlabor\\\/\",\"name\":\"\u00dchendlabor\",\"description\":\"Hoolivus, Uuendusmeelsus, P\u00e4devus ja Usaldusv\u00e4\u00e4rsus\",\"potentialAction\":[{\"@type\":\"SearchAction\",\"target\":{\"@type\":\"EntryPoint\",\"urlTemplate\":\"https:\\\/\\\/www.kliinikum.ee\\\/yhendlabor\\\/?s={search_term_string}\"},\"query-input\":{\"@type\":\"PropertyValueSpecification\",\"valueRequired\":true,\"valueName\":\"search_term_string\"}}],\"inLanguage\":\"et\"}]}<\/script>\n<!-- \/ Yoast SEO plugin. -->","yoast_head_json":{"title":"Oks\u00fckodoon uriinis (U-Oxy) - \u00dchendlabor","robots":{"index":"index","follow":"follow","max-snippet":"max-snippet:-1","max-image-preview":"max-image-preview:large","max-video-preview":"max-video-preview:-1"},"canonical":"https:\/\/www.kliinikum.ee\/yhendlabor\/kasiraamat\/toksikoloogilised-ja-metallide-uuringud\/oksukodoon-uriinis-u-oxy\/","og_locale":"et_EE","og_type":"article","og_title":"Oks\u00fckodoon uriinis (U-Oxy) - \u00dchendlabor","og_description":"Kliinilise keemia ja laboratoorse hematoloogia osakond Oks\u00fckodoon on pools\u00fcnteetiline opioidne valuvaigisti, mis p\u00e4rineb oopiumimooni (Papaver somniferum) alkaloidist tebaiinist. Oks\u00fckodoon toimib keskn\u00e4rvis\u00fcsteemis \u00b5-opioidretseptorite agonistina, moduleerides valutundlikkust ja emotsionaalset k\u00e4itumist. Oks\u00fckodooni ordineerimise n\u00e4idustuseks on tugev valus\u00fcndroom, mis allub ainult opioidanalgeetikumidele. Kuna \u00b5-opioidretseptorid ekspresseeruvad ulatuslikult \u00fcle kogu keskn\u00e4rvis\u00fcsteemi ning ka muudes organs\u00fcsteemides, v\u00f5ivad oks\u00fckodooni k\u00f5rvaltoimed olla mitmekesised: soolemotoorika [&hellip;]","og_url":"https:\/\/www.kliinikum.ee\/yhendlabor\/kasiraamat\/toksikoloogilised-ja-metallide-uuringud\/oksukodoon-uriinis-u-oxy\/","og_site_name":"\u00dchendlabor","article_modified_time":"2025-12-11T16:44:10+00:00","twitter_card":"summary_large_image","twitter_misc":{"Est. reading time":"2 minutit"},"schema":{"@context":"https:\/\/schema.org","@graph":[{"@type":"WebPage","@id":"https:\/\/www.kliinikum.ee\/yhendlabor\/kasiraamat\/toksikoloogilised-ja-metallide-uuringud\/oksukodoon-uriinis-u-oxy\/","url":"https:\/\/www.kliinikum.ee\/yhendlabor\/kasiraamat\/toksikoloogilised-ja-metallide-uuringud\/oksukodoon-uriinis-u-oxy\/","name":"Oks\u00fckodoon uriinis (U-Oxy) - \u00dchendlabor","isPartOf":{"@id":"https:\/\/www.kliinikum.ee\/yhendlabor\/#website"},"datePublished":"2025-07-23T18:59:36+00:00","dateModified":"2025-12-11T16:44:10+00:00","breadcrumb":{"@id":"https:\/\/www.kliinikum.ee\/yhendlabor\/kasiraamat\/toksikoloogilised-ja-metallide-uuringud\/oksukodoon-uriinis-u-oxy\/#breadcrumb"},"inLanguage":"et","potentialAction":[{"@type":"ReadAction","target":["https:\/\/www.kliinikum.ee\/yhendlabor\/kasiraamat\/toksikoloogilised-ja-metallide-uuringud\/oksukodoon-uriinis-u-oxy\/"]}]},{"@type":"BreadcrumbList","@id":"https:\/\/www.kliinikum.ee\/yhendlabor\/kasiraamat\/toksikoloogilised-ja-metallide-uuringud\/oksukodoon-uriinis-u-oxy\/#breadcrumb","itemListElement":[{"@type":"ListItem","position":1,"name":"Home","item":"https:\/\/www.kliinikum.ee\/yhendlabor\/"},{"@type":"ListItem","position":2,"name":"K\u00e4siraamat","item":"https:\/\/www.kliinikum.ee\/yhendlabor\/kasiraamat\/"},{"@type":"ListItem","position":3,"name":"Toksikoloogilised ja metallide uuringud","item":"https:\/\/www.kliinikum.ee\/yhendlabor\/kasiraamat\/toksikoloogilised-ja-metallide-uuringud\/"},{"@type":"ListItem","position":4,"name":"Oks\u00fckodoon uriinis (U-Oxy)"}]},{"@type":"WebSite","@id":"https:\/\/www.kliinikum.ee\/yhendlabor\/#website","url":"https:\/\/www.kliinikum.ee\/yhendlabor\/","name":"\u00dchendlabor","description":"Hoolivus, Uuendusmeelsus, P\u00e4devus ja Usaldusv\u00e4\u00e4rsus","potentialAction":[{"@type":"SearchAction","target":{"@type":"EntryPoint","urlTemplate":"https:\/\/www.kliinikum.ee\/yhendlabor\/?s={search_term_string}"},"query-input":{"@type":"PropertyValueSpecification","valueRequired":true,"valueName":"search_term_string"}}],"inLanguage":"et"}]}},"uagb_featured_image_src":{"full":false,"thumbnail":false,"medium":false,"medium_large":false,"large":false,"1536x1536":false,"2048x2048":false},"uagb_author_info":{"display_name":"Kadi Siigur","author_link":"https:\/\/www.kliinikum.ee\/yhendlabor\/author\/kadisi\/"},"uagb_comment_info":0,"uagb_excerpt":"Kliinilise keemia ja laboratoorse hematoloogia osakond Oks\u00fckodoon on pools\u00fcnteetiline opioidne valuvaigisti, mis p\u00e4rineb oopiumimooni (Papaver somniferum) alkaloidist tebaiinist. Oks\u00fckodoon toimib keskn\u00e4rvis\u00fcsteemis \u00b5-opioidretseptorite agonistina, moduleerides valutundlikkust ja emotsionaalset k\u00e4itumist. Oks\u00fckodooni ordineerimise n\u00e4idustuseks on tugev valus\u00fcndroom, mis allub ainult opioidanalgeetikumidele. Kuna \u00b5-opioidretseptorid ekspresseeruvad ulatuslikult \u00fcle kogu keskn\u00e4rvis\u00fcsteemi ning ka muudes organs\u00fcsteemides, v\u00f5ivad oks\u00fckodooni k\u00f5rvaltoimed olla mitmekesised: soolemotoorika&hellip;","_links":{"self":[{"href":"https:\/\/www.kliinikum.ee\/yhendlabor\/wp-json\/wp\/v2\/pages\/12397","targetHints":{"allow":["GET"]}}],"collection":[{"href":"https:\/\/www.kliinikum.ee\/yhendlabor\/wp-json\/wp\/v2\/pages"}],"about":[{"href":"https:\/\/www.kliinikum.ee\/yhendlabor\/wp-json\/wp\/v2\/types\/page"}],"author":[{"embeddable":true,"href":"https:\/\/www.kliinikum.ee\/yhendlabor\/wp-json\/wp\/v2\/users\/38"}],"replies":[{"embeddable":true,"href":"https:\/\/www.kliinikum.ee\/yhendlabor\/wp-json\/wp\/v2\/comments?post=12397"}],"version-history":[{"count":0,"href":"https:\/\/www.kliinikum.ee\/yhendlabor\/wp-json\/wp\/v2\/pages\/12397\/revisions"}],"up":[{"embeddable":true,"href":"https:\/\/www.kliinikum.ee\/yhendlabor\/wp-json\/wp\/v2\/pages\/7314"}],"wp:attachment":[{"href":"https:\/\/www.kliinikum.ee\/yhendlabor\/wp-json\/wp\/v2\/media?parent=12397"}],"curies":[{"name":"wp","href":"https:\/\/api.w.org\/{rel}","templated":true}]}}