{"id":12405,"date":"2025-07-23T21:10:35","date_gmt":"2025-07-23T19:10:35","guid":{"rendered":"https:\/\/www.kliinikum.ee\/yhendlabor\/?page_id=12405"},"modified":"2025-12-11T18:49:19","modified_gmt":"2025-12-11T16:49:19","slug":"tritsuklilised-antidepressandid-uriinis-u-tca","status":"publish","type":"page","link":"https:\/\/www.kliinikum.ee\/yhendlabor\/kasiraamat\/toksikoloogilised-ja-metallide-uuringud\/tritsuklilised-antidepressandid-uriinis-u-tca\/","title":{"rendered":"Trits\u00fcklilised antidepressandid uriinis (U-TCA)"},"content":{"rendered":"\n<p><em>Kliinilise keemia osakond, tel. 731 8316<\/em><\/p>\n\n\n\n<p><strong>Trits\u00fcklilised antidepressandid<\/strong> on endogeense depressiooni korral kasutatavad ravimid. Nad inhibeerivad serotoniini ja noradrenaliini tagasihaaret neuronites, mist\u00f5ttu katehhoolamiinide toime tugevneb. Lisaks antidepressiivsele toimele omavad ka sedatiivset toimet. Antidepressiivne toime avaldub tavaliselt 2\u20134 n\u00e4dalat p\u00e4rast ravi algust, sedatiivne toime saabub kiiremini.<\/p>\n\n\n\n<p>Trits\u00fcklilised antidepressandid imenduvad seedetraktist kiiresti ja peaaegu t\u00e4ielikult, metaboliseeritakse maksas. Poolv\u00e4\u00e4rtusaeg vereplasmas s\u00f5ltub preparaadist, amitript\u00fcliinil on see n\u00e4iteks 17\u201346 tundi. Metaboliidid eritatakse uriiniga. Trits\u00fckliliste antidepressantide tarvitamisel esineb suhteliselt sageli patsiendipoolset tahtlikku v\u00f5i tahtmatut \u00fcleannustamist. \u00dcleannustamise puhul v\u00f5ivad esineda naha ja limaskestade kuivus, verer\u00f5hu muutused (kerge \u00fcleannustamise puhul m\u00f5\u00f5dukas t\u00f5us, m\u00fcrgistuse korral aga langus), s\u00fcdame r\u00fctmih\u00e4ired (kerge \u00fcleannustamise puhul m\u00f5\u00f5dukas tahh\u00fckardia, m\u00fcrgistuse korral v\u00f5imalik atrioventrikulaarne blokaad), hingamish\u00e4ired, krambid ja kooma. V\u00f5imalik on maania- ja segasusseisundi teke.<\/p>\n\n\n\n<p>Trits\u00fckliliste antidepressantide metaboliidid p\u00fcsivad uriinis m\u00e4\u00e4ratavas kontsentratsioonis kuni k\u00fcmme \u00f6\u00f6p\u00e4eva p\u00e4rast \u00fchekordset manustamist.<\/p>\n\n\n\n<p class=\"has-medium-font-size\"><strong>Uuritav materjal, selle v\u00f5tmine, saatmine ja s\u00e4ilitamine<\/strong><\/p>\n\n\n\n<figure class=\"wp-block-table is-style-stripes\"><table width=\"100%\"><tbody><tr><td width=\"1%\"><\/td><td width=\"15%\"><strong>Proovin\u00f5u<\/strong><\/td><td width=\"84%\">Proovitops, 50mL<\/td><\/tr><tr><td><\/td><td><strong>S\u00e4ilivus<\/strong><\/td><td>Uriin +4 \u00b0C kaks p\u00e4eva, -20 \u00b0C pikemat aega<\/td><\/tr><\/tbody><\/table><\/figure>\n\n\n\n<p class=\"has-medium-font-size\"><strong>Anal\u00fc\u00fcsi tegemise aeg:<\/strong> \u00f6\u00f6p\u00e4evaringselt<\/p>\n\n\n\n<p class=\"has-medium-font-size\"><strong>Anal\u00fc\u00fcsimeetod:<\/strong> immuunkromatograafiline meetod (s\u00f5eltest)<\/p>\n\n\n\n<p class=\"has-medium-font-size\"><strong>Referentsv\u00e4\u00e4rtus<\/strong><\/p>\n\n\n\n<p>Normaalleid on negatiivne.<\/p>\n\n\n\n<p>Erinevate trits\u00fckliliste antidepressantide puhul on testi tundlikkus erinev. Test muutub positiivseks j\u00e4rgnevatel ravimite kontsentratsioonidel uriinis:<\/p>\n\n\n\n<figure class=\"wp-block-table\"><table width=\"100%\"><tbody><tr><td width=\"1%\"><\/td><td width=\"29%\"><strong>Amitript\u00fcliin<\/strong><\/td><td width=\"20%\">1500 ng\/mL<\/td><td width=\"30%\"><strong>Nordoksepiin<\/strong><\/td><td width=\"20%\">1000 ng\/mL<\/td><\/tr><tr><td><\/td><td><strong>Desipramiin<\/strong><\/td><td>200 ng\/mL<\/td><td><strong>Nortript\u00fcliin<\/strong><\/td><td>1000 ng\/mL<\/td><\/tr><tr><td><\/td><td><strong>Doksepiin<\/strong><\/td><td>2000 ng\/mL<\/td><td><strong>Promasiin<\/strong><\/td><td>1500 ng\/mL<\/td><\/tr><tr><td><\/td><td><strong>Imipramiin<\/strong><\/td><td>400 ng\/mL<\/td><td><strong>Prometasiin<\/strong><\/td><td>2500 ng\/mL<\/td><\/tr><tr><td><\/td><td><strong>Klomipramiin<\/strong><\/td><td>12 500 ng\/mL<\/td><td><strong>Trimipramiin<\/strong><\/td><td>3000 ng\/mL<\/td><\/tr><tr><td><\/td><td><strong>Maprotiliin<\/strong><\/td><td>2000 ng\/mL<\/td><td>&nbsp;<\/td><td>&nbsp;<\/td><\/tr><\/tbody><\/table><\/figure>\n\n\n\n<p class=\"has-medium-font-size\"><strong>N\u00e4idustus ja kliiniline t\u00e4hendus<\/strong><\/p>\n\n\n\n<p>Kahtlus trits\u00fckliliste antidepressantide (kuri)tarvitamisele.<\/p>\n\n\n\n<p>S\u00f5eltesti tulemuse t\u00f5lgendamisel tuleb kindlasti arvestada kliinilist pilti ja v\u00f5imalikke ristreaktsioone patsiendile manustatavate ravimitega.<\/p>\n\n\n\n<p>SA T\u00dcK \u00dchendlaboris teostatakse narkootiliste ja ps\u00fchhotroopsete ainete anal\u00fc\u00fcse ainult meditsiinilistel n\u00e4idustustel. S\u00f5ltuvusaine kuritarvitamise sedastamine juriidilistel n\u00e4idustustel teostatakse Eesti Kohtuekspertiisi Instituudis.<\/p>\n\n\n\n<p>Koostaja: Katrin Reimand<\/p>\n","protected":false},"excerpt":{"rendered":"<p>Kliinilise keemia osakond, tel. 731 8316 Trits\u00fcklilised antidepressandid on endogeense depressiooni korral kasutatavad ravimid. Nad inhibeerivad serotoniini ja noradrenaliini tagasihaaret neuronites, mist\u00f5ttu katehhoolamiinide toime tugevneb. Lisaks antidepressiivsele toimele omavad ka sedatiivset toimet. Antidepressiivne toime avaldub tavaliselt 2\u20134 n\u00e4dalat p\u00e4rast ravi algust, sedatiivne toime saabub kiiremini. Trits\u00fcklilised antidepressandid imenduvad seedetraktist kiiresti ja peaaegu t\u00e4ielikult, metaboliseeritakse maksas. [&hellip;]<\/p>\n","protected":false},"author":38,"featured_media":0,"parent":7314,"menu_order":16,"comment_status":"closed","ping_status":"closed","template":"","meta":{"_uag_custom_page_level_css":"","footnotes":""},"class_list":["post-12405","page","type-page","status-publish","hentry"],"acf":[],"yoast_head":"<!-- This site is optimized with the Yoast SEO plugin v27.3 - https:\/\/yoast.com\/product\/yoast-seo-wordpress\/ -->\n<title>Trits\u00fcklilised antidepressandid uriinis (U-TCA) - \u00dchendlabor<\/title>\n<meta name=\"robots\" content=\"index, follow, max-snippet:-1, max-image-preview:large, max-video-preview:-1\" \/>\n<link rel=\"canonical\" href=\"https:\/\/www.kliinikum.ee\/yhendlabor\/kasiraamat\/toksikoloogilised-ja-metallide-uuringud\/tritsuklilised-antidepressandid-uriinis-u-tca\/\" \/>\n<meta property=\"og:locale\" content=\"et_EE\" \/>\n<meta property=\"og:type\" content=\"article\" \/>\n<meta property=\"og:title\" content=\"Trits\u00fcklilised antidepressandid uriinis (U-TCA) - \u00dchendlabor\" \/>\n<meta property=\"og:description\" content=\"Kliinilise keemia osakond, tel. 731 8316 Trits\u00fcklilised antidepressandid on endogeense depressiooni korral kasutatavad ravimid. Nad inhibeerivad serotoniini ja noradrenaliini tagasihaaret neuronites, mist\u00f5ttu katehhoolamiinide toime tugevneb. Lisaks antidepressiivsele toimele omavad ka sedatiivset toimet. Antidepressiivne toime avaldub tavaliselt 2\u20134 n\u00e4dalat p\u00e4rast ravi algust, sedatiivne toime saabub kiiremini. Trits\u00fcklilised antidepressandid imenduvad seedetraktist kiiresti ja peaaegu t\u00e4ielikult, metaboliseeritakse maksas. [&hellip;]\" \/>\n<meta property=\"og:url\" content=\"https:\/\/www.kliinikum.ee\/yhendlabor\/kasiraamat\/toksikoloogilised-ja-metallide-uuringud\/tritsuklilised-antidepressandid-uriinis-u-tca\/\" \/>\n<meta property=\"og:site_name\" content=\"\u00dchendlabor\" \/>\n<meta property=\"article:modified_time\" content=\"2025-12-11T16:49:19+00:00\" \/>\n<meta name=\"twitter:card\" content=\"summary_large_image\" \/>\n<meta name=\"twitter:label1\" content=\"Est. reading time\" \/>\n\t<meta name=\"twitter:data1\" content=\"2 minutit\" \/>\n<script type=\"application\/ld+json\" class=\"yoast-schema-graph\">{\"@context\":\"https:\\\/\\\/schema.org\",\"@graph\":[{\"@type\":\"WebPage\",\"@id\":\"https:\\\/\\\/www.kliinikum.ee\\\/yhendlabor\\\/kasiraamat\\\/toksikoloogilised-ja-metallide-uuringud\\\/tritsuklilised-antidepressandid-uriinis-u-tca\\\/\",\"url\":\"https:\\\/\\\/www.kliinikum.ee\\\/yhendlabor\\\/kasiraamat\\\/toksikoloogilised-ja-metallide-uuringud\\\/tritsuklilised-antidepressandid-uriinis-u-tca\\\/\",\"name\":\"Trits\u00fcklilised antidepressandid uriinis (U-TCA) - \u00dchendlabor\",\"isPartOf\":{\"@id\":\"https:\\\/\\\/www.kliinikum.ee\\\/yhendlabor\\\/#website\"},\"datePublished\":\"2025-07-23T19:10:35+00:00\",\"dateModified\":\"2025-12-11T16:49:19+00:00\",\"breadcrumb\":{\"@id\":\"https:\\\/\\\/www.kliinikum.ee\\\/yhendlabor\\\/kasiraamat\\\/toksikoloogilised-ja-metallide-uuringud\\\/tritsuklilised-antidepressandid-uriinis-u-tca\\\/#breadcrumb\"},\"inLanguage\":\"et\",\"potentialAction\":[{\"@type\":\"ReadAction\",\"target\":[\"https:\\\/\\\/www.kliinikum.ee\\\/yhendlabor\\\/kasiraamat\\\/toksikoloogilised-ja-metallide-uuringud\\\/tritsuklilised-antidepressandid-uriinis-u-tca\\\/\"]}]},{\"@type\":\"BreadcrumbList\",\"@id\":\"https:\\\/\\\/www.kliinikum.ee\\\/yhendlabor\\\/kasiraamat\\\/toksikoloogilised-ja-metallide-uuringud\\\/tritsuklilised-antidepressandid-uriinis-u-tca\\\/#breadcrumb\",\"itemListElement\":[{\"@type\":\"ListItem\",\"position\":1,\"name\":\"Home\",\"item\":\"https:\\\/\\\/www.kliinikum.ee\\\/yhendlabor\\\/\"},{\"@type\":\"ListItem\",\"position\":2,\"name\":\"K\u00e4siraamat\",\"item\":\"https:\\\/\\\/www.kliinikum.ee\\\/yhendlabor\\\/kasiraamat\\\/\"},{\"@type\":\"ListItem\",\"position\":3,\"name\":\"Toksikoloogilised ja metallide uuringud\",\"item\":\"https:\\\/\\\/www.kliinikum.ee\\\/yhendlabor\\\/kasiraamat\\\/toksikoloogilised-ja-metallide-uuringud\\\/\"},{\"@type\":\"ListItem\",\"position\":4,\"name\":\"Trits\u00fcklilised antidepressandid uriinis (U-TCA)\"}]},{\"@type\":\"WebSite\",\"@id\":\"https:\\\/\\\/www.kliinikum.ee\\\/yhendlabor\\\/#website\",\"url\":\"https:\\\/\\\/www.kliinikum.ee\\\/yhendlabor\\\/\",\"name\":\"\u00dchendlabor\",\"description\":\"Hoolivus, Uuendusmeelsus, P\u00e4devus ja Usaldusv\u00e4\u00e4rsus\",\"potentialAction\":[{\"@type\":\"SearchAction\",\"target\":{\"@type\":\"EntryPoint\",\"urlTemplate\":\"https:\\\/\\\/www.kliinikum.ee\\\/yhendlabor\\\/?s={search_term_string}\"},\"query-input\":{\"@type\":\"PropertyValueSpecification\",\"valueRequired\":true,\"valueName\":\"search_term_string\"}}],\"inLanguage\":\"et\"}]}<\/script>\n<!-- \/ Yoast SEO plugin. -->","yoast_head_json":{"title":"Trits\u00fcklilised antidepressandid uriinis (U-TCA) - \u00dchendlabor","robots":{"index":"index","follow":"follow","max-snippet":"max-snippet:-1","max-image-preview":"max-image-preview:large","max-video-preview":"max-video-preview:-1"},"canonical":"https:\/\/www.kliinikum.ee\/yhendlabor\/kasiraamat\/toksikoloogilised-ja-metallide-uuringud\/tritsuklilised-antidepressandid-uriinis-u-tca\/","og_locale":"et_EE","og_type":"article","og_title":"Trits\u00fcklilised antidepressandid uriinis (U-TCA) - \u00dchendlabor","og_description":"Kliinilise keemia osakond, tel. 731 8316 Trits\u00fcklilised antidepressandid on endogeense depressiooni korral kasutatavad ravimid. Nad inhibeerivad serotoniini ja noradrenaliini tagasihaaret neuronites, mist\u00f5ttu katehhoolamiinide toime tugevneb. Lisaks antidepressiivsele toimele omavad ka sedatiivset toimet. Antidepressiivne toime avaldub tavaliselt 2\u20134 n\u00e4dalat p\u00e4rast ravi algust, sedatiivne toime saabub kiiremini. Trits\u00fcklilised antidepressandid imenduvad seedetraktist kiiresti ja peaaegu t\u00e4ielikult, metaboliseeritakse maksas. [&hellip;]","og_url":"https:\/\/www.kliinikum.ee\/yhendlabor\/kasiraamat\/toksikoloogilised-ja-metallide-uuringud\/tritsuklilised-antidepressandid-uriinis-u-tca\/","og_site_name":"\u00dchendlabor","article_modified_time":"2025-12-11T16:49:19+00:00","twitter_card":"summary_large_image","twitter_misc":{"Est. reading time":"2 minutit"},"schema":{"@context":"https:\/\/schema.org","@graph":[{"@type":"WebPage","@id":"https:\/\/www.kliinikum.ee\/yhendlabor\/kasiraamat\/toksikoloogilised-ja-metallide-uuringud\/tritsuklilised-antidepressandid-uriinis-u-tca\/","url":"https:\/\/www.kliinikum.ee\/yhendlabor\/kasiraamat\/toksikoloogilised-ja-metallide-uuringud\/tritsuklilised-antidepressandid-uriinis-u-tca\/","name":"Trits\u00fcklilised antidepressandid uriinis (U-TCA) - \u00dchendlabor","isPartOf":{"@id":"https:\/\/www.kliinikum.ee\/yhendlabor\/#website"},"datePublished":"2025-07-23T19:10:35+00:00","dateModified":"2025-12-11T16:49:19+00:00","breadcrumb":{"@id":"https:\/\/www.kliinikum.ee\/yhendlabor\/kasiraamat\/toksikoloogilised-ja-metallide-uuringud\/tritsuklilised-antidepressandid-uriinis-u-tca\/#breadcrumb"},"inLanguage":"et","potentialAction":[{"@type":"ReadAction","target":["https:\/\/www.kliinikum.ee\/yhendlabor\/kasiraamat\/toksikoloogilised-ja-metallide-uuringud\/tritsuklilised-antidepressandid-uriinis-u-tca\/"]}]},{"@type":"BreadcrumbList","@id":"https:\/\/www.kliinikum.ee\/yhendlabor\/kasiraamat\/toksikoloogilised-ja-metallide-uuringud\/tritsuklilised-antidepressandid-uriinis-u-tca\/#breadcrumb","itemListElement":[{"@type":"ListItem","position":1,"name":"Home","item":"https:\/\/www.kliinikum.ee\/yhendlabor\/"},{"@type":"ListItem","position":2,"name":"K\u00e4siraamat","item":"https:\/\/www.kliinikum.ee\/yhendlabor\/kasiraamat\/"},{"@type":"ListItem","position":3,"name":"Toksikoloogilised ja metallide uuringud","item":"https:\/\/www.kliinikum.ee\/yhendlabor\/kasiraamat\/toksikoloogilised-ja-metallide-uuringud\/"},{"@type":"ListItem","position":4,"name":"Trits\u00fcklilised antidepressandid uriinis (U-TCA)"}]},{"@type":"WebSite","@id":"https:\/\/www.kliinikum.ee\/yhendlabor\/#website","url":"https:\/\/www.kliinikum.ee\/yhendlabor\/","name":"\u00dchendlabor","description":"Hoolivus, Uuendusmeelsus, P\u00e4devus ja Usaldusv\u00e4\u00e4rsus","potentialAction":[{"@type":"SearchAction","target":{"@type":"EntryPoint","urlTemplate":"https:\/\/www.kliinikum.ee\/yhendlabor\/?s={search_term_string}"},"query-input":{"@type":"PropertyValueSpecification","valueRequired":true,"valueName":"search_term_string"}}],"inLanguage":"et"}]}},"uagb_featured_image_src":{"full":false,"thumbnail":false,"medium":false,"medium_large":false,"large":false,"1536x1536":false,"2048x2048":false},"uagb_author_info":{"display_name":"Kadi Siigur","author_link":"https:\/\/www.kliinikum.ee\/yhendlabor\/author\/kadisi\/"},"uagb_comment_info":0,"uagb_excerpt":"Kliinilise keemia osakond, tel. 731 8316 Trits\u00fcklilised antidepressandid on endogeense depressiooni korral kasutatavad ravimid. Nad inhibeerivad serotoniini ja noradrenaliini tagasihaaret neuronites, mist\u00f5ttu katehhoolamiinide toime tugevneb. Lisaks antidepressiivsele toimele omavad ka sedatiivset toimet. Antidepressiivne toime avaldub tavaliselt 2\u20134 n\u00e4dalat p\u00e4rast ravi algust, sedatiivne toime saabub kiiremini. Trits\u00fcklilised antidepressandid imenduvad seedetraktist kiiresti ja peaaegu t\u00e4ielikult, metaboliseeritakse maksas.&hellip;","_links":{"self":[{"href":"https:\/\/www.kliinikum.ee\/yhendlabor\/wp-json\/wp\/v2\/pages\/12405","targetHints":{"allow":["GET"]}}],"collection":[{"href":"https:\/\/www.kliinikum.ee\/yhendlabor\/wp-json\/wp\/v2\/pages"}],"about":[{"href":"https:\/\/www.kliinikum.ee\/yhendlabor\/wp-json\/wp\/v2\/types\/page"}],"author":[{"embeddable":true,"href":"https:\/\/www.kliinikum.ee\/yhendlabor\/wp-json\/wp\/v2\/users\/38"}],"replies":[{"embeddable":true,"href":"https:\/\/www.kliinikum.ee\/yhendlabor\/wp-json\/wp\/v2\/comments?post=12405"}],"version-history":[{"count":0,"href":"https:\/\/www.kliinikum.ee\/yhendlabor\/wp-json\/wp\/v2\/pages\/12405\/revisions"}],"up":[{"embeddable":true,"href":"https:\/\/www.kliinikum.ee\/yhendlabor\/wp-json\/wp\/v2\/pages\/7314"}],"wp:attachment":[{"href":"https:\/\/www.kliinikum.ee\/yhendlabor\/wp-json\/wp\/v2\/media?parent=12405"}],"curies":[{"name":"wp","href":"https:\/\/api.w.org\/{rel}","templated":true}]}}