{"id":12497,"date":"2025-07-31T15:09:52","date_gmt":"2025-07-31T13:09:52","guid":{"rendered":"https:\/\/www.kliinikum.ee\/yhendlabor\/?page_id=12497"},"modified":"2025-12-11T17:30:54","modified_gmt":"2025-12-11T15:30:54","slug":"leflunomiid-teriflunomiid-p-leflunomide","status":"publish","type":"page","link":"https:\/\/www.kliinikum.ee\/yhendlabor\/kasiraamat\/ravimiseire-uuringud\/leflunomiid-teriflunomiid-p-leflunomide\/","title":{"rendered":"Leflunomiid (Teriflunomiid) (P-Leflunomide)"},"content":{"rendered":"\n<p><em>Kliinilise keemia ja laboratoorse hematoloogia osakond<\/em><\/p>\n\n\n\n<p><strong>Leflunomiid <\/strong>on DMARD (<em>Disease-Modifying Antirheumatic Drug<\/em>) r\u00fchma kuuluv ravim, mida kasutatakse t\u00e4iskasvanutel aktiivse reumatoidartriidi ja aktiivse psoriaatilise artriidi ravis. Leflunomiid leevendab p\u00f5letikku, v\u00e4hendades immuunvastuse tekkimises osalevate rakkude arvu.<\/p>\n\n\n\n<p>Leflunomiid metaboliseeritakse sooleseinas ja maksas kiiresti ja t\u00e4ielikult aktiivseks metaboliidiks A771726 (ehk teriflunomiidiks). Teriflunomiidi maksimaalne plasmakontsentratsioon tekib 1\u201324 tunni jooksul p\u00e4rast \u00fchekordse annuse manustamist. Inimese vereplasmas seondub teriflunomiid albumiiniga. Eliminatsiooni poolv\u00e4\u00e4rtusaeg on umbes 2 n\u00e4dalat, mis on seotud enterohepaatilise tsirkulatsiooniga. Ravimit elimineeritakse uriini ja v\u00e4ljaheitega.<\/p>\n\n\n\n<p>Levinumateks k\u00f5rvaltoimeteks on iiveldus, oksendamine, k\u00f5hulahtisus, k\u00f5huvalu, alopeetsia, k\u00f5rgenenud verer\u00f5hk. \u00dcleannustamisel v\u00f5ivad tekkida k\u00f5huvalu, iiveldus, k\u00f5hulahtisus, maksaens\u00fc\u00fcmide aktiivsuse t\u00f5us, aneemia, leukopeenia, s\u00fcgelus ja l\u00f6\u00f6ve. K\u00f5rvaltoimed v\u00f5ivad ilmneda isegi siis, kui ravi leflunomiidiga on l\u00f5petatud. Leflunomiidi manustamine on vastun\u00e4idustatud raseduse ajal, see p\u00f5hjustab t\u00f5siseid v\u00e4\u00e4rarenguid. Rasestumine on lubatud mitte varem, kui 2 aastat peale ravi l\u00f5ppu, eelnevalt on vaja kontrollida ravimi plasmakontsentratsiooni, mis peab olema alla 0,02 mg\/L.<\/p>\n\n\n\n<p class=\"has-medium-font-size\"><strong>Uuritav materjal, selle v\u00f5tmine, saatmine ja s\u00e4ilitamine<\/strong><\/p>\n\n\n\n<p>Proov tuleb v\u00f5tta vahetult enne j\u00e4rgmise ravimiannuse manustamist!<\/p>\n\n\n\n<figure class=\"wp-block-table is-style-stripes\"><table width=\"100%\"><tbody><tr><td width=\"1%\"><\/td><td width=\"15%\"><strong>Katsuti<\/strong><\/td><td width=\"84%\">K2E\/K3E-katsuti (lilla kork)<\/td><\/tr><tr><td><\/td><td><strong>S\u00e4ilivus<\/strong><\/td><td>Plasmas +4 \u00b0C \u00fcks n\u00e4dal<\/td><\/tr><\/tbody><\/table><\/figure>\n\n\n\n<p class=\"has-medium-font-size\"><strong>Anal\u00fc\u00fcsi tegemise aeg<\/strong><strong>:<\/strong> t\u00f6\u00f6p\u00e4eviti<\/p>\n\n\n\n<p class=\"has-medium-font-size\"><strong>Anal\u00fc\u00fcsimeetod<\/strong><strong>:<\/strong> vedelikkromatograafia-massispektromeetria (LC-MS\/MS)<\/p>\n\n\n\n<p class=\"has-medium-font-size\"><strong>Referentsv\u00e4\u00e4rtused<\/strong><\/p>\n\n\n\n<p>Terapeutiline vahemik ja toksiline piir ei ole \u00fcheselt m\u00e4\u00e4ratud. Enne rasestumist peab ravimi kontsentratsioon olema alla 0,02 mg\/L.&nbsp;<\/p>\n\n\n\n<p class=\"has-medium-font-size\"><strong>N\u00e4idustus ja kliiniline t\u00e4hendus<\/strong><\/p>\n\n\n\n<p>Ravi j\u00e4lgimine, optimaalse raviskeemi leidmine ja kontroll, ravimim\u00fcrgistuse diagnostika.<\/p>\n\n\n\n<p>Koostajad: Julia Keller, Jelena Beljantseva<br>03.06.2020<\/p>\n","protected":false},"excerpt":{"rendered":"<p>Kliinilise keemia ja laboratoorse hematoloogia osakond Leflunomiid on DMARD (Disease-Modifying Antirheumatic Drug) r\u00fchma kuuluv ravim, mida kasutatakse t\u00e4iskasvanutel aktiivse reumatoidartriidi ja aktiivse psoriaatilise artriidi ravis. Leflunomiid leevendab p\u00f5letikku, v\u00e4hendades immuunvastuse tekkimises osalevate rakkude arvu. Leflunomiid metaboliseeritakse sooleseinas ja maksas kiiresti ja t\u00e4ielikult aktiivseks metaboliidiks A771726 (ehk teriflunomiidiks). Teriflunomiidi maksimaalne plasmakontsentratsioon tekib 1\u201324 tunni jooksul p\u00e4rast [&hellip;]<\/p>\n","protected":false},"author":38,"featured_media":0,"parent":7301,"menu_order":16,"comment_status":"closed","ping_status":"closed","template":"","meta":{"_uag_custom_page_level_css":"","footnotes":""},"class_list":["post-12497","page","type-page","status-publish","hentry"],"acf":[],"yoast_head":"<!-- This site is optimized with the Yoast SEO plugin v27.3 - https:\/\/yoast.com\/product\/yoast-seo-wordpress\/ -->\n<title>Leflunomiid (Teriflunomiid) (P-Leflunomide) - \u00dchendlabor<\/title>\n<meta name=\"robots\" content=\"index, follow, max-snippet:-1, max-image-preview:large, max-video-preview:-1\" \/>\n<link rel=\"canonical\" href=\"https:\/\/www.kliinikum.ee\/yhendlabor\/kasiraamat\/ravimiseire-uuringud\/leflunomiid-teriflunomiid-p-leflunomide\/\" \/>\n<meta property=\"og:locale\" content=\"et_EE\" \/>\n<meta property=\"og:type\" content=\"article\" \/>\n<meta property=\"og:title\" content=\"Leflunomiid (Teriflunomiid) (P-Leflunomide) - \u00dchendlabor\" \/>\n<meta property=\"og:description\" content=\"Kliinilise keemia ja laboratoorse hematoloogia osakond Leflunomiid on DMARD (Disease-Modifying Antirheumatic Drug) r\u00fchma kuuluv ravim, mida kasutatakse t\u00e4iskasvanutel aktiivse reumatoidartriidi ja aktiivse psoriaatilise artriidi ravis. Leflunomiid leevendab p\u00f5letikku, v\u00e4hendades immuunvastuse tekkimises osalevate rakkude arvu. Leflunomiid metaboliseeritakse sooleseinas ja maksas kiiresti ja t\u00e4ielikult aktiivseks metaboliidiks A771726 (ehk teriflunomiidiks). Teriflunomiidi maksimaalne plasmakontsentratsioon tekib 1\u201324 tunni jooksul p\u00e4rast [&hellip;]\" \/>\n<meta property=\"og:url\" content=\"https:\/\/www.kliinikum.ee\/yhendlabor\/kasiraamat\/ravimiseire-uuringud\/leflunomiid-teriflunomiid-p-leflunomide\/\" \/>\n<meta property=\"og:site_name\" content=\"\u00dchendlabor\" \/>\n<meta property=\"article:modified_time\" content=\"2025-12-11T15:30:54+00:00\" \/>\n<meta name=\"twitter:card\" content=\"summary_large_image\" \/>\n<meta name=\"twitter:label1\" content=\"Est. reading time\" \/>\n\t<meta name=\"twitter:data1\" content=\"2 minutit\" \/>\n<script type=\"application\/ld+json\" class=\"yoast-schema-graph\">{\"@context\":\"https:\\\/\\\/schema.org\",\"@graph\":[{\"@type\":\"WebPage\",\"@id\":\"https:\\\/\\\/www.kliinikum.ee\\\/yhendlabor\\\/kasiraamat\\\/ravimiseire-uuringud\\\/leflunomiid-teriflunomiid-p-leflunomide\\\/\",\"url\":\"https:\\\/\\\/www.kliinikum.ee\\\/yhendlabor\\\/kasiraamat\\\/ravimiseire-uuringud\\\/leflunomiid-teriflunomiid-p-leflunomide\\\/\",\"name\":\"Leflunomiid (Teriflunomiid) (P-Leflunomide) - \u00dchendlabor\",\"isPartOf\":{\"@id\":\"https:\\\/\\\/www.kliinikum.ee\\\/yhendlabor\\\/#website\"},\"datePublished\":\"2025-07-31T13:09:52+00:00\",\"dateModified\":\"2025-12-11T15:30:54+00:00\",\"breadcrumb\":{\"@id\":\"https:\\\/\\\/www.kliinikum.ee\\\/yhendlabor\\\/kasiraamat\\\/ravimiseire-uuringud\\\/leflunomiid-teriflunomiid-p-leflunomide\\\/#breadcrumb\"},\"inLanguage\":\"et\",\"potentialAction\":[{\"@type\":\"ReadAction\",\"target\":[\"https:\\\/\\\/www.kliinikum.ee\\\/yhendlabor\\\/kasiraamat\\\/ravimiseire-uuringud\\\/leflunomiid-teriflunomiid-p-leflunomide\\\/\"]}]},{\"@type\":\"BreadcrumbList\",\"@id\":\"https:\\\/\\\/www.kliinikum.ee\\\/yhendlabor\\\/kasiraamat\\\/ravimiseire-uuringud\\\/leflunomiid-teriflunomiid-p-leflunomide\\\/#breadcrumb\",\"itemListElement\":[{\"@type\":\"ListItem\",\"position\":1,\"name\":\"Home\",\"item\":\"https:\\\/\\\/www.kliinikum.ee\\\/yhendlabor\\\/\"},{\"@type\":\"ListItem\",\"position\":2,\"name\":\"K\u00e4siraamat\",\"item\":\"https:\\\/\\\/www.kliinikum.ee\\\/yhendlabor\\\/kasiraamat\\\/\"},{\"@type\":\"ListItem\",\"position\":3,\"name\":\"Ravimiseire uuringud\",\"item\":\"https:\\\/\\\/www.kliinikum.ee\\\/yhendlabor\\\/kasiraamat\\\/ravimiseire-uuringud\\\/\"},{\"@type\":\"ListItem\",\"position\":4,\"name\":\"Leflunomiid (Teriflunomiid) (P-Leflunomide)\"}]},{\"@type\":\"WebSite\",\"@id\":\"https:\\\/\\\/www.kliinikum.ee\\\/yhendlabor\\\/#website\",\"url\":\"https:\\\/\\\/www.kliinikum.ee\\\/yhendlabor\\\/\",\"name\":\"\u00dchendlabor\",\"description\":\"Hoolivus, Uuendusmeelsus, P\u00e4devus ja Usaldusv\u00e4\u00e4rsus\",\"potentialAction\":[{\"@type\":\"SearchAction\",\"target\":{\"@type\":\"EntryPoint\",\"urlTemplate\":\"https:\\\/\\\/www.kliinikum.ee\\\/yhendlabor\\\/?s={search_term_string}\"},\"query-input\":{\"@type\":\"PropertyValueSpecification\",\"valueRequired\":true,\"valueName\":\"search_term_string\"}}],\"inLanguage\":\"et\"}]}<\/script>\n<!-- \/ Yoast SEO plugin. -->","yoast_head_json":{"title":"Leflunomiid (Teriflunomiid) (P-Leflunomide) - \u00dchendlabor","robots":{"index":"index","follow":"follow","max-snippet":"max-snippet:-1","max-image-preview":"max-image-preview:large","max-video-preview":"max-video-preview:-1"},"canonical":"https:\/\/www.kliinikum.ee\/yhendlabor\/kasiraamat\/ravimiseire-uuringud\/leflunomiid-teriflunomiid-p-leflunomide\/","og_locale":"et_EE","og_type":"article","og_title":"Leflunomiid (Teriflunomiid) (P-Leflunomide) - \u00dchendlabor","og_description":"Kliinilise keemia ja laboratoorse hematoloogia osakond Leflunomiid on DMARD (Disease-Modifying Antirheumatic Drug) r\u00fchma kuuluv ravim, mida kasutatakse t\u00e4iskasvanutel aktiivse reumatoidartriidi ja aktiivse psoriaatilise artriidi ravis. Leflunomiid leevendab p\u00f5letikku, v\u00e4hendades immuunvastuse tekkimises osalevate rakkude arvu. Leflunomiid metaboliseeritakse sooleseinas ja maksas kiiresti ja t\u00e4ielikult aktiivseks metaboliidiks A771726 (ehk teriflunomiidiks). Teriflunomiidi maksimaalne plasmakontsentratsioon tekib 1\u201324 tunni jooksul p\u00e4rast [&hellip;]","og_url":"https:\/\/www.kliinikum.ee\/yhendlabor\/kasiraamat\/ravimiseire-uuringud\/leflunomiid-teriflunomiid-p-leflunomide\/","og_site_name":"\u00dchendlabor","article_modified_time":"2025-12-11T15:30:54+00:00","twitter_card":"summary_large_image","twitter_misc":{"Est. reading time":"2 minutit"},"schema":{"@context":"https:\/\/schema.org","@graph":[{"@type":"WebPage","@id":"https:\/\/www.kliinikum.ee\/yhendlabor\/kasiraamat\/ravimiseire-uuringud\/leflunomiid-teriflunomiid-p-leflunomide\/","url":"https:\/\/www.kliinikum.ee\/yhendlabor\/kasiraamat\/ravimiseire-uuringud\/leflunomiid-teriflunomiid-p-leflunomide\/","name":"Leflunomiid (Teriflunomiid) (P-Leflunomide) - \u00dchendlabor","isPartOf":{"@id":"https:\/\/www.kliinikum.ee\/yhendlabor\/#website"},"datePublished":"2025-07-31T13:09:52+00:00","dateModified":"2025-12-11T15:30:54+00:00","breadcrumb":{"@id":"https:\/\/www.kliinikum.ee\/yhendlabor\/kasiraamat\/ravimiseire-uuringud\/leflunomiid-teriflunomiid-p-leflunomide\/#breadcrumb"},"inLanguage":"et","potentialAction":[{"@type":"ReadAction","target":["https:\/\/www.kliinikum.ee\/yhendlabor\/kasiraamat\/ravimiseire-uuringud\/leflunomiid-teriflunomiid-p-leflunomide\/"]}]},{"@type":"BreadcrumbList","@id":"https:\/\/www.kliinikum.ee\/yhendlabor\/kasiraamat\/ravimiseire-uuringud\/leflunomiid-teriflunomiid-p-leflunomide\/#breadcrumb","itemListElement":[{"@type":"ListItem","position":1,"name":"Home","item":"https:\/\/www.kliinikum.ee\/yhendlabor\/"},{"@type":"ListItem","position":2,"name":"K\u00e4siraamat","item":"https:\/\/www.kliinikum.ee\/yhendlabor\/kasiraamat\/"},{"@type":"ListItem","position":3,"name":"Ravimiseire uuringud","item":"https:\/\/www.kliinikum.ee\/yhendlabor\/kasiraamat\/ravimiseire-uuringud\/"},{"@type":"ListItem","position":4,"name":"Leflunomiid (Teriflunomiid) (P-Leflunomide)"}]},{"@type":"WebSite","@id":"https:\/\/www.kliinikum.ee\/yhendlabor\/#website","url":"https:\/\/www.kliinikum.ee\/yhendlabor\/","name":"\u00dchendlabor","description":"Hoolivus, Uuendusmeelsus, P\u00e4devus ja Usaldusv\u00e4\u00e4rsus","potentialAction":[{"@type":"SearchAction","target":{"@type":"EntryPoint","urlTemplate":"https:\/\/www.kliinikum.ee\/yhendlabor\/?s={search_term_string}"},"query-input":{"@type":"PropertyValueSpecification","valueRequired":true,"valueName":"search_term_string"}}],"inLanguage":"et"}]}},"uagb_featured_image_src":{"full":false,"thumbnail":false,"medium":false,"medium_large":false,"large":false,"1536x1536":false,"2048x2048":false},"uagb_author_info":{"display_name":"Kadi Siigur","author_link":"https:\/\/www.kliinikum.ee\/yhendlabor\/author\/kadisi\/"},"uagb_comment_info":0,"uagb_excerpt":"Kliinilise keemia ja laboratoorse hematoloogia osakond Leflunomiid on DMARD (Disease-Modifying Antirheumatic Drug) r\u00fchma kuuluv ravim, mida kasutatakse t\u00e4iskasvanutel aktiivse reumatoidartriidi ja aktiivse psoriaatilise artriidi ravis. Leflunomiid leevendab p\u00f5letikku, v\u00e4hendades immuunvastuse tekkimises osalevate rakkude arvu. Leflunomiid metaboliseeritakse sooleseinas ja maksas kiiresti ja t\u00e4ielikult aktiivseks metaboliidiks A771726 (ehk teriflunomiidiks). Teriflunomiidi maksimaalne plasmakontsentratsioon tekib 1\u201324 tunni jooksul p\u00e4rast&hellip;","_links":{"self":[{"href":"https:\/\/www.kliinikum.ee\/yhendlabor\/wp-json\/wp\/v2\/pages\/12497","targetHints":{"allow":["GET"]}}],"collection":[{"href":"https:\/\/www.kliinikum.ee\/yhendlabor\/wp-json\/wp\/v2\/pages"}],"about":[{"href":"https:\/\/www.kliinikum.ee\/yhendlabor\/wp-json\/wp\/v2\/types\/page"}],"author":[{"embeddable":true,"href":"https:\/\/www.kliinikum.ee\/yhendlabor\/wp-json\/wp\/v2\/users\/38"}],"replies":[{"embeddable":true,"href":"https:\/\/www.kliinikum.ee\/yhendlabor\/wp-json\/wp\/v2\/comments?post=12497"}],"version-history":[{"count":0,"href":"https:\/\/www.kliinikum.ee\/yhendlabor\/wp-json\/wp\/v2\/pages\/12497\/revisions"}],"up":[{"embeddable":true,"href":"https:\/\/www.kliinikum.ee\/yhendlabor\/wp-json\/wp\/v2\/pages\/7301"}],"wp:attachment":[{"href":"https:\/\/www.kliinikum.ee\/yhendlabor\/wp-json\/wp\/v2\/media?parent=12497"}],"curies":[{"name":"wp","href":"https:\/\/api.w.org\/{rel}","templated":true}]}}