{"id":12550,"date":"2025-07-31T16:24:44","date_gmt":"2025-07-31T14:24:44","guid":{"rendered":"https:\/\/www.kliinikum.ee\/yhendlabor\/?page_id=12550"},"modified":"2025-12-11T17:59:06","modified_gmt":"2025-12-11T15:59:06","slug":"salitsulaadid-sp-salic","status":"publish","type":"page","link":"https:\/\/www.kliinikum.ee\/yhendlabor\/kasiraamat\/ravimiseire-uuringud\/salitsulaadid-sp-salic\/","title":{"rendered":"Salits\u00fclaadid (S,P-Salic)"},"content":{"rendered":"\n<p><em>Kliinilise keemia osakond, tel. 731 8316<\/em><\/p>\n\n\n\n<p><strong>Salits\u00fclaadid <\/strong>on ravimid, mis omavad p\u00f5letikuvastast, palavikku alandavat ja valuvaigistavat toimet. Salits\u00fclaatidest tuntuim on atset\u00fc\u00fclsalits\u00fc\u00fclhape e aspiriin. Viimane omab ka trombots\u00fc\u00fctide agregatsiooni p\u00e4rssivat toimet.<\/p>\n\n\n\n<p>Atset\u00fc\u00fclsalits\u00fc\u00fclhape imendub seedetraktist kiiresti ja t\u00e4ielikult (imendumise kiirus s\u00f5ltub konkreetsest preparaadist, prolongeeritud toimega preparaatide kasutamisel on see pikem). Maksimaalne kontsentratsioon vereplasmas saavutatakse atset\u00fc\u00fclsalits\u00fc\u00fclhappel 10\u201320 minutit ja salits\u00fclaatidel \u00fcldiselt 20\u2013120 minutit p\u00e4rast peroraalset manustamist. M\u00fcrgistuste korral ei pruugi <em>maksimaalne <\/em>kontsentratsioon saabuda enne kuue tunni m\u00f6\u00f6dumist alates ravimi sattumisest organismi. Atset\u00fc\u00fclsalits\u00fc\u00fclhape eritub rinnapiima, liikvorisse ja liigesevedelikku ning l\u00e4bib platsentat.<\/p>\n\n\n\n<p>Atset\u00fc\u00fclsalits\u00fc\u00fclhappe poolv\u00e4\u00e4rtusaeg plasmas on v\u00e4ga l\u00fchike, umbes 15\u201320 minutit, kuna ta h\u00fcdrol\u00fc\u00fcsitakse kiiresti salits\u00fc\u00fclhappeks. Viimane omab samuti eelpoolkirjeldatud toimeid, v\u00e4lja arvatud trombots\u00fc\u00fctide agregatsiooni p\u00e4rssimine. Salits\u00fc\u00fclhappe poolv\u00e4\u00e4rtusaeg plasmas on 2\u20133 tundi, suurte annuste ja m\u00fcrgistuse korral on poolv\u00e4\u00e4rtusaeg kordades pikem (kuni 15 tundi). Salits\u00fc\u00fclhappe ja atset\u00fc\u00fclsalits\u00fc\u00fclhappe metabolismi k\u00e4igus tekkinud &nbsp;inaktiivsed konjugaadid eritatakse uriiniga.<\/p>\n\n\n\n<p>\u00dcleannustamisel tekivad kohin k\u00f5rvus, h\u00fcperventilatsioon, iiveldus, oksendamine, segasusseisund, happe-aluse tasakaalu h\u00e4ired: esialgu kujuneb respiratoorne alkaloos (v\u00e4lja arvatud v\u00e4ikelastel), hiljem metaboolne atsidoos. V\u00f5imalikud on h\u00fcpertermia, krambid ja kooma.<\/p>\n\n\n\n<p class=\"has-medium-font-size\"><strong>Uuritav materjal, selle v\u00f5tmine, saatmine ja s\u00e4ilitamine<\/strong><\/p>\n\n\n\n<p><em>Proov ei tohi olla hemol\u00fc\u00fctiline!<\/em><\/p>\n\n\n\n<p>NB! Kui m\u00fcrgistuse kahtluse korral v\u00f5etakse proov v\u00e4hem kui kuus tundi p\u00e4rast salits\u00fclaadi sissev\u00f5tmist, tuleb v\u00f5tta veel teine proov maksimaalse kontsentratsiooni saabumise ajal. Terapeutiliseks ravimi monitooringuks tuleb proov v\u00f5tta vahetult enne j\u00e4rgmise ravimiannuse manustamist.<\/p>\n\n\n\n<figure class=\"wp-block-table is-style-stripes\"><table width=\"100%\"><tbody><tr><td width=\"1%\"><\/td><td width=\"15%\"><strong>Katsuti<\/strong><\/td><td width=\"84%\">Geeli ja h\u00fc\u00fcbimisaktivaatoriga katsuti (kollane kork) v\u00f5i geeliga LH-katsuti (heleroheline kork)\u00a0<\/td><\/tr><tr><td><\/td><td><strong>S\u00e4ilivus<\/strong><\/td><td>Seerum\/plasma +4 \u00b0C kaks n\u00e4dalat<\/td><\/tr><\/tbody><\/table><\/figure>\n\n\n\n<p class=\"has-medium-font-size\"><strong>Anal\u00fc\u00fcsi tegemise aeg: <\/strong>\u00f6\u00f6p\u00e4evaringselt<\/p>\n\n\n\n<p class=\"has-medium-font-size\"><strong>Anal\u00fc\u00fcsimeetod: <\/strong>ens\u00fcmaatiline meetod<\/p>\n\n\n\n<p class=\"has-medium-font-size\"><strong>Referentsv\u00e4\u00e4rtused<\/strong><\/p>\n\n\n\n<p>Anal\u00fc\u00fcsitulemuse hindamisel tuleb arvestada nii salits\u00fclaadi kontsentratsiooni kui ka ravimi organismi sattumisest m\u00f6\u00f6dunud aega (kasutatakse spetsiaalseid nomogramme).<\/p>\n\n\n\n<figure class=\"wp-block-table\"><table width=\"100%\"><tbody><tr><td width=\"1%\"><\/td><td width=\"20%\"><strong>Terapeutiline v\u00e4\u00e4rtus<\/strong><\/td><td width=\"39%\">Palavikku alandav, analgeetiline toime 30\u2013100 \u03bcg\/mL <br>P\u00f5letikuvastane toime 150\u2013300 \u03bcg\/mL<\/td><td width=\"20%\"><strong>Toksiline v\u00e4\u00e4rtus <br>Letaalne v\u00e4\u00e4rtus<\/strong><\/td><td width=\"20%\">> 300 \u03bcg\/mL <br>> 600 \u03bcg\/mL<\/td><\/tr><\/tbody><\/table><\/figure>\n\n\n\n<p class=\"has-medium-font-size\"><strong>N\u00e4idustus ja kliiniline t\u00e4hendus<\/strong><\/p>\n\n\n\n<p>Salits\u00fclaadim\u00fcrgistuse diagnostika. Ravimeetodite valik ja patsiendi prognoosi hindamine salits\u00fclaadim\u00fcrgistuse korral. Optimaalse raviskeemi leidmine ja kontroll p\u00f5letikuvastase ravi puhul salits\u00fclaatidega.<\/p>\n\n\n\n<p>Koostaja: Ene Ora<\/p>\n","protected":false},"excerpt":{"rendered":"<p>Kliinilise keemia osakond, tel. 731 8316 Salits\u00fclaadid on ravimid, mis omavad p\u00f5letikuvastast, palavikku alandavat ja valuvaigistavat toimet. Salits\u00fclaatidest tuntuim on atset\u00fc\u00fclsalits\u00fc\u00fclhape e aspiriin. Viimane omab ka trombots\u00fc\u00fctide agregatsiooni p\u00e4rssivat toimet. Atset\u00fc\u00fclsalits\u00fc\u00fclhape imendub seedetraktist kiiresti ja t\u00e4ielikult (imendumise kiirus s\u00f5ltub konkreetsest preparaadist, prolongeeritud toimega preparaatide kasutamisel on see pikem). Maksimaalne kontsentratsioon vereplasmas saavutatakse atset\u00fc\u00fclsalits\u00fc\u00fclhappel 10\u201320 minutit [&hellip;]<\/p>\n","protected":false},"author":38,"featured_media":0,"parent":7301,"menu_order":32,"comment_status":"closed","ping_status":"closed","template":"","meta":{"_uag_custom_page_level_css":"","footnotes":""},"class_list":["post-12550","page","type-page","status-publish","hentry"],"acf":[],"yoast_head":"<!-- This site is optimized with the Yoast SEO plugin v27.3 - https:\/\/yoast.com\/product\/yoast-seo-wordpress\/ -->\n<title>Salits\u00fclaadid (S,P-Salic) - \u00dchendlabor<\/title>\n<meta name=\"robots\" content=\"index, follow, max-snippet:-1, max-image-preview:large, max-video-preview:-1\" \/>\n<link rel=\"canonical\" href=\"https:\/\/www.kliinikum.ee\/yhendlabor\/kasiraamat\/ravimiseire-uuringud\/salitsulaadid-sp-salic\/\" \/>\n<meta property=\"og:locale\" content=\"et_EE\" \/>\n<meta property=\"og:type\" content=\"article\" \/>\n<meta property=\"og:title\" content=\"Salits\u00fclaadid (S,P-Salic) - \u00dchendlabor\" \/>\n<meta property=\"og:description\" content=\"Kliinilise keemia osakond, tel. 731 8316 Salits\u00fclaadid on ravimid, mis omavad p\u00f5letikuvastast, palavikku alandavat ja valuvaigistavat toimet. Salits\u00fclaatidest tuntuim on atset\u00fc\u00fclsalits\u00fc\u00fclhape e aspiriin. Viimane omab ka trombots\u00fc\u00fctide agregatsiooni p\u00e4rssivat toimet. Atset\u00fc\u00fclsalits\u00fc\u00fclhape imendub seedetraktist kiiresti ja t\u00e4ielikult (imendumise kiirus s\u00f5ltub konkreetsest preparaadist, prolongeeritud toimega preparaatide kasutamisel on see pikem). Maksimaalne kontsentratsioon vereplasmas saavutatakse atset\u00fc\u00fclsalits\u00fc\u00fclhappel 10\u201320 minutit [&hellip;]\" \/>\n<meta property=\"og:url\" content=\"https:\/\/www.kliinikum.ee\/yhendlabor\/kasiraamat\/ravimiseire-uuringud\/salitsulaadid-sp-salic\/\" \/>\n<meta property=\"og:site_name\" content=\"\u00dchendlabor\" \/>\n<meta property=\"article:modified_time\" content=\"2025-12-11T15:59:06+00:00\" \/>\n<meta name=\"twitter:card\" content=\"summary_large_image\" \/>\n<meta name=\"twitter:label1\" content=\"Est. reading time\" \/>\n\t<meta name=\"twitter:data1\" content=\"2 minutit\" \/>\n<script type=\"application\/ld+json\" class=\"yoast-schema-graph\">{\"@context\":\"https:\\\/\\\/schema.org\",\"@graph\":[{\"@type\":\"WebPage\",\"@id\":\"https:\\\/\\\/www.kliinikum.ee\\\/yhendlabor\\\/kasiraamat\\\/ravimiseire-uuringud\\\/salitsulaadid-sp-salic\\\/\",\"url\":\"https:\\\/\\\/www.kliinikum.ee\\\/yhendlabor\\\/kasiraamat\\\/ravimiseire-uuringud\\\/salitsulaadid-sp-salic\\\/\",\"name\":\"Salits\u00fclaadid (S,P-Salic) - \u00dchendlabor\",\"isPartOf\":{\"@id\":\"https:\\\/\\\/www.kliinikum.ee\\\/yhendlabor\\\/#website\"},\"datePublished\":\"2025-07-31T14:24:44+00:00\",\"dateModified\":\"2025-12-11T15:59:06+00:00\",\"breadcrumb\":{\"@id\":\"https:\\\/\\\/www.kliinikum.ee\\\/yhendlabor\\\/kasiraamat\\\/ravimiseire-uuringud\\\/salitsulaadid-sp-salic\\\/#breadcrumb\"},\"inLanguage\":\"et\",\"potentialAction\":[{\"@type\":\"ReadAction\",\"target\":[\"https:\\\/\\\/www.kliinikum.ee\\\/yhendlabor\\\/kasiraamat\\\/ravimiseire-uuringud\\\/salitsulaadid-sp-salic\\\/\"]}]},{\"@type\":\"BreadcrumbList\",\"@id\":\"https:\\\/\\\/www.kliinikum.ee\\\/yhendlabor\\\/kasiraamat\\\/ravimiseire-uuringud\\\/salitsulaadid-sp-salic\\\/#breadcrumb\",\"itemListElement\":[{\"@type\":\"ListItem\",\"position\":1,\"name\":\"Home\",\"item\":\"https:\\\/\\\/www.kliinikum.ee\\\/yhendlabor\\\/\"},{\"@type\":\"ListItem\",\"position\":2,\"name\":\"K\u00e4siraamat\",\"item\":\"https:\\\/\\\/www.kliinikum.ee\\\/yhendlabor\\\/kasiraamat\\\/\"},{\"@type\":\"ListItem\",\"position\":3,\"name\":\"Ravimiseire uuringud\",\"item\":\"https:\\\/\\\/www.kliinikum.ee\\\/yhendlabor\\\/kasiraamat\\\/ravimiseire-uuringud\\\/\"},{\"@type\":\"ListItem\",\"position\":4,\"name\":\"Salits\u00fclaadid (S,P-Salic)\"}]},{\"@type\":\"WebSite\",\"@id\":\"https:\\\/\\\/www.kliinikum.ee\\\/yhendlabor\\\/#website\",\"url\":\"https:\\\/\\\/www.kliinikum.ee\\\/yhendlabor\\\/\",\"name\":\"\u00dchendlabor\",\"description\":\"Hoolivus, Uuendusmeelsus, P\u00e4devus ja Usaldusv\u00e4\u00e4rsus\",\"potentialAction\":[{\"@type\":\"SearchAction\",\"target\":{\"@type\":\"EntryPoint\",\"urlTemplate\":\"https:\\\/\\\/www.kliinikum.ee\\\/yhendlabor\\\/?s={search_term_string}\"},\"query-input\":{\"@type\":\"PropertyValueSpecification\",\"valueRequired\":true,\"valueName\":\"search_term_string\"}}],\"inLanguage\":\"et\"}]}<\/script>\n<!-- \/ Yoast SEO plugin. -->","yoast_head_json":{"title":"Salits\u00fclaadid (S,P-Salic) - \u00dchendlabor","robots":{"index":"index","follow":"follow","max-snippet":"max-snippet:-1","max-image-preview":"max-image-preview:large","max-video-preview":"max-video-preview:-1"},"canonical":"https:\/\/www.kliinikum.ee\/yhendlabor\/kasiraamat\/ravimiseire-uuringud\/salitsulaadid-sp-salic\/","og_locale":"et_EE","og_type":"article","og_title":"Salits\u00fclaadid (S,P-Salic) - \u00dchendlabor","og_description":"Kliinilise keemia osakond, tel. 731 8316 Salits\u00fclaadid on ravimid, mis omavad p\u00f5letikuvastast, palavikku alandavat ja valuvaigistavat toimet. Salits\u00fclaatidest tuntuim on atset\u00fc\u00fclsalits\u00fc\u00fclhape e aspiriin. Viimane omab ka trombots\u00fc\u00fctide agregatsiooni p\u00e4rssivat toimet. Atset\u00fc\u00fclsalits\u00fc\u00fclhape imendub seedetraktist kiiresti ja t\u00e4ielikult (imendumise kiirus s\u00f5ltub konkreetsest preparaadist, prolongeeritud toimega preparaatide kasutamisel on see pikem). Maksimaalne kontsentratsioon vereplasmas saavutatakse atset\u00fc\u00fclsalits\u00fc\u00fclhappel 10\u201320 minutit [&hellip;]","og_url":"https:\/\/www.kliinikum.ee\/yhendlabor\/kasiraamat\/ravimiseire-uuringud\/salitsulaadid-sp-salic\/","og_site_name":"\u00dchendlabor","article_modified_time":"2025-12-11T15:59:06+00:00","twitter_card":"summary_large_image","twitter_misc":{"Est. reading time":"2 minutit"},"schema":{"@context":"https:\/\/schema.org","@graph":[{"@type":"WebPage","@id":"https:\/\/www.kliinikum.ee\/yhendlabor\/kasiraamat\/ravimiseire-uuringud\/salitsulaadid-sp-salic\/","url":"https:\/\/www.kliinikum.ee\/yhendlabor\/kasiraamat\/ravimiseire-uuringud\/salitsulaadid-sp-salic\/","name":"Salits\u00fclaadid (S,P-Salic) - \u00dchendlabor","isPartOf":{"@id":"https:\/\/www.kliinikum.ee\/yhendlabor\/#website"},"datePublished":"2025-07-31T14:24:44+00:00","dateModified":"2025-12-11T15:59:06+00:00","breadcrumb":{"@id":"https:\/\/www.kliinikum.ee\/yhendlabor\/kasiraamat\/ravimiseire-uuringud\/salitsulaadid-sp-salic\/#breadcrumb"},"inLanguage":"et","potentialAction":[{"@type":"ReadAction","target":["https:\/\/www.kliinikum.ee\/yhendlabor\/kasiraamat\/ravimiseire-uuringud\/salitsulaadid-sp-salic\/"]}]},{"@type":"BreadcrumbList","@id":"https:\/\/www.kliinikum.ee\/yhendlabor\/kasiraamat\/ravimiseire-uuringud\/salitsulaadid-sp-salic\/#breadcrumb","itemListElement":[{"@type":"ListItem","position":1,"name":"Home","item":"https:\/\/www.kliinikum.ee\/yhendlabor\/"},{"@type":"ListItem","position":2,"name":"K\u00e4siraamat","item":"https:\/\/www.kliinikum.ee\/yhendlabor\/kasiraamat\/"},{"@type":"ListItem","position":3,"name":"Ravimiseire uuringud","item":"https:\/\/www.kliinikum.ee\/yhendlabor\/kasiraamat\/ravimiseire-uuringud\/"},{"@type":"ListItem","position":4,"name":"Salits\u00fclaadid (S,P-Salic)"}]},{"@type":"WebSite","@id":"https:\/\/www.kliinikum.ee\/yhendlabor\/#website","url":"https:\/\/www.kliinikum.ee\/yhendlabor\/","name":"\u00dchendlabor","description":"Hoolivus, Uuendusmeelsus, P\u00e4devus ja Usaldusv\u00e4\u00e4rsus","potentialAction":[{"@type":"SearchAction","target":{"@type":"EntryPoint","urlTemplate":"https:\/\/www.kliinikum.ee\/yhendlabor\/?s={search_term_string}"},"query-input":{"@type":"PropertyValueSpecification","valueRequired":true,"valueName":"search_term_string"}}],"inLanguage":"et"}]}},"uagb_featured_image_src":{"full":false,"thumbnail":false,"medium":false,"medium_large":false,"large":false,"1536x1536":false,"2048x2048":false},"uagb_author_info":{"display_name":"Kadi Siigur","author_link":"https:\/\/www.kliinikum.ee\/yhendlabor\/author\/kadisi\/"},"uagb_comment_info":0,"uagb_excerpt":"Kliinilise keemia osakond, tel. 731 8316 Salits\u00fclaadid on ravimid, mis omavad p\u00f5letikuvastast, palavikku alandavat ja valuvaigistavat toimet. Salits\u00fclaatidest tuntuim on atset\u00fc\u00fclsalits\u00fc\u00fclhape e aspiriin. Viimane omab ka trombots\u00fc\u00fctide agregatsiooni p\u00e4rssivat toimet. Atset\u00fc\u00fclsalits\u00fc\u00fclhape imendub seedetraktist kiiresti ja t\u00e4ielikult (imendumise kiirus s\u00f5ltub konkreetsest preparaadist, prolongeeritud toimega preparaatide kasutamisel on see pikem). Maksimaalne kontsentratsioon vereplasmas saavutatakse atset\u00fc\u00fclsalits\u00fc\u00fclhappel 10\u201320 minutit&hellip;","_links":{"self":[{"href":"https:\/\/www.kliinikum.ee\/yhendlabor\/wp-json\/wp\/v2\/pages\/12550","targetHints":{"allow":["GET"]}}],"collection":[{"href":"https:\/\/www.kliinikum.ee\/yhendlabor\/wp-json\/wp\/v2\/pages"}],"about":[{"href":"https:\/\/www.kliinikum.ee\/yhendlabor\/wp-json\/wp\/v2\/types\/page"}],"author":[{"embeddable":true,"href":"https:\/\/www.kliinikum.ee\/yhendlabor\/wp-json\/wp\/v2\/users\/38"}],"replies":[{"embeddable":true,"href":"https:\/\/www.kliinikum.ee\/yhendlabor\/wp-json\/wp\/v2\/comments?post=12550"}],"version-history":[{"count":0,"href":"https:\/\/www.kliinikum.ee\/yhendlabor\/wp-json\/wp\/v2\/pages\/12550\/revisions"}],"up":[{"embeddable":true,"href":"https:\/\/www.kliinikum.ee\/yhendlabor\/wp-json\/wp\/v2\/pages\/7301"}],"wp:attachment":[{"href":"https:\/\/www.kliinikum.ee\/yhendlabor\/wp-json\/wp\/v2\/media?parent=12550"}],"curies":[{"name":"wp","href":"https:\/\/api.w.org\/{rel}","templated":true}]}}