{"id":12590,"date":"2025-08-01T16:34:33","date_gmt":"2025-08-01T14:34:33","guid":{"rendered":"https:\/\/www.kliinikum.ee\/yhendlabor\/?page_id=12590"},"modified":"2025-12-11T18:47:54","modified_gmt":"2025-12-11T16:47:54","slug":"tramadool-uriinis-u-tml","status":"publish","type":"page","link":"https:\/\/www.kliinikum.ee\/yhendlabor\/kasiraamat\/toksikoloogilised-ja-metallide-uuringud\/tramadool-uriinis-u-tml\/","title":{"rendered":"Tramadool uriinis (U-TML)"},"content":{"rendered":"\n<p><em>Kliinilise keemia ja laboratoorse hematoloogia osakond<\/em><\/p>\n\n\n\n<p><strong>Tramadool <\/strong>on tsentraalselt toimiv opioidanalgeetikum, mida kasutatakse m\u00f5\u00f5duka kuni tugeva valu raviks. Seda manustatakse peamiselt suukaudselt, kuid saadaval on ka s\u00fcstelahuse vorm. Ravimiturul leidub ka kombinatsioonpreparaate, mis sisaldavad tramadooli koos paratsetamooli v\u00f5i deksketoprofeeniga. Kuigi tramadooli peetakse n\u00f5rgatoimeliseks opioidiks, on selle kasutamisel siiski s\u00f5ltuvuse kujunemise oht, eriti pikaajalisel ja suurtes annustes tarvitamisel. S\u00f5ltuvuse korral v\u00f5ivad tekkida ka v\u00f5\u00f5rutusn\u00e4hud. Tramadool ja selle metaboliidid elimineeritakse organismist peamiselt neerude kaudu \u2014 ligikaudu 90% manustatud annusest eritub uriiniga kas muutumatul kujul v\u00f5i metaboliitidena.<\/p>\n\n\n\n<p class=\"has-medium-font-size\"><strong>Uuritav materjal, selle v\u00f5tmine, saatmine ja s\u00e4ilitamine<\/strong><\/p>\n\n\n\n<figure class=\"wp-block-table is-style-stripes\"><table width=\"100%\"><tbody><tr><td width=\"1%\"><\/td><td width=\"15%\"><strong>Proovin\u00f5u<\/strong><\/td><td width=\"84%\">Proovitops, 50mL<\/td><\/tr><tr><td><\/td><td><strong>S\u00e4ilivus<\/strong><\/td><td>Uriin +4 \u00b0C kaks p\u00e4eva, -20 \u00b0C pikemat aega<\/td><\/tr><\/tbody><\/table><\/figure>\n\n\n\n<p class=\"has-medium-font-size\"><strong>Anal\u00fc\u00fcsi tegemise aeg:<\/strong> \u00f6\u00f6p\u00e4evaringselt<\/p>\n\n\n\n<p class=\"has-medium-font-size\"><strong>Anal\u00fc\u00fcsimeetod: <\/strong>immuunkromatograafiline meetod (s\u00f5eluuring)<\/p>\n\n\n\n<p class=\"has-medium-font-size\"><strong>Referentsv\u00e4\u00e4rtus<\/strong><\/p>\n\n\n\n<p>Normaalleid on negatiivne.<\/p>\n\n\n\n<p class=\"has-medium-font-size\"><strong>N\u00e4idustus ja kliiniline t\u00e4hendus<\/strong><\/p>\n\n\n\n<p>Kahtlus tramadooli (kuri)tarvitamisele.<\/p>\n\n\n\n<p>S\u00f5eluuringu tulemuse t\u00f5lgendamisel tuleb kindlasti arvestada kliinilist pilti ja v\u00f5imalikke ristreaktsioone patsiendile manustatavate ravimitega.<\/p>\n\n\n\n<p>SA T\u00dcK \u00dchendlaboris teostatakse narkootiliste ja ps\u00fchhotroopsete ainete anal\u00fc\u00fcse ainult meditsiinilistel n\u00e4idustustel. S\u00f5ltuvusaine kuritarvitamise sedastamine juriidilistel n\u00e4idustustel teostatakse Eesti Kohtuekspertiisi Instituudis.<\/p>\n\n\n\n<p>Aivar Orav<br>Koostatud 19.06.2025<\/p>\n","protected":false},"excerpt":{"rendered":"<p>Kliinilise keemia ja laboratoorse hematoloogia osakond Tramadool on tsentraalselt toimiv opioidanalgeetikum, mida kasutatakse m\u00f5\u00f5duka kuni tugeva valu raviks. Seda manustatakse peamiselt suukaudselt, kuid saadaval on ka s\u00fcstelahuse vorm. Ravimiturul leidub ka kombinatsioonpreparaate, mis sisaldavad tramadooli koos paratsetamooli v\u00f5i deksketoprofeeniga. Kuigi tramadooli peetakse n\u00f5rgatoimeliseks opioidiks, on selle kasutamisel siiski s\u00f5ltuvuse kujunemise oht, eriti pikaajalisel ja suurtes [&hellip;]<\/p>\n","protected":false},"author":31,"featured_media":0,"parent":7314,"menu_order":15,"comment_status":"closed","ping_status":"closed","template":"","meta":{"_uag_custom_page_level_css":"","footnotes":""},"class_list":["post-12590","page","type-page","status-publish","hentry"],"acf":[],"yoast_head":"<!-- This site is optimized with the Yoast SEO plugin v27.3 - https:\/\/yoast.com\/product\/yoast-seo-wordpress\/ -->\n<title>Tramadool uriinis (U-TML) - \u00dchendlabor<\/title>\n<meta name=\"robots\" content=\"index, follow, max-snippet:-1, max-image-preview:large, max-video-preview:-1\" \/>\n<link rel=\"canonical\" href=\"https:\/\/www.kliinikum.ee\/yhendlabor\/kasiraamat\/toksikoloogilised-ja-metallide-uuringud\/tramadool-uriinis-u-tml\/\" \/>\n<meta property=\"og:locale\" content=\"et_EE\" \/>\n<meta property=\"og:type\" content=\"article\" \/>\n<meta property=\"og:title\" content=\"Tramadool uriinis (U-TML) - \u00dchendlabor\" \/>\n<meta property=\"og:description\" content=\"Kliinilise keemia ja laboratoorse hematoloogia osakond Tramadool on tsentraalselt toimiv opioidanalgeetikum, mida kasutatakse m\u00f5\u00f5duka kuni tugeva valu raviks. Seda manustatakse peamiselt suukaudselt, kuid saadaval on ka s\u00fcstelahuse vorm. Ravimiturul leidub ka kombinatsioonpreparaate, mis sisaldavad tramadooli koos paratsetamooli v\u00f5i deksketoprofeeniga. Kuigi tramadooli peetakse n\u00f5rgatoimeliseks opioidiks, on selle kasutamisel siiski s\u00f5ltuvuse kujunemise oht, eriti pikaajalisel ja suurtes [&hellip;]\" \/>\n<meta property=\"og:url\" content=\"https:\/\/www.kliinikum.ee\/yhendlabor\/kasiraamat\/toksikoloogilised-ja-metallide-uuringud\/tramadool-uriinis-u-tml\/\" \/>\n<meta property=\"og:site_name\" content=\"\u00dchendlabor\" \/>\n<meta property=\"article:modified_time\" content=\"2025-12-11T16:47:54+00:00\" \/>\n<meta name=\"twitter:card\" content=\"summary_large_image\" \/>\n<meta name=\"twitter:label1\" content=\"Est. reading time\" \/>\n\t<meta name=\"twitter:data1\" content=\"1 minut\" \/>\n<script type=\"application\/ld+json\" class=\"yoast-schema-graph\">{\"@context\":\"https:\\\/\\\/schema.org\",\"@graph\":[{\"@type\":\"WebPage\",\"@id\":\"https:\\\/\\\/www.kliinikum.ee\\\/yhendlabor\\\/kasiraamat\\\/toksikoloogilised-ja-metallide-uuringud\\\/tramadool-uriinis-u-tml\\\/\",\"url\":\"https:\\\/\\\/www.kliinikum.ee\\\/yhendlabor\\\/kasiraamat\\\/toksikoloogilised-ja-metallide-uuringud\\\/tramadool-uriinis-u-tml\\\/\",\"name\":\"Tramadool uriinis (U-TML) - \u00dchendlabor\",\"isPartOf\":{\"@id\":\"https:\\\/\\\/www.kliinikum.ee\\\/yhendlabor\\\/#website\"},\"datePublished\":\"2025-08-01T14:34:33+00:00\",\"dateModified\":\"2025-12-11T16:47:54+00:00\",\"breadcrumb\":{\"@id\":\"https:\\\/\\\/www.kliinikum.ee\\\/yhendlabor\\\/kasiraamat\\\/toksikoloogilised-ja-metallide-uuringud\\\/tramadool-uriinis-u-tml\\\/#breadcrumb\"},\"inLanguage\":\"et\",\"potentialAction\":[{\"@type\":\"ReadAction\",\"target\":[\"https:\\\/\\\/www.kliinikum.ee\\\/yhendlabor\\\/kasiraamat\\\/toksikoloogilised-ja-metallide-uuringud\\\/tramadool-uriinis-u-tml\\\/\"]}]},{\"@type\":\"BreadcrumbList\",\"@id\":\"https:\\\/\\\/www.kliinikum.ee\\\/yhendlabor\\\/kasiraamat\\\/toksikoloogilised-ja-metallide-uuringud\\\/tramadool-uriinis-u-tml\\\/#breadcrumb\",\"itemListElement\":[{\"@type\":\"ListItem\",\"position\":1,\"name\":\"Home\",\"item\":\"https:\\\/\\\/www.kliinikum.ee\\\/yhendlabor\\\/\"},{\"@type\":\"ListItem\",\"position\":2,\"name\":\"K\u00e4siraamat\",\"item\":\"https:\\\/\\\/www.kliinikum.ee\\\/yhendlabor\\\/kasiraamat\\\/\"},{\"@type\":\"ListItem\",\"position\":3,\"name\":\"Toksikoloogilised ja metallide uuringud\",\"item\":\"https:\\\/\\\/www.kliinikum.ee\\\/yhendlabor\\\/kasiraamat\\\/toksikoloogilised-ja-metallide-uuringud\\\/\"},{\"@type\":\"ListItem\",\"position\":4,\"name\":\"Tramadool uriinis (U-TML)\"}]},{\"@type\":\"WebSite\",\"@id\":\"https:\\\/\\\/www.kliinikum.ee\\\/yhendlabor\\\/#website\",\"url\":\"https:\\\/\\\/www.kliinikum.ee\\\/yhendlabor\\\/\",\"name\":\"\u00dchendlabor\",\"description\":\"Hoolivus, Uuendusmeelsus, P\u00e4devus ja Usaldusv\u00e4\u00e4rsus\",\"potentialAction\":[{\"@type\":\"SearchAction\",\"target\":{\"@type\":\"EntryPoint\",\"urlTemplate\":\"https:\\\/\\\/www.kliinikum.ee\\\/yhendlabor\\\/?s={search_term_string}\"},\"query-input\":{\"@type\":\"PropertyValueSpecification\",\"valueRequired\":true,\"valueName\":\"search_term_string\"}}],\"inLanguage\":\"et\"}]}<\/script>\n<!-- \/ Yoast SEO plugin. -->","yoast_head_json":{"title":"Tramadool uriinis (U-TML) - \u00dchendlabor","robots":{"index":"index","follow":"follow","max-snippet":"max-snippet:-1","max-image-preview":"max-image-preview:large","max-video-preview":"max-video-preview:-1"},"canonical":"https:\/\/www.kliinikum.ee\/yhendlabor\/kasiraamat\/toksikoloogilised-ja-metallide-uuringud\/tramadool-uriinis-u-tml\/","og_locale":"et_EE","og_type":"article","og_title":"Tramadool uriinis (U-TML) - \u00dchendlabor","og_description":"Kliinilise keemia ja laboratoorse hematoloogia osakond Tramadool on tsentraalselt toimiv opioidanalgeetikum, mida kasutatakse m\u00f5\u00f5duka kuni tugeva valu raviks. Seda manustatakse peamiselt suukaudselt, kuid saadaval on ka s\u00fcstelahuse vorm. Ravimiturul leidub ka kombinatsioonpreparaate, mis sisaldavad tramadooli koos paratsetamooli v\u00f5i deksketoprofeeniga. Kuigi tramadooli peetakse n\u00f5rgatoimeliseks opioidiks, on selle kasutamisel siiski s\u00f5ltuvuse kujunemise oht, eriti pikaajalisel ja suurtes [&hellip;]","og_url":"https:\/\/www.kliinikum.ee\/yhendlabor\/kasiraamat\/toksikoloogilised-ja-metallide-uuringud\/tramadool-uriinis-u-tml\/","og_site_name":"\u00dchendlabor","article_modified_time":"2025-12-11T16:47:54+00:00","twitter_card":"summary_large_image","twitter_misc":{"Est. reading time":"1 minut"},"schema":{"@context":"https:\/\/schema.org","@graph":[{"@type":"WebPage","@id":"https:\/\/www.kliinikum.ee\/yhendlabor\/kasiraamat\/toksikoloogilised-ja-metallide-uuringud\/tramadool-uriinis-u-tml\/","url":"https:\/\/www.kliinikum.ee\/yhendlabor\/kasiraamat\/toksikoloogilised-ja-metallide-uuringud\/tramadool-uriinis-u-tml\/","name":"Tramadool uriinis (U-TML) - \u00dchendlabor","isPartOf":{"@id":"https:\/\/www.kliinikum.ee\/yhendlabor\/#website"},"datePublished":"2025-08-01T14:34:33+00:00","dateModified":"2025-12-11T16:47:54+00:00","breadcrumb":{"@id":"https:\/\/www.kliinikum.ee\/yhendlabor\/kasiraamat\/toksikoloogilised-ja-metallide-uuringud\/tramadool-uriinis-u-tml\/#breadcrumb"},"inLanguage":"et","potentialAction":[{"@type":"ReadAction","target":["https:\/\/www.kliinikum.ee\/yhendlabor\/kasiraamat\/toksikoloogilised-ja-metallide-uuringud\/tramadool-uriinis-u-tml\/"]}]},{"@type":"BreadcrumbList","@id":"https:\/\/www.kliinikum.ee\/yhendlabor\/kasiraamat\/toksikoloogilised-ja-metallide-uuringud\/tramadool-uriinis-u-tml\/#breadcrumb","itemListElement":[{"@type":"ListItem","position":1,"name":"Home","item":"https:\/\/www.kliinikum.ee\/yhendlabor\/"},{"@type":"ListItem","position":2,"name":"K\u00e4siraamat","item":"https:\/\/www.kliinikum.ee\/yhendlabor\/kasiraamat\/"},{"@type":"ListItem","position":3,"name":"Toksikoloogilised ja metallide uuringud","item":"https:\/\/www.kliinikum.ee\/yhendlabor\/kasiraamat\/toksikoloogilised-ja-metallide-uuringud\/"},{"@type":"ListItem","position":4,"name":"Tramadool uriinis (U-TML)"}]},{"@type":"WebSite","@id":"https:\/\/www.kliinikum.ee\/yhendlabor\/#website","url":"https:\/\/www.kliinikum.ee\/yhendlabor\/","name":"\u00dchendlabor","description":"Hoolivus, Uuendusmeelsus, P\u00e4devus ja Usaldusv\u00e4\u00e4rsus","potentialAction":[{"@type":"SearchAction","target":{"@type":"EntryPoint","urlTemplate":"https:\/\/www.kliinikum.ee\/yhendlabor\/?s={search_term_string}"},"query-input":{"@type":"PropertyValueSpecification","valueRequired":true,"valueName":"search_term_string"}}],"inLanguage":"et"}]}},"uagb_featured_image_src":{"full":false,"thumbnail":false,"medium":false,"medium_large":false,"large":false,"1536x1536":false,"2048x2048":false},"uagb_author_info":{"display_name":"Kaja Vaagen","author_link":"https:\/\/www.kliinikum.ee\/yhendlabor\/author\/kajakall\/"},"uagb_comment_info":0,"uagb_excerpt":"Kliinilise keemia ja laboratoorse hematoloogia osakond Tramadool on tsentraalselt toimiv opioidanalgeetikum, mida kasutatakse m\u00f5\u00f5duka kuni tugeva valu raviks. Seda manustatakse peamiselt suukaudselt, kuid saadaval on ka s\u00fcstelahuse vorm. Ravimiturul leidub ka kombinatsioonpreparaate, mis sisaldavad tramadooli koos paratsetamooli v\u00f5i deksketoprofeeniga. Kuigi tramadooli peetakse n\u00f5rgatoimeliseks opioidiks, on selle kasutamisel siiski s\u00f5ltuvuse kujunemise oht, eriti pikaajalisel ja suurtes&hellip;","_links":{"self":[{"href":"https:\/\/www.kliinikum.ee\/yhendlabor\/wp-json\/wp\/v2\/pages\/12590","targetHints":{"allow":["GET"]}}],"collection":[{"href":"https:\/\/www.kliinikum.ee\/yhendlabor\/wp-json\/wp\/v2\/pages"}],"about":[{"href":"https:\/\/www.kliinikum.ee\/yhendlabor\/wp-json\/wp\/v2\/types\/page"}],"author":[{"embeddable":true,"href":"https:\/\/www.kliinikum.ee\/yhendlabor\/wp-json\/wp\/v2\/users\/31"}],"replies":[{"embeddable":true,"href":"https:\/\/www.kliinikum.ee\/yhendlabor\/wp-json\/wp\/v2\/comments?post=12590"}],"version-history":[{"count":0,"href":"https:\/\/www.kliinikum.ee\/yhendlabor\/wp-json\/wp\/v2\/pages\/12590\/revisions"}],"up":[{"embeddable":true,"href":"https:\/\/www.kliinikum.ee\/yhendlabor\/wp-json\/wp\/v2\/pages\/7314"}],"wp:attachment":[{"href":"https:\/\/www.kliinikum.ee\/yhendlabor\/wp-json\/wp\/v2\/media?parent=12590"}],"curies":[{"name":"wp","href":"https:\/\/api.w.org\/{rel}","templated":true}]}}