{"id":12802,"date":"2025-08-26T12:24:28","date_gmt":"2025-08-26T10:24:28","guid":{"rendered":"https:\/\/www.kliinikum.ee\/yhendlabor\/?page_id=12802"},"modified":"2025-12-10T18:49:19","modified_gmt":"2025-12-10T16:49:19","slug":"aspergilluse-uuringud","status":"publish","type":"page","link":"https:\/\/www.kliinikum.ee\/yhendlabor\/kasiraamat\/nakkustekitajate-uuringud-dna-rna-antikehad-antigeenid\/aspergilluse-uuringud\/","title":{"rendered":"Aspergillus\u2019e uuringud"},"content":{"rendered":"\n<p><em>Immuunanal\u00fc\u00fcsi osakond<\/em><\/p>\n\n\n\n<p class=\"has-medium-font-size\"><strong>Anal\u00fc\u00fcsid:<\/strong><\/p>\n\n\n\n<figure class=\"wp-block-table is-style-stripes\"><table width=\"100%\"><tbody><tr><td width=\"1%\"><\/td><td width=\"99%\">Aspergillus spp. DNA QN<\/td><\/tr><tr><td><\/td><td>Aspergillus Ag<\/td><\/tr><\/tbody><\/table><\/figure>\n\n\n\n<p><strong>Aspergilluse <\/strong>perekonda kuulub \u00fcle 260 liigi, k\u00f5ige sagedamini p\u00f5hjustab inimesel infektsiooni <em>Aspergillus fumigatus<\/em>, aga ka <em>Aspergillus flavus<\/em>, <em>Aspergillus niger<\/em>, <em>Aspergillus terreus<\/em>. <em>Aspergillus<\/em>\u2019ed on keskkonnas laialt levinud, nakatumine toimub spooride sissehingamise teel. Riskir\u00fchma kuuluvad nii lapsed kui t\u00e4iskasvanud, kellel on kaasas\u00fcndinud v\u00f5i omandatud immuunpuudulikkus v\u00f5i kes saavad immuunsupressiivset ravi.<\/p>\n\n\n\n<p>Aspergillus spp. DNA tuvastab <em>Aspergillus<\/em>\u2019e perekonnast <em>Aspergillus fumigatus<\/em>, <em>Aspergillus niger<\/em>, <em>Aspergillus nidulans<\/em>, <em>Aspergillus terreus<\/em>, <em>Aspergillus flavus<\/em>, <em>Aspergillus versicolor<\/em>, <em>Aspergillus glaucus<\/em> liigid.<\/p>\n\n\n\n<p>Aspergilluse antigeeni puhul tuvastatakse galaktomannaan, mis on <em>Aspergillus<\/em>\u2019e spp. rakuseina s\u00fcsivesikuline komponent. Galaktomannaani leidub ka teiste hallitusseente (<em>Fusarium<\/em>, <em>Scedosporium<\/em> jt) rakuseinas, kuid k\u00f5ige sagedamini tekitavad invasiivseid infektsioone <em>Aspergillus\u2019<\/em>e perekonda kuuluvad hallitusseened. Galaktomannaani leidub nakatunu seerumis juba haiguse varajases staadiumis, mil teised s\u00fcmptomid pole veel v\u00e4lja kujunenud v\u00f5i on ebaspetsiifilised.<\/p>\n\n\n\n<p>Teostatakse ja t\u00f5lgendatakse kompleksselt koos teiste uuringumeetodiga (kliiniline leid, mikrobioloogiline, radioloogiline, histoloogiline, molekulaarne ja antigeeni uuring).<\/p>\n\n\n\n<p class=\"has-medium-font-size\"><strong>Uuritav materjal, selle v\u00f5tmine, saatmine ja s\u00e4ilitamine<\/strong><\/p>\n\n\n\n<p>Aspergillus spp. DNA QN:<\/p>\n\n\n\n<figure class=\"wp-block-table is-style-stripes\"><table width=\"100%\"><tbody><tr><td width=\"1%\"><\/td><td width=\"39%\"><strong>Proovimaterjal<\/strong><\/td><td width=\"30%\"><strong>Proovin\u00f5u<\/strong><\/td><td width=\"30%\"><strong>S\u00e4ilivus<\/strong><\/td><\/tr><tr><td><\/td><td>Veri<\/td><td>K2E\/K3E-katsuti (lilla kork)<\/td><td>+4 \u00b0C 3 p\u00e4eva<\/td><\/tr><tr><td><\/td><td>Bronhoalveolaar- loputuse vedelik, bronhiaspiraat<\/td><td>steriilne lisandita katsuti &nbsp;<\/td><td>+4 \u00b0C 7 p\u00e4eva<\/td><\/tr><\/tbody><\/table><\/figure>\n\n\n\n<p>Aspergillus Ag:<\/p>\n\n\n\n<figure class=\"wp-block-table is-style-stripes\"><table width=\"100%\"><tbody><tr><td width=\"1%\"><\/td><td width=\"39%\"><strong>Proovimaterjal<\/strong><\/td><td width=\"30%\"><strong>Proovin\u00f5u<\/strong><\/td><td width=\"30%\"><strong>S\u00e4ilivus<\/strong><\/td><\/tr><tr><td><\/td><td>Seerum<\/td><td>geeli ja h\u00fc\u00fcbimisaktivaatoriga katsuti (kollane v\u00f5i punane kollase r\u00f5ngaga kork)<\/td><td>avamata katsuti +4 \u00b0C 5 p\u00e4eva, avatud katsuti +4 \u00b0C 48 tundi, pikemajalisel -20 \u00b0C<\/td><\/tr><tr><td><\/td><td>Bronhoalveolaar- loputuse vedelik<\/td><td>steriilne lisandita katsuti &nbsp;<\/td><td>+4 \u00b0C 24 tundi, -20 \u00b0C 5 kuud<\/td><\/tr><\/tbody><\/table><\/figure>\n\n\n\n<p>Aspergillus spp. DNA QN ja Aspergillus Ag m\u00e4\u00e4ramiseks on vajalik laborisse saata kaks eraldi katsutit, mida ei ole avatud ja millest ei ole tehtud teisi uuringuid (saastumise oht!).<\/p>\n\n\n\n<p class=\"has-medium-font-size\"><strong>Anal\u00fc\u00fcsi tegemise aeg<\/strong><\/p>\n\n\n\n<p>Aspergillus spp. DNA QN: t\u00f6\u00f6p\u00e4eviti<\/p>\n\n\n\n<p>Aspergillus Ag: kaks korda n\u00e4dalas<\/p>\n\n\n\n<p class=\"has-medium-font-size\"><strong>Anal\u00fc\u00fcsimeetod<\/strong><\/p>\n\n\n\n<p>Aspergillus spp. DNA QN: reaalaja pol\u00fcmeraasi ahelreaktsioon (PCR)<\/p>\n\n\n\n<p>Aspergillus Ag: ens\u00fc\u00fcm-immuunsorptsioonmeetod (ELISA)<\/p>\n\n\n\n<p class=\"has-medium-font-size\"><strong>Vastuse vorm<\/strong><\/p>\n\n\n\n<p>Aspergillus spp. DNA QN: hulga arvulised v\u00e4\u00e4rtused<\/p>\n\n\n\n<p>Aspergillus Ag:<\/p>\n\n\n\n<figure class=\"wp-block-table\"><table width=\"100%\"><tbody><tr><td width=\"1%\"><\/td><td width=\"30%\"><strong>&lt;0,5<\/strong><\/td><td width=\"69%\">negatiivne<\/td><\/tr><tr><td><\/td><td><strong>\u22650,5<\/strong><\/td><td>positiivne<\/td><\/tr><\/tbody><\/table><\/figure>\n\n\n\n<p class=\"has-medium-font-size\"><strong>N\u00e4idustus ja kliiniline t\u00e4hendus<\/strong><\/p>\n\n\n\n<p>Kahtlus invasiivsele aspergilloosile.<\/p>\n\n\n\n<p>Aspergillus spp. DNA QN: positiivne tulemus (hallitusseente hulk) viitab hallitusseente esinemisele proovimaterjalis. Tulemus 0 koopiat\/ml ehk negatiivne tulemus n\u00e4itab <em>Aspergillus<\/em> spp. puudumist antud proovimaterjalis v\u00f5i on hallitusseente hulk alla meetodi m\u00e4\u00e4ramispiiri.<\/p>\n\n\n\n<p>Galaktomannaani leidumine v\u00e4hemalt kahes s\u00f5ltumatult v\u00f5etud proovimaterjalis v\u00f5ib viidata invasiivsele aspergilloosile. Negatiivne test ei v\u00e4lista infektsiooni.<\/p>\n\n\n\n<p>Indeksit vahemikus 0,5\u20131 tuleb arvestada piirv\u00e4\u00e4rtusena ning t\u00f5lgendada postiivsena vaid juhul, kui aspergilloos kinnitub kliiniliselt, radioloogiliselt, molekulaarselt v\u00f5i mikrobioloogilise k\u00fclviga.<\/p>\n\n\n\n<p>Valepositiivse tulemuse v\u00f5ivad anda teiste hallitusseente esinemine, pools\u00fcnteetilised beetalaktaam-antibiootikumid (piperatsilliin\/tasobaktaam) ning galaktomannaani sisaldavad toiduained (nt riis, pasta, lehmapiim), juhul kui on muutunud patsiendi soolebarj\u00e4\u00e4ri l\u00e4bilaskvus (intestinaalne mukosiit).<\/p>\n\n\n\n<p>Koostaja: Raili Randoja<br>Muudetud 08.08.2024<\/p>\n","protected":false},"excerpt":{"rendered":"<p>Immuunanal\u00fc\u00fcsi osakond Anal\u00fc\u00fcsid: Aspergillus spp. DNA QN Aspergillus Ag Aspergilluse perekonda kuulub \u00fcle 260 liigi, k\u00f5ige sagedamini p\u00f5hjustab inimesel infektsiooni Aspergillus fumigatus, aga ka Aspergillus flavus, Aspergillus niger, Aspergillus terreus. Aspergillus\u2019ed on keskkonnas laialt levinud, nakatumine toimub spooride sissehingamise teel. Riskir\u00fchma kuuluvad nii lapsed kui t\u00e4iskasvanud, kellel on kaasas\u00fcndinud v\u00f5i omandatud immuunpuudulikkus v\u00f5i kes saavad [&hellip;]<\/p>\n","protected":false},"author":38,"featured_media":0,"parent":7295,"menu_order":4,"comment_status":"closed","ping_status":"closed","template":"","meta":{"_uag_custom_page_level_css":"","footnotes":""},"class_list":["post-12802","page","type-page","status-publish","hentry"],"acf":[],"yoast_head":"<!-- This site is optimized with the Yoast SEO plugin v27.1.1 - https:\/\/yoast.com\/product\/yoast-seo-wordpress\/ -->\n<title>Aspergillus\u2019e uuringud - \u00dchendlabor<\/title>\n<meta name=\"robots\" content=\"index, follow, max-snippet:-1, max-image-preview:large, max-video-preview:-1\" \/>\n<link rel=\"canonical\" href=\"https:\/\/www.kliinikum.ee\/yhendlabor\/kasiraamat\/nakkustekitajate-uuringud-dna-rna-antikehad-antigeenid\/aspergilluse-uuringud\/\" \/>\n<meta property=\"og:locale\" content=\"et_EE\" \/>\n<meta property=\"og:type\" content=\"article\" \/>\n<meta property=\"og:title\" content=\"Aspergillus\u2019e uuringud - \u00dchendlabor\" \/>\n<meta property=\"og:description\" content=\"Immuunanal\u00fc\u00fcsi osakond Anal\u00fc\u00fcsid: Aspergillus spp. DNA QN Aspergillus Ag Aspergilluse perekonda kuulub \u00fcle 260 liigi, k\u00f5ige sagedamini p\u00f5hjustab inimesel infektsiooni Aspergillus fumigatus, aga ka Aspergillus flavus, Aspergillus niger, Aspergillus terreus. Aspergillus\u2019ed on keskkonnas laialt levinud, nakatumine toimub spooride sissehingamise teel. Riskir\u00fchma kuuluvad nii lapsed kui t\u00e4iskasvanud, kellel on kaasas\u00fcndinud v\u00f5i omandatud immuunpuudulikkus v\u00f5i kes saavad [&hellip;]\" \/>\n<meta property=\"og:url\" content=\"https:\/\/www.kliinikum.ee\/yhendlabor\/kasiraamat\/nakkustekitajate-uuringud-dna-rna-antikehad-antigeenid\/aspergilluse-uuringud\/\" \/>\n<meta property=\"og:site_name\" content=\"\u00dchendlabor\" \/>\n<meta property=\"article:modified_time\" content=\"2025-12-10T16:49:19+00:00\" \/>\n<meta name=\"twitter:card\" content=\"summary_large_image\" \/>\n<meta name=\"twitter:label1\" content=\"Est. reading time\" \/>\n\t<meta name=\"twitter:data1\" content=\"3 minutit\" \/>\n<script type=\"application\/ld+json\" class=\"yoast-schema-graph\">{\"@context\":\"https:\/\/schema.org\",\"@graph\":[{\"@type\":\"WebPage\",\"@id\":\"https:\/\/www.kliinikum.ee\/yhendlabor\/kasiraamat\/nakkustekitajate-uuringud-dna-rna-antikehad-antigeenid\/aspergilluse-uuringud\/\",\"url\":\"https:\/\/www.kliinikum.ee\/yhendlabor\/kasiraamat\/nakkustekitajate-uuringud-dna-rna-antikehad-antigeenid\/aspergilluse-uuringud\/\",\"name\":\"Aspergillus\u2019e uuringud - \u00dchendlabor\",\"isPartOf\":{\"@id\":\"https:\/\/www.kliinikum.ee\/yhendlabor\/#website\"},\"datePublished\":\"2025-08-26T10:24:28+00:00\",\"dateModified\":\"2025-12-10T16:49:19+00:00\",\"breadcrumb\":{\"@id\":\"https:\/\/www.kliinikum.ee\/yhendlabor\/kasiraamat\/nakkustekitajate-uuringud-dna-rna-antikehad-antigeenid\/aspergilluse-uuringud\/#breadcrumb\"},\"inLanguage\":\"et\",\"potentialAction\":[{\"@type\":\"ReadAction\",\"target\":[\"https:\/\/www.kliinikum.ee\/yhendlabor\/kasiraamat\/nakkustekitajate-uuringud-dna-rna-antikehad-antigeenid\/aspergilluse-uuringud\/\"]}]},{\"@type\":\"BreadcrumbList\",\"@id\":\"https:\/\/www.kliinikum.ee\/yhendlabor\/kasiraamat\/nakkustekitajate-uuringud-dna-rna-antikehad-antigeenid\/aspergilluse-uuringud\/#breadcrumb\",\"itemListElement\":[{\"@type\":\"ListItem\",\"position\":1,\"name\":\"Home\",\"item\":\"https:\/\/www.kliinikum.ee\/yhendlabor\/\"},{\"@type\":\"ListItem\",\"position\":2,\"name\":\"K\u00e4siraamat\",\"item\":\"https:\/\/www.kliinikum.ee\/yhendlabor\/kasiraamat\/\"},{\"@type\":\"ListItem\",\"position\":3,\"name\":\"Nakkustekitajate uuringud (DNA\/RNA, antikehad, antigeenid)\",\"item\":\"https:\/\/www.kliinikum.ee\/yhendlabor\/kasiraamat\/nakkustekitajate-uuringud-dna-rna-antikehad-antigeenid\/\"},{\"@type\":\"ListItem\",\"position\":4,\"name\":\"Aspergillus\u2019e uuringud\"}]},{\"@type\":\"WebSite\",\"@id\":\"https:\/\/www.kliinikum.ee\/yhendlabor\/#website\",\"url\":\"https:\/\/www.kliinikum.ee\/yhendlabor\/\",\"name\":\"\u00dchendlabor\",\"description\":\"Hoolivus, Uuendusmeelsus, P\u00e4devus ja Usaldusv\u00e4\u00e4rsus\",\"potentialAction\":[{\"@type\":\"SearchAction\",\"target\":{\"@type\":\"EntryPoint\",\"urlTemplate\":\"https:\/\/www.kliinikum.ee\/yhendlabor\/?s={search_term_string}\"},\"query-input\":{\"@type\":\"PropertyValueSpecification\",\"valueRequired\":true,\"valueName\":\"search_term_string\"}}],\"inLanguage\":\"et\"}]}<\/script>\n<!-- \/ Yoast SEO plugin. -->","yoast_head_json":{"title":"Aspergillus\u2019e uuringud - \u00dchendlabor","robots":{"index":"index","follow":"follow","max-snippet":"max-snippet:-1","max-image-preview":"max-image-preview:large","max-video-preview":"max-video-preview:-1"},"canonical":"https:\/\/www.kliinikum.ee\/yhendlabor\/kasiraamat\/nakkustekitajate-uuringud-dna-rna-antikehad-antigeenid\/aspergilluse-uuringud\/","og_locale":"et_EE","og_type":"article","og_title":"Aspergillus\u2019e uuringud - \u00dchendlabor","og_description":"Immuunanal\u00fc\u00fcsi osakond Anal\u00fc\u00fcsid: Aspergillus spp. DNA QN Aspergillus Ag Aspergilluse perekonda kuulub \u00fcle 260 liigi, k\u00f5ige sagedamini p\u00f5hjustab inimesel infektsiooni Aspergillus fumigatus, aga ka Aspergillus flavus, Aspergillus niger, Aspergillus terreus. Aspergillus\u2019ed on keskkonnas laialt levinud, nakatumine toimub spooride sissehingamise teel. Riskir\u00fchma kuuluvad nii lapsed kui t\u00e4iskasvanud, kellel on kaasas\u00fcndinud v\u00f5i omandatud immuunpuudulikkus v\u00f5i kes saavad [&hellip;]","og_url":"https:\/\/www.kliinikum.ee\/yhendlabor\/kasiraamat\/nakkustekitajate-uuringud-dna-rna-antikehad-antigeenid\/aspergilluse-uuringud\/","og_site_name":"\u00dchendlabor","article_modified_time":"2025-12-10T16:49:19+00:00","twitter_card":"summary_large_image","twitter_misc":{"Est. reading time":"3 minutit"},"schema":{"@context":"https:\/\/schema.org","@graph":[{"@type":"WebPage","@id":"https:\/\/www.kliinikum.ee\/yhendlabor\/kasiraamat\/nakkustekitajate-uuringud-dna-rna-antikehad-antigeenid\/aspergilluse-uuringud\/","url":"https:\/\/www.kliinikum.ee\/yhendlabor\/kasiraamat\/nakkustekitajate-uuringud-dna-rna-antikehad-antigeenid\/aspergilluse-uuringud\/","name":"Aspergillus\u2019e uuringud - \u00dchendlabor","isPartOf":{"@id":"https:\/\/www.kliinikum.ee\/yhendlabor\/#website"},"datePublished":"2025-08-26T10:24:28+00:00","dateModified":"2025-12-10T16:49:19+00:00","breadcrumb":{"@id":"https:\/\/www.kliinikum.ee\/yhendlabor\/kasiraamat\/nakkustekitajate-uuringud-dna-rna-antikehad-antigeenid\/aspergilluse-uuringud\/#breadcrumb"},"inLanguage":"et","potentialAction":[{"@type":"ReadAction","target":["https:\/\/www.kliinikum.ee\/yhendlabor\/kasiraamat\/nakkustekitajate-uuringud-dna-rna-antikehad-antigeenid\/aspergilluse-uuringud\/"]}]},{"@type":"BreadcrumbList","@id":"https:\/\/www.kliinikum.ee\/yhendlabor\/kasiraamat\/nakkustekitajate-uuringud-dna-rna-antikehad-antigeenid\/aspergilluse-uuringud\/#breadcrumb","itemListElement":[{"@type":"ListItem","position":1,"name":"Home","item":"https:\/\/www.kliinikum.ee\/yhendlabor\/"},{"@type":"ListItem","position":2,"name":"K\u00e4siraamat","item":"https:\/\/www.kliinikum.ee\/yhendlabor\/kasiraamat\/"},{"@type":"ListItem","position":3,"name":"Nakkustekitajate uuringud (DNA\/RNA, antikehad, antigeenid)","item":"https:\/\/www.kliinikum.ee\/yhendlabor\/kasiraamat\/nakkustekitajate-uuringud-dna-rna-antikehad-antigeenid\/"},{"@type":"ListItem","position":4,"name":"Aspergillus\u2019e uuringud"}]},{"@type":"WebSite","@id":"https:\/\/www.kliinikum.ee\/yhendlabor\/#website","url":"https:\/\/www.kliinikum.ee\/yhendlabor\/","name":"\u00dchendlabor","description":"Hoolivus, Uuendusmeelsus, P\u00e4devus ja Usaldusv\u00e4\u00e4rsus","potentialAction":[{"@type":"SearchAction","target":{"@type":"EntryPoint","urlTemplate":"https:\/\/www.kliinikum.ee\/yhendlabor\/?s={search_term_string}"},"query-input":{"@type":"PropertyValueSpecification","valueRequired":true,"valueName":"search_term_string"}}],"inLanguage":"et"}]}},"uagb_featured_image_src":{"full":false,"thumbnail":false,"medium":false,"medium_large":false,"large":false,"1536x1536":false,"2048x2048":false},"uagb_author_info":{"display_name":"Kadi Siigur","author_link":"https:\/\/www.kliinikum.ee\/yhendlabor\/author\/kadisi\/"},"uagb_comment_info":0,"uagb_excerpt":"Immuunanal\u00fc\u00fcsi osakond Anal\u00fc\u00fcsid: Aspergillus spp. DNA QN Aspergillus Ag Aspergilluse perekonda kuulub \u00fcle 260 liigi, k\u00f5ige sagedamini p\u00f5hjustab inimesel infektsiooni Aspergillus fumigatus, aga ka Aspergillus flavus, Aspergillus niger, Aspergillus terreus. Aspergillus\u2019ed on keskkonnas laialt levinud, nakatumine toimub spooride sissehingamise teel. Riskir\u00fchma kuuluvad nii lapsed kui t\u00e4iskasvanud, kellel on kaasas\u00fcndinud v\u00f5i omandatud immuunpuudulikkus v\u00f5i kes saavad&hellip;","_links":{"self":[{"href":"https:\/\/www.kliinikum.ee\/yhendlabor\/wp-json\/wp\/v2\/pages\/12802","targetHints":{"allow":["GET"]}}],"collection":[{"href":"https:\/\/www.kliinikum.ee\/yhendlabor\/wp-json\/wp\/v2\/pages"}],"about":[{"href":"https:\/\/www.kliinikum.ee\/yhendlabor\/wp-json\/wp\/v2\/types\/page"}],"author":[{"embeddable":true,"href":"https:\/\/www.kliinikum.ee\/yhendlabor\/wp-json\/wp\/v2\/users\/38"}],"replies":[{"embeddable":true,"href":"https:\/\/www.kliinikum.ee\/yhendlabor\/wp-json\/wp\/v2\/comments?post=12802"}],"version-history":[{"count":3,"href":"https:\/\/www.kliinikum.ee\/yhendlabor\/wp-json\/wp\/v2\/pages\/12802\/revisions"}],"predecessor-version":[{"id":14657,"href":"https:\/\/www.kliinikum.ee\/yhendlabor\/wp-json\/wp\/v2\/pages\/12802\/revisions\/14657"}],"up":[{"embeddable":true,"href":"https:\/\/www.kliinikum.ee\/yhendlabor\/wp-json\/wp\/v2\/pages\/7295"}],"wp:attachment":[{"href":"https:\/\/www.kliinikum.ee\/yhendlabor\/wp-json\/wp\/v2\/media?parent=12802"}],"curies":[{"name":"wp","href":"https:\/\/api.w.org\/{rel}","templated":true}]}}