{"id":13122,"date":"2025-09-12T19:38:55","date_gmt":"2025-09-12T17:38:55","guid":{"rendered":"https:\/\/www.kliinikum.ee\/yhendlabor\/?page_id=13122"},"modified":"2025-12-10T00:07:12","modified_gmt":"2025-12-09T22:07:12","slug":"metitsilliinresistentse-staphylococcus-aureuse-mrsa-kandluse-uuring","status":"publish","type":"page","link":"https:\/\/www.kliinikum.ee\/yhendlabor\/kasiraamat\/mikrobioloogilised-uuringud\/metitsilliinresistentse-staphylococcus-aureuse-mrsa-kandluse-uuring\/","title":{"rendered":"Metitsilliinresistentse Staphylococcus aureus\u2019e (MRSA) kandluse uuring"},"content":{"rendered":"\n<p><em>Mikrobioloogia osakond<\/em><\/p>\n\n\n\n<p>Terminiga \u201c<strong>metitsilliinresistentne staf\u00fclokokk<\/strong>\u201d <strong>(MRSA)<\/strong> t\u00e4histatakse <em>Staphylococcus aureus<\/em>\u2019e t\u00fcvesid, mis on muutunud resistentseks penitsillinaasresistentsete penitsilliinide (metitsilliin, oksatsilliin), tsefalosporiinide, karbapeneemide (imipeneem, meropeneem) ja sageli ka muude antibiootikumide suhtes, ning on potentsiaalseteks infektsioonide tekitajateks.<\/p>\n\n\n\n<p>Staf\u00fclokokid, nii antibiootikumitundlikud kui -resistentsed, on inimese normaalse mikrofloora koostisosaks, koloniseerides peamiselt ninaesikut ja kubemepiirkonda. T\u00e4htsaimaks nakkusallikaks haiglatingimustes on MRSA-ga koloniseeritud v\u00f5i infitseeritud patsient. MRSA levik osakonnas toimub peamiselt meditsiinit\u00f6\u00f6taja <em>k\u00e4te vahendusel<\/em>.<\/p>\n\n\n\n<p class=\"has-medium-font-size\"><strong>Uuritav materjal, selle v\u00f5tmine, saatmine ja s\u00e4ilitamine.<\/strong><\/p>\n\n\n\n<p>Prooviv\u00f5tul, saatmisel ja s\u00e4ilitamisel tuleb j\u00e4rgida raviasutuses rakendatavaid MRSA leviku t\u00f5kestamise reegleid.<\/p>\n\n\n\n<p>Anal\u00fc\u00fcsi transpordiks tuleb katsutid pakkida hermeetiliselt kilekotti ja toimetada kohe laborisse.<\/p>\n\n\n\n<figure class=\"wp-block-table is-style-stripes\"><table width=\"100%\"><tbody><tr><td width=\"1%\"><\/td><td width=\"15%\"><strong>Proovin\u00f5u<\/strong><\/td><td width=\"84%\">eSwab vedela transpordis\u00f6\u00f6tmega katsuti<\/td><\/tr><tr><td><\/td><td><strong>S\u00e4ilivus<\/strong><\/td><td>Toatemperatuuril v\u00f5i +4 \u00b0C kaks p\u00e4eva<\/td><\/tr><\/tbody><\/table><\/figure>\n\n\n\n<p><em>Patsientidelt MRSA skriininguks v\u00f5etav materjal<\/em>: ninaesik, kurgukaared, kahjustunud nahk (k.a kateetrite \u00fcmbrus, trahheostoomia ava, kui patsiendil on mitmeid nahadefekte, v\u00f5etakse k\u00fclvid k\u00f5ikidest kahjustunud nahapiirkondadest), haavad, kubeme piirkond, vasts\u00fcndinutel nabak\u00f6nt, p\u00f5iekateetriga patsientidelt kateeteruriin, r\u00f6gaeritusega patsientidelt r\u00f6ga.<\/p>\n\n\n\n<p><em>Personalilt MRSA skriininguks v\u00f5etav materjal<\/em>: ninaesik, kurgukaared, kubeme piirkond, nahakahjustus (nt ekseem, psoriaas).<\/p>\n\n\n\n<p><em>Prooviv\u00f5tt t\u00f5endi taotlejalt<\/em>: materjal v\u00f5etakse vaid ninas\u00f5\u00f5rmeist.<\/p>\n\n\n\n<p>Kui soovitakse inglisekeelset vastust, siis lisada tellimusele m\u00e4rkus.<\/p>\n\n\n\n<p>Tampooni on soovitav eelnevalt niisutada steriilse f\u00fcsioloogilise lahusega.<\/p>\n\n\n\n<p class=\"has-medium-font-size\"><strong>Anal\u00fc\u00fcsi tegemise aeg:<\/strong> t\u00f6\u00f6p\u00e4eviti (esmask\u00fclvid ka n\u00e4dalavahetusel)<\/p>\n\n\n\n<p class=\"has-medium-font-size\"><strong>Anal\u00fc\u00fcsimeetod: <\/strong>k\u00fclv selektiivsele MRSA agarile, <em>S. aureus\u2019<\/em>e identifitseerimine (MALDI) ja resistentsusemarkerite mecA ja mecC m\u00e4\u00e4ramine (PCR).<\/p>\n\n\n\n<p>L\u00f5plik vastus: negatiivne 3.\u20134. p\u00e4eval, positiivne 4.\u20135. p\u00e4eval <strong><\/strong><\/p>\n\n\n\n<p class=\"has-medium-font-size\"><strong>N\u00e4idustus ja kliiniline t\u00e4hendus<\/strong><\/p>\n\n\n\n<p>MRSA kandluse kahtlus patsiendil v\u00f5i haigla personalil. MRSA puudumist kinnitava t\u00f5endi taotlus (nt t\u00f6\u00f6loa jaoks v\u00e4lismaa haiglates).<\/p>\n\n\n\n<p>Positiivne l\u00f5plik vastus t\u00e4hendab MRSA kandlust\/infektsiooni.<\/p>\n\n\n\n<p>T\u00f5endi taotlejaile v\u00e4ljastatakse T\u00dcK blanketile tr\u00fckitud MRSA olemasolu v\u00f5i puudumist kinnitav t\u00f5end (kehtiv kaks n\u00e4dalat).<\/p>\n\n\n\n<p>Koostaja: Krista L\u00f5ivukene<br>Muudetud 28.09.2021<\/p>\n","protected":false},"excerpt":{"rendered":"<p>Mikrobioloogia osakond Terminiga \u201cmetitsilliinresistentne staf\u00fclokokk\u201d (MRSA) t\u00e4histatakse Staphylococcus aureus\u2019e t\u00fcvesid, mis on muutunud resistentseks penitsillinaasresistentsete penitsilliinide (metitsilliin, oksatsilliin), tsefalosporiinide, karbapeneemide (imipeneem, meropeneem) ja sageli ka muude antibiootikumide suhtes, ning on potentsiaalseteks infektsioonide tekitajateks. Staf\u00fclokokid, nii antibiootikumitundlikud kui -resistentsed, on inimese normaalse mikrofloora koostisosaks, koloniseerides peamiselt ninaesikut ja kubemepiirkonda. T\u00e4htsaimaks nakkusallikaks haiglatingimustes on MRSA-ga koloniseeritud v\u00f5i [&hellip;]<\/p>\n","protected":false},"author":38,"featured_media":0,"parent":7292,"menu_order":16,"comment_status":"closed","ping_status":"closed","template":"","meta":{"_uag_custom_page_level_css":"","footnotes":""},"class_list":["post-13122","page","type-page","status-publish","hentry"],"acf":[],"yoast_head":"<!-- This site is optimized with the Yoast SEO plugin v27.3 - https:\/\/yoast.com\/product\/yoast-seo-wordpress\/ -->\n<title>Metitsilliinresistentse Staphylococcus aureus\u2019e (MRSA) kandluse uuring - \u00dchendlabor<\/title>\n<meta name=\"robots\" content=\"index, follow, max-snippet:-1, max-image-preview:large, max-video-preview:-1\" \/>\n<link rel=\"canonical\" href=\"https:\/\/www.kliinikum.ee\/yhendlabor\/kasiraamat\/mikrobioloogilised-uuringud\/metitsilliinresistentse-staphylococcus-aureuse-mrsa-kandluse-uuring\/\" \/>\n<meta property=\"og:locale\" content=\"et_EE\" \/>\n<meta property=\"og:type\" content=\"article\" \/>\n<meta property=\"og:title\" content=\"Metitsilliinresistentse Staphylococcus aureus\u2019e (MRSA) kandluse uuring - \u00dchendlabor\" \/>\n<meta property=\"og:description\" content=\"Mikrobioloogia osakond Terminiga \u201cmetitsilliinresistentne staf\u00fclokokk\u201d (MRSA) t\u00e4histatakse Staphylococcus aureus\u2019e t\u00fcvesid, mis on muutunud resistentseks penitsillinaasresistentsete penitsilliinide (metitsilliin, oksatsilliin), tsefalosporiinide, karbapeneemide (imipeneem, meropeneem) ja sageli ka muude antibiootikumide suhtes, ning on potentsiaalseteks infektsioonide tekitajateks. Staf\u00fclokokid, nii antibiootikumitundlikud kui -resistentsed, on inimese normaalse mikrofloora koostisosaks, koloniseerides peamiselt ninaesikut ja kubemepiirkonda. T\u00e4htsaimaks nakkusallikaks haiglatingimustes on MRSA-ga koloniseeritud v\u00f5i [&hellip;]\" \/>\n<meta property=\"og:url\" content=\"https:\/\/www.kliinikum.ee\/yhendlabor\/kasiraamat\/mikrobioloogilised-uuringud\/metitsilliinresistentse-staphylococcus-aureuse-mrsa-kandluse-uuring\/\" \/>\n<meta property=\"og:site_name\" content=\"\u00dchendlabor\" \/>\n<meta property=\"article:modified_time\" content=\"2025-12-09T22:07:12+00:00\" \/>\n<meta name=\"twitter:card\" content=\"summary_large_image\" \/>\n<meta name=\"twitter:label1\" content=\"Est. reading time\" \/>\n\t<meta name=\"twitter:data1\" content=\"2 minutit\" \/>\n<script type=\"application\/ld+json\" class=\"yoast-schema-graph\">{\"@context\":\"https:\\\/\\\/schema.org\",\"@graph\":[{\"@type\":\"WebPage\",\"@id\":\"https:\\\/\\\/www.kliinikum.ee\\\/yhendlabor\\\/kasiraamat\\\/mikrobioloogilised-uuringud\\\/metitsilliinresistentse-staphylococcus-aureuse-mrsa-kandluse-uuring\\\/\",\"url\":\"https:\\\/\\\/www.kliinikum.ee\\\/yhendlabor\\\/kasiraamat\\\/mikrobioloogilised-uuringud\\\/metitsilliinresistentse-staphylococcus-aureuse-mrsa-kandluse-uuring\\\/\",\"name\":\"Metitsilliinresistentse Staphylococcus aureus\u2019e (MRSA) kandluse uuring - \u00dchendlabor\",\"isPartOf\":{\"@id\":\"https:\\\/\\\/www.kliinikum.ee\\\/yhendlabor\\\/#website\"},\"datePublished\":\"2025-09-12T17:38:55+00:00\",\"dateModified\":\"2025-12-09T22:07:12+00:00\",\"breadcrumb\":{\"@id\":\"https:\\\/\\\/www.kliinikum.ee\\\/yhendlabor\\\/kasiraamat\\\/mikrobioloogilised-uuringud\\\/metitsilliinresistentse-staphylococcus-aureuse-mrsa-kandluse-uuring\\\/#breadcrumb\"},\"inLanguage\":\"et\",\"potentialAction\":[{\"@type\":\"ReadAction\",\"target\":[\"https:\\\/\\\/www.kliinikum.ee\\\/yhendlabor\\\/kasiraamat\\\/mikrobioloogilised-uuringud\\\/metitsilliinresistentse-staphylococcus-aureuse-mrsa-kandluse-uuring\\\/\"]}]},{\"@type\":\"BreadcrumbList\",\"@id\":\"https:\\\/\\\/www.kliinikum.ee\\\/yhendlabor\\\/kasiraamat\\\/mikrobioloogilised-uuringud\\\/metitsilliinresistentse-staphylococcus-aureuse-mrsa-kandluse-uuring\\\/#breadcrumb\",\"itemListElement\":[{\"@type\":\"ListItem\",\"position\":1,\"name\":\"Home\",\"item\":\"https:\\\/\\\/www.kliinikum.ee\\\/yhendlabor\\\/\"},{\"@type\":\"ListItem\",\"position\":2,\"name\":\"K\u00e4siraamat\",\"item\":\"https:\\\/\\\/www.kliinikum.ee\\\/yhendlabor\\\/kasiraamat\\\/\"},{\"@type\":\"ListItem\",\"position\":3,\"name\":\"Mikrobioloogilised uuringud\",\"item\":\"https:\\\/\\\/www.kliinikum.ee\\\/yhendlabor\\\/kasiraamat\\\/mikrobioloogilised-uuringud\\\/\"},{\"@type\":\"ListItem\",\"position\":4,\"name\":\"Metitsilliinresistentse Staphylococcus aureus\u2019e (MRSA) kandluse uuring\"}]},{\"@type\":\"WebSite\",\"@id\":\"https:\\\/\\\/www.kliinikum.ee\\\/yhendlabor\\\/#website\",\"url\":\"https:\\\/\\\/www.kliinikum.ee\\\/yhendlabor\\\/\",\"name\":\"\u00dchendlabor\",\"description\":\"Hoolivus, Uuendusmeelsus, P\u00e4devus ja Usaldusv\u00e4\u00e4rsus\",\"potentialAction\":[{\"@type\":\"SearchAction\",\"target\":{\"@type\":\"EntryPoint\",\"urlTemplate\":\"https:\\\/\\\/www.kliinikum.ee\\\/yhendlabor\\\/?s={search_term_string}\"},\"query-input\":{\"@type\":\"PropertyValueSpecification\",\"valueRequired\":true,\"valueName\":\"search_term_string\"}}],\"inLanguage\":\"et\"}]}<\/script>\n<!-- \/ Yoast SEO plugin. -->","yoast_head_json":{"title":"Metitsilliinresistentse Staphylococcus aureus\u2019e (MRSA) kandluse uuring - \u00dchendlabor","robots":{"index":"index","follow":"follow","max-snippet":"max-snippet:-1","max-image-preview":"max-image-preview:large","max-video-preview":"max-video-preview:-1"},"canonical":"https:\/\/www.kliinikum.ee\/yhendlabor\/kasiraamat\/mikrobioloogilised-uuringud\/metitsilliinresistentse-staphylococcus-aureuse-mrsa-kandluse-uuring\/","og_locale":"et_EE","og_type":"article","og_title":"Metitsilliinresistentse Staphylococcus aureus\u2019e (MRSA) kandluse uuring - \u00dchendlabor","og_description":"Mikrobioloogia osakond Terminiga \u201cmetitsilliinresistentne staf\u00fclokokk\u201d (MRSA) t\u00e4histatakse Staphylococcus aureus\u2019e t\u00fcvesid, mis on muutunud resistentseks penitsillinaasresistentsete penitsilliinide (metitsilliin, oksatsilliin), tsefalosporiinide, karbapeneemide (imipeneem, meropeneem) ja sageli ka muude antibiootikumide suhtes, ning on potentsiaalseteks infektsioonide tekitajateks. Staf\u00fclokokid, nii antibiootikumitundlikud kui -resistentsed, on inimese normaalse mikrofloora koostisosaks, koloniseerides peamiselt ninaesikut ja kubemepiirkonda. T\u00e4htsaimaks nakkusallikaks haiglatingimustes on MRSA-ga koloniseeritud v\u00f5i [&hellip;]","og_url":"https:\/\/www.kliinikum.ee\/yhendlabor\/kasiraamat\/mikrobioloogilised-uuringud\/metitsilliinresistentse-staphylococcus-aureuse-mrsa-kandluse-uuring\/","og_site_name":"\u00dchendlabor","article_modified_time":"2025-12-09T22:07:12+00:00","twitter_card":"summary_large_image","twitter_misc":{"Est. reading time":"2 minutit"},"schema":{"@context":"https:\/\/schema.org","@graph":[{"@type":"WebPage","@id":"https:\/\/www.kliinikum.ee\/yhendlabor\/kasiraamat\/mikrobioloogilised-uuringud\/metitsilliinresistentse-staphylococcus-aureuse-mrsa-kandluse-uuring\/","url":"https:\/\/www.kliinikum.ee\/yhendlabor\/kasiraamat\/mikrobioloogilised-uuringud\/metitsilliinresistentse-staphylococcus-aureuse-mrsa-kandluse-uuring\/","name":"Metitsilliinresistentse Staphylococcus aureus\u2019e (MRSA) kandluse uuring - \u00dchendlabor","isPartOf":{"@id":"https:\/\/www.kliinikum.ee\/yhendlabor\/#website"},"datePublished":"2025-09-12T17:38:55+00:00","dateModified":"2025-12-09T22:07:12+00:00","breadcrumb":{"@id":"https:\/\/www.kliinikum.ee\/yhendlabor\/kasiraamat\/mikrobioloogilised-uuringud\/metitsilliinresistentse-staphylococcus-aureuse-mrsa-kandluse-uuring\/#breadcrumb"},"inLanguage":"et","potentialAction":[{"@type":"ReadAction","target":["https:\/\/www.kliinikum.ee\/yhendlabor\/kasiraamat\/mikrobioloogilised-uuringud\/metitsilliinresistentse-staphylococcus-aureuse-mrsa-kandluse-uuring\/"]}]},{"@type":"BreadcrumbList","@id":"https:\/\/www.kliinikum.ee\/yhendlabor\/kasiraamat\/mikrobioloogilised-uuringud\/metitsilliinresistentse-staphylococcus-aureuse-mrsa-kandluse-uuring\/#breadcrumb","itemListElement":[{"@type":"ListItem","position":1,"name":"Home","item":"https:\/\/www.kliinikum.ee\/yhendlabor\/"},{"@type":"ListItem","position":2,"name":"K\u00e4siraamat","item":"https:\/\/www.kliinikum.ee\/yhendlabor\/kasiraamat\/"},{"@type":"ListItem","position":3,"name":"Mikrobioloogilised uuringud","item":"https:\/\/www.kliinikum.ee\/yhendlabor\/kasiraamat\/mikrobioloogilised-uuringud\/"},{"@type":"ListItem","position":4,"name":"Metitsilliinresistentse Staphylococcus aureus\u2019e (MRSA) kandluse uuring"}]},{"@type":"WebSite","@id":"https:\/\/www.kliinikum.ee\/yhendlabor\/#website","url":"https:\/\/www.kliinikum.ee\/yhendlabor\/","name":"\u00dchendlabor","description":"Hoolivus, Uuendusmeelsus, P\u00e4devus ja Usaldusv\u00e4\u00e4rsus","potentialAction":[{"@type":"SearchAction","target":{"@type":"EntryPoint","urlTemplate":"https:\/\/www.kliinikum.ee\/yhendlabor\/?s={search_term_string}"},"query-input":{"@type":"PropertyValueSpecification","valueRequired":true,"valueName":"search_term_string"}}],"inLanguage":"et"}]}},"uagb_featured_image_src":{"full":false,"thumbnail":false,"medium":false,"medium_large":false,"large":false,"1536x1536":false,"2048x2048":false},"uagb_author_info":{"display_name":"Kadi Siigur","author_link":"https:\/\/www.kliinikum.ee\/yhendlabor\/author\/kadisi\/"},"uagb_comment_info":0,"uagb_excerpt":"Mikrobioloogia osakond Terminiga \u201cmetitsilliinresistentne staf\u00fclokokk\u201d (MRSA) t\u00e4histatakse Staphylococcus aureus\u2019e t\u00fcvesid, mis on muutunud resistentseks penitsillinaasresistentsete penitsilliinide (metitsilliin, oksatsilliin), tsefalosporiinide, karbapeneemide (imipeneem, meropeneem) ja sageli ka muude antibiootikumide suhtes, ning on potentsiaalseteks infektsioonide tekitajateks. Staf\u00fclokokid, nii antibiootikumitundlikud kui -resistentsed, on inimese normaalse mikrofloora koostisosaks, koloniseerides peamiselt ninaesikut ja kubemepiirkonda. T\u00e4htsaimaks nakkusallikaks haiglatingimustes on MRSA-ga koloniseeritud v\u00f5i&hellip;","_links":{"self":[{"href":"https:\/\/www.kliinikum.ee\/yhendlabor\/wp-json\/wp\/v2\/pages\/13122","targetHints":{"allow":["GET"]}}],"collection":[{"href":"https:\/\/www.kliinikum.ee\/yhendlabor\/wp-json\/wp\/v2\/pages"}],"about":[{"href":"https:\/\/www.kliinikum.ee\/yhendlabor\/wp-json\/wp\/v2\/types\/page"}],"author":[{"embeddable":true,"href":"https:\/\/www.kliinikum.ee\/yhendlabor\/wp-json\/wp\/v2\/users\/38"}],"replies":[{"embeddable":true,"href":"https:\/\/www.kliinikum.ee\/yhendlabor\/wp-json\/wp\/v2\/comments?post=13122"}],"version-history":[{"count":0,"href":"https:\/\/www.kliinikum.ee\/yhendlabor\/wp-json\/wp\/v2\/pages\/13122\/revisions"}],"up":[{"embeddable":true,"href":"https:\/\/www.kliinikum.ee\/yhendlabor\/wp-json\/wp\/v2\/pages\/7292"}],"wp:attachment":[{"href":"https:\/\/www.kliinikum.ee\/yhendlabor\/wp-json\/wp\/v2\/media?parent=13122"}],"curies":[{"name":"wp","href":"https:\/\/api.w.org\/{rel}","templated":true}]}}