{"id":13130,"date":"2025-09-12T20:14:54","date_gmt":"2025-09-12T18:14:54","guid":{"rendered":"https:\/\/www.kliinikum.ee\/yhendlabor\/?page_id=13130"},"modified":"2025-12-10T00:11:05","modified_gmt":"2025-12-09T22:11:05","slug":"ninakaape-mikrobioloogiline-uuring","status":"publish","type":"page","link":"https:\/\/www.kliinikum.ee\/yhendlabor\/kasiraamat\/mikrobioloogilised-uuringud\/ninakaape-mikrobioloogiline-uuring\/","title":{"rendered":"Ninakaape mikrobioloogiline uuring"},"content":{"rendered":"\n<p><em>Mikrobioloogia osakond<\/em><\/p>\n\n\n\n<p>\u00c4ge <strong>sinusiit <\/strong>on paranasaalsete siinuste seinte limaskesta p\u00f5letik. Enamus esmatasandil diagnoositud \u00e4geda sinusiidi juhtudest on viiruslikud ega vaja antibakteriaalset ravi.<\/p>\n\n\n\n<p>Bakteriaalse sinusiidi sagedasemad tekitajad on <em>Streptococcus pneumoniae<\/em>, <em>Haemophilus influenzae<\/em>, <em>Moraxella catarrhalis<\/em>, harvemini anaeroobid (hambap\u00f5letik), <em>Streptococcus pyogenes<\/em> ja <em>Staphylococcus aureus.<\/em> Kroonlise sinusiidi kriteeriumid on haiguse kestus \u00fcle kolme kuu v\u00f5i kolm sinusiidi episoodi aastas, tekitajateks v\u00f5ivad olla anaeroobid, aeroobid ja m\u00f5nikord <em>Candida<\/em> <em>spp.<\/em> ja <em>Aspergillus<\/em> <em>spp<\/em>.<\/p>\n\n\n\n<p class=\"has-medium-font-size\"><strong>Uuritav materjal, selle v\u00f5tmine, saatmine ja s\u00e4ilitamine<\/strong><\/p>\n\n\n\n<figure class=\"wp-block-table is-style-stripes\"><table width=\"100%\"><tbody><tr><td width=\"1%\"><\/td><td width=\"15%\"><strong>Proovin\u00f5u<\/strong><\/td><td width=\"84%\">eSwab vedela transpordis\u00f6\u00f6tmega katsuti<\/td><\/tr><tr><td><\/td><td><strong>S\u00e4ilivus<\/strong><\/td><td>Toatemperatuuril v\u00f5i +4 \u00b0C kaks p\u00e4eva<\/td><\/tr><\/tbody><\/table><\/figure>\n\n\n\n<p>Tampoon viia piki ninavaheseina 5\u20137 cm s\u00fcgavusele, seej\u00e4rel suunata tampooni ots lateraalsele, keerutades tampooni vastu limaskesta, asetada tampoon eSwab vedela transpordis\u00f6\u00f6tmega katsutisse.<\/p>\n\n\n\n<p class=\"has-medium-font-size\"><strong>Anal\u00fc\u00fcsi tegemise aeg:<\/strong> t\u00f6\u00f6p\u00e4eviti (esmask\u00fclvid ka n\u00e4dalavahetusel)<\/p>\n\n\n\n<p class=\"has-medium-font-size\"><strong>Anal\u00fc\u00fcsimeetod: <\/strong>k\u00fclv veri- ja \u0161okolaadagarile, tekitaja samastamine ja ravimitundlikkuse m\u00e4\u00e4ramine. L\u00f5plik vastus: negatiivne 2.\u20133. p\u00e4eval, positiivne 3.\u20134. p\u00e4eval.<\/p>\n\n\n\n<p class=\"has-medium-font-size\"><strong>N\u00e4idustus ja kliiniline t\u00e4hendus<\/strong><\/p>\n\n\n\n<p>Sinusiit (kui pole v\u00f5imalik siinuseid punkteerida), keskk\u00f5rvap\u00f5letik (kui kuulmekile ei ole perforeerunud). Paremaid tulemusi saab antud juhtudel siiski siinusepunktaadi ja keskk\u00f5rvaeritise uurimisel. Immuunsupressiooniga patsientidel potentsiaalselt patogeensete mikroobide kolonisatsiooni j\u00e4lgimine.<\/p>\n\n\n\n<p>V\u00f5imalikud vead: proovi v\u00f5tmine antibakteriaalse ravi foonil, vead s\u00e4ilitamisel ja transpordil.<\/p>\n\n\n\n<p>Koostaja: Krista L\u00f5ivukene<br>Muudetud 28.09.2021<\/p>\n\n\n\n<p><\/p>\n","protected":false},"excerpt":{"rendered":"<p>Mikrobioloogia osakond \u00c4ge sinusiit on paranasaalsete siinuste seinte limaskesta p\u00f5letik. Enamus esmatasandil diagnoositud \u00e4geda sinusiidi juhtudest on viiruslikud ega vaja antibakteriaalset ravi. Bakteriaalse sinusiidi sagedasemad tekitajad on Streptococcus pneumoniae, Haemophilus influenzae, Moraxella catarrhalis, harvemini anaeroobid (hambap\u00f5letik), Streptococcus pyogenes ja Staphylococcus aureus. Kroonlise sinusiidi kriteeriumid on haiguse kestus \u00fcle kolme kuu v\u00f5i kolm sinusiidi episoodi aastas, [&hellip;]<\/p>\n","protected":false},"author":38,"featured_media":0,"parent":7292,"menu_order":18,"comment_status":"closed","ping_status":"closed","template":"","meta":{"_uag_custom_page_level_css":"","footnotes":""},"class_list":["post-13130","page","type-page","status-publish","hentry"],"acf":[],"yoast_head":"<!-- This site is optimized with the Yoast SEO plugin v27.3 - https:\/\/yoast.com\/product\/yoast-seo-wordpress\/ -->\n<title>Ninakaape mikrobioloogiline uuring - \u00dchendlabor<\/title>\n<meta name=\"robots\" content=\"index, follow, max-snippet:-1, max-image-preview:large, max-video-preview:-1\" \/>\n<link rel=\"canonical\" href=\"https:\/\/www.kliinikum.ee\/yhendlabor\/kasiraamat\/mikrobioloogilised-uuringud\/ninakaape-mikrobioloogiline-uuring\/\" \/>\n<meta property=\"og:locale\" content=\"et_EE\" \/>\n<meta property=\"og:type\" content=\"article\" \/>\n<meta property=\"og:title\" content=\"Ninakaape mikrobioloogiline uuring - \u00dchendlabor\" \/>\n<meta property=\"og:description\" content=\"Mikrobioloogia osakond \u00c4ge sinusiit on paranasaalsete siinuste seinte limaskesta p\u00f5letik. Enamus esmatasandil diagnoositud \u00e4geda sinusiidi juhtudest on viiruslikud ega vaja antibakteriaalset ravi. Bakteriaalse sinusiidi sagedasemad tekitajad on Streptococcus pneumoniae, Haemophilus influenzae, Moraxella catarrhalis, harvemini anaeroobid (hambap\u00f5letik), Streptococcus pyogenes ja Staphylococcus aureus. Kroonlise sinusiidi kriteeriumid on haiguse kestus \u00fcle kolme kuu v\u00f5i kolm sinusiidi episoodi aastas, [&hellip;]\" \/>\n<meta property=\"og:url\" content=\"https:\/\/www.kliinikum.ee\/yhendlabor\/kasiraamat\/mikrobioloogilised-uuringud\/ninakaape-mikrobioloogiline-uuring\/\" \/>\n<meta property=\"og:site_name\" content=\"\u00dchendlabor\" \/>\n<meta property=\"article:modified_time\" content=\"2025-12-09T22:11:05+00:00\" \/>\n<meta name=\"twitter:card\" content=\"summary_large_image\" \/>\n<meta name=\"twitter:label1\" content=\"Est. reading time\" \/>\n\t<meta name=\"twitter:data1\" content=\"1 minut\" \/>\n<script type=\"application\/ld+json\" class=\"yoast-schema-graph\">{\"@context\":\"https:\\\/\\\/schema.org\",\"@graph\":[{\"@type\":\"WebPage\",\"@id\":\"https:\\\/\\\/www.kliinikum.ee\\\/yhendlabor\\\/kasiraamat\\\/mikrobioloogilised-uuringud\\\/ninakaape-mikrobioloogiline-uuring\\\/\",\"url\":\"https:\\\/\\\/www.kliinikum.ee\\\/yhendlabor\\\/kasiraamat\\\/mikrobioloogilised-uuringud\\\/ninakaape-mikrobioloogiline-uuring\\\/\",\"name\":\"Ninakaape mikrobioloogiline uuring - \u00dchendlabor\",\"isPartOf\":{\"@id\":\"https:\\\/\\\/www.kliinikum.ee\\\/yhendlabor\\\/#website\"},\"datePublished\":\"2025-09-12T18:14:54+00:00\",\"dateModified\":\"2025-12-09T22:11:05+00:00\",\"breadcrumb\":{\"@id\":\"https:\\\/\\\/www.kliinikum.ee\\\/yhendlabor\\\/kasiraamat\\\/mikrobioloogilised-uuringud\\\/ninakaape-mikrobioloogiline-uuring\\\/#breadcrumb\"},\"inLanguage\":\"et\",\"potentialAction\":[{\"@type\":\"ReadAction\",\"target\":[\"https:\\\/\\\/www.kliinikum.ee\\\/yhendlabor\\\/kasiraamat\\\/mikrobioloogilised-uuringud\\\/ninakaape-mikrobioloogiline-uuring\\\/\"]}]},{\"@type\":\"BreadcrumbList\",\"@id\":\"https:\\\/\\\/www.kliinikum.ee\\\/yhendlabor\\\/kasiraamat\\\/mikrobioloogilised-uuringud\\\/ninakaape-mikrobioloogiline-uuring\\\/#breadcrumb\",\"itemListElement\":[{\"@type\":\"ListItem\",\"position\":1,\"name\":\"Home\",\"item\":\"https:\\\/\\\/www.kliinikum.ee\\\/yhendlabor\\\/\"},{\"@type\":\"ListItem\",\"position\":2,\"name\":\"K\u00e4siraamat\",\"item\":\"https:\\\/\\\/www.kliinikum.ee\\\/yhendlabor\\\/kasiraamat\\\/\"},{\"@type\":\"ListItem\",\"position\":3,\"name\":\"Mikrobioloogilised uuringud\",\"item\":\"https:\\\/\\\/www.kliinikum.ee\\\/yhendlabor\\\/kasiraamat\\\/mikrobioloogilised-uuringud\\\/\"},{\"@type\":\"ListItem\",\"position\":4,\"name\":\"Ninakaape mikrobioloogiline uuring\"}]},{\"@type\":\"WebSite\",\"@id\":\"https:\\\/\\\/www.kliinikum.ee\\\/yhendlabor\\\/#website\",\"url\":\"https:\\\/\\\/www.kliinikum.ee\\\/yhendlabor\\\/\",\"name\":\"\u00dchendlabor\",\"description\":\"Hoolivus, Uuendusmeelsus, P\u00e4devus ja Usaldusv\u00e4\u00e4rsus\",\"potentialAction\":[{\"@type\":\"SearchAction\",\"target\":{\"@type\":\"EntryPoint\",\"urlTemplate\":\"https:\\\/\\\/www.kliinikum.ee\\\/yhendlabor\\\/?s={search_term_string}\"},\"query-input\":{\"@type\":\"PropertyValueSpecification\",\"valueRequired\":true,\"valueName\":\"search_term_string\"}}],\"inLanguage\":\"et\"}]}<\/script>\n<!-- \/ Yoast SEO plugin. -->","yoast_head_json":{"title":"Ninakaape mikrobioloogiline uuring - \u00dchendlabor","robots":{"index":"index","follow":"follow","max-snippet":"max-snippet:-1","max-image-preview":"max-image-preview:large","max-video-preview":"max-video-preview:-1"},"canonical":"https:\/\/www.kliinikum.ee\/yhendlabor\/kasiraamat\/mikrobioloogilised-uuringud\/ninakaape-mikrobioloogiline-uuring\/","og_locale":"et_EE","og_type":"article","og_title":"Ninakaape mikrobioloogiline uuring - \u00dchendlabor","og_description":"Mikrobioloogia osakond \u00c4ge sinusiit on paranasaalsete siinuste seinte limaskesta p\u00f5letik. Enamus esmatasandil diagnoositud \u00e4geda sinusiidi juhtudest on viiruslikud ega vaja antibakteriaalset ravi. Bakteriaalse sinusiidi sagedasemad tekitajad on Streptococcus pneumoniae, Haemophilus influenzae, Moraxella catarrhalis, harvemini anaeroobid (hambap\u00f5letik), Streptococcus pyogenes ja Staphylococcus aureus. Kroonlise sinusiidi kriteeriumid on haiguse kestus \u00fcle kolme kuu v\u00f5i kolm sinusiidi episoodi aastas, [&hellip;]","og_url":"https:\/\/www.kliinikum.ee\/yhendlabor\/kasiraamat\/mikrobioloogilised-uuringud\/ninakaape-mikrobioloogiline-uuring\/","og_site_name":"\u00dchendlabor","article_modified_time":"2025-12-09T22:11:05+00:00","twitter_card":"summary_large_image","twitter_misc":{"Est. reading time":"1 minut"},"schema":{"@context":"https:\/\/schema.org","@graph":[{"@type":"WebPage","@id":"https:\/\/www.kliinikum.ee\/yhendlabor\/kasiraamat\/mikrobioloogilised-uuringud\/ninakaape-mikrobioloogiline-uuring\/","url":"https:\/\/www.kliinikum.ee\/yhendlabor\/kasiraamat\/mikrobioloogilised-uuringud\/ninakaape-mikrobioloogiline-uuring\/","name":"Ninakaape mikrobioloogiline uuring - \u00dchendlabor","isPartOf":{"@id":"https:\/\/www.kliinikum.ee\/yhendlabor\/#website"},"datePublished":"2025-09-12T18:14:54+00:00","dateModified":"2025-12-09T22:11:05+00:00","breadcrumb":{"@id":"https:\/\/www.kliinikum.ee\/yhendlabor\/kasiraamat\/mikrobioloogilised-uuringud\/ninakaape-mikrobioloogiline-uuring\/#breadcrumb"},"inLanguage":"et","potentialAction":[{"@type":"ReadAction","target":["https:\/\/www.kliinikum.ee\/yhendlabor\/kasiraamat\/mikrobioloogilised-uuringud\/ninakaape-mikrobioloogiline-uuring\/"]}]},{"@type":"BreadcrumbList","@id":"https:\/\/www.kliinikum.ee\/yhendlabor\/kasiraamat\/mikrobioloogilised-uuringud\/ninakaape-mikrobioloogiline-uuring\/#breadcrumb","itemListElement":[{"@type":"ListItem","position":1,"name":"Home","item":"https:\/\/www.kliinikum.ee\/yhendlabor\/"},{"@type":"ListItem","position":2,"name":"K\u00e4siraamat","item":"https:\/\/www.kliinikum.ee\/yhendlabor\/kasiraamat\/"},{"@type":"ListItem","position":3,"name":"Mikrobioloogilised uuringud","item":"https:\/\/www.kliinikum.ee\/yhendlabor\/kasiraamat\/mikrobioloogilised-uuringud\/"},{"@type":"ListItem","position":4,"name":"Ninakaape mikrobioloogiline uuring"}]},{"@type":"WebSite","@id":"https:\/\/www.kliinikum.ee\/yhendlabor\/#website","url":"https:\/\/www.kliinikum.ee\/yhendlabor\/","name":"\u00dchendlabor","description":"Hoolivus, Uuendusmeelsus, P\u00e4devus ja Usaldusv\u00e4\u00e4rsus","potentialAction":[{"@type":"SearchAction","target":{"@type":"EntryPoint","urlTemplate":"https:\/\/www.kliinikum.ee\/yhendlabor\/?s={search_term_string}"},"query-input":{"@type":"PropertyValueSpecification","valueRequired":true,"valueName":"search_term_string"}}],"inLanguage":"et"}]}},"uagb_featured_image_src":{"full":false,"thumbnail":false,"medium":false,"medium_large":false,"large":false,"1536x1536":false,"2048x2048":false},"uagb_author_info":{"display_name":"Kadi Siigur","author_link":"https:\/\/www.kliinikum.ee\/yhendlabor\/author\/kadisi\/"},"uagb_comment_info":0,"uagb_excerpt":"Mikrobioloogia osakond \u00c4ge sinusiit on paranasaalsete siinuste seinte limaskesta p\u00f5letik. Enamus esmatasandil diagnoositud \u00e4geda sinusiidi juhtudest on viiruslikud ega vaja antibakteriaalset ravi. Bakteriaalse sinusiidi sagedasemad tekitajad on Streptococcus pneumoniae, Haemophilus influenzae, Moraxella catarrhalis, harvemini anaeroobid (hambap\u00f5letik), Streptococcus pyogenes ja Staphylococcus aureus. Kroonlise sinusiidi kriteeriumid on haiguse kestus \u00fcle kolme kuu v\u00f5i kolm sinusiidi episoodi aastas,&hellip;","_links":{"self":[{"href":"https:\/\/www.kliinikum.ee\/yhendlabor\/wp-json\/wp\/v2\/pages\/13130","targetHints":{"allow":["GET"]}}],"collection":[{"href":"https:\/\/www.kliinikum.ee\/yhendlabor\/wp-json\/wp\/v2\/pages"}],"about":[{"href":"https:\/\/www.kliinikum.ee\/yhendlabor\/wp-json\/wp\/v2\/types\/page"}],"author":[{"embeddable":true,"href":"https:\/\/www.kliinikum.ee\/yhendlabor\/wp-json\/wp\/v2\/users\/38"}],"replies":[{"embeddable":true,"href":"https:\/\/www.kliinikum.ee\/yhendlabor\/wp-json\/wp\/v2\/comments?post=13130"}],"version-history":[{"count":0,"href":"https:\/\/www.kliinikum.ee\/yhendlabor\/wp-json\/wp\/v2\/pages\/13130\/revisions"}],"up":[{"embeddable":true,"href":"https:\/\/www.kliinikum.ee\/yhendlabor\/wp-json\/wp\/v2\/pages\/7292"}],"wp:attachment":[{"href":"https:\/\/www.kliinikum.ee\/yhendlabor\/wp-json\/wp\/v2\/media?parent=13130"}],"curies":[{"name":"wp","href":"https:\/\/api.w.org\/{rel}","templated":true}]}}