{"id":13163,"date":"2025-09-12T21:07:12","date_gmt":"2025-09-12T19:07:12","guid":{"rendered":"https:\/\/www.kliinikum.ee\/yhendlabor\/?page_id=13163"},"modified":"2025-12-10T00:25:50","modified_gmt":"2025-12-09T22:25:50","slug":"silmamaterjali-mikrobioloogiline-uuring","status":"publish","type":"page","link":"https:\/\/www.kliinikum.ee\/yhendlabor\/kasiraamat\/mikrobioloogilised-uuringud\/silmamaterjali-mikrobioloogiline-uuring\/","title":{"rendered":"Silmamaterjali mikrobioloogiline uuring"},"content":{"rendered":"\n<p><em>Mikrobioloogia osakond<\/em><\/p>\n\n\n\n<p><strong>Konjunktiviit <\/strong>on silma sidekesta p\u00f5letik, mille p\u00f5hjuseks on enamasti viiruslik v\u00f5i bakteriaalne infektsioon v\u00f5i allergia. Sagedasemad bakteriaalse konjunktiviidi tekitajad on <em>Haemophilus influenzae<\/em>, <em>Staphylococcus aureus<\/em>, <em>Streptococcus pneumoniae<\/em>, <em>Neisseria gonorrhoeae<\/em>. Imuunpuudulikkusega patsientidel v\u00f5ivad infektsiooni p\u00f5hjustada <em>Enterobacteriaceae<\/em> perekonda kuuluvad bakterid ja <em>Pseudomonas aeruginosa<\/em>.<\/p>\n\n\n\n<p><strong>Keratiit <\/strong>on silma sarvkesta p\u00f5letik, mis v\u00f5ib olla viiruslik v\u00f5i bakteriaalne. Bakteriaalse keratiidi p\u00f5hilised tekitajad on <em>Pseudomonas aeruginosa,<\/em> <em>Streptococcus pneumoniae<\/em>, <em>Moraxella<\/em> <em>spp<\/em>., viridans-grupi streptokokid, <em>Staphylococcus aureus<\/em>, koagulaasnegatiivsed staf\u00fclokokid. Harvem esinevad <em>Enterobacteriaceae<\/em> perekonda kuuluvad bakterid, <em>Neisseria gonorrhoeae, Neisseria meningitidis, Haemophilus influenzae<\/em>. Kontaktl\u00e4\u00e4tsedega patsientidel v\u00f5ivad keratiiti p\u00f5hjustada <em>Bacillus<\/em> <em>spp<\/em>. ja <em>Serratia spp<\/em>.<\/p>\n\n\n\n<p><strong>Bakteriaalse ja endogeense endoftalmiidi<\/strong> kahtluseltuleb uurida k\u00f5iki mikroorganisme. Haigus tekib tavaliselt trauma- v\u00f5i operatsioonij\u00e4rgselt, kuid v\u00f5imalik on ka hematogeenne infektsioon bakterieemia v\u00f5i fungeemia foonil.<\/p>\n\n\n\n<p class=\"has-medium-font-size\"><strong>Uuritav materjal, selle v\u00f5tmine, saatmine ja s\u00e4ilitamine<\/strong><\/p>\n\n\n\n<figure class=\"wp-block-table is-style-stripes\"><table width=\"100%\"><tbody><tr><td width=\"1%\"><\/td><td width=\"15%\"><strong>Proovin\u00f5u<\/strong><\/td><td width=\"84%\"><em>Brucella<\/em> puljongiga katsuti, eSwab vedela transpordis\u00f6\u00f6tmega katsuti<\/td><\/tr><tr><td><\/td><td><strong>S\u00e4ilivus<\/strong><\/td><td>+4 \u00b0C \u00fcks p\u00e4ev<\/td><\/tr><\/tbody><\/table><\/figure>\n\n\n\n<p>Tampooniga t\u00f5mmata \u00fcle alalau konjunktiivi, v\u00e4ltides kokkupuudet ripsmete ja nahaga ning asetada eSwab vedela transpordis\u00f6\u00f6tmega katsutisse.<\/p>\n\n\n\n<p class=\"has-medium-font-size\"><strong>Anal\u00fc\u00fcsi tegemise aeg:<\/strong> t\u00f6\u00f6p\u00e4eviti (esmask\u00fclvid ka n\u00e4dalavahetustel)<\/p>\n\n\n\n<p class=\"has-medium-font-size\"><strong>Anal\u00fc\u00fcsimeetod: <\/strong>poolkvantitatiivnek\u00fclv veri- ja \u0161okolaadagarile, Grami j\u00e4rgi v\u00e4rvitud \u00e4igepreparaat. Tekitaja samastamine ja ravimitundlikkuse m\u00e4\u00e4ramine. L\u00f5plik vastus: negatiivne 3.\u20134. p\u00e4eval (seente uuring 10. p\u00e4eval), positiivne 3.\u20135. p\u00e4eval.<\/p>\n\n\n\n<p class=\"has-medium-font-size\"><strong>N\u00e4idustus ja kliiniline t\u00e4hendus<\/strong><\/p>\n\n\n\n<p>Silma bakteriaalse infektsiooni kahtlus ja tekitaja selgitamine.<\/p>\n\n\n\n<p>NB! Tavalise mikrobioloogilise uuringu k\u00e4igus ei ole v\u00f5imalik m\u00e4\u00e4rata <em>Chlamydia trachomatis\u2019<\/em>t ja viiruseid.<\/p>\n\n\n\n<p>V\u00f5imalikud vead: proovi v\u00f5tmine antibakteriaalse ravi foonil, vead s\u00e4ilitamisel ja transpordil.<\/p>\n\n\n\n<p>Koostaja: Krista L\u00f5ivukene<br>Muudetud 01.02.2021<\/p>\n","protected":false},"excerpt":{"rendered":"<p>Mikrobioloogia osakond Konjunktiviit on silma sidekesta p\u00f5letik, mille p\u00f5hjuseks on enamasti viiruslik v\u00f5i bakteriaalne infektsioon v\u00f5i allergia. Sagedasemad bakteriaalse konjunktiviidi tekitajad on Haemophilus influenzae, Staphylococcus aureus, Streptococcus pneumoniae, Neisseria gonorrhoeae. Imuunpuudulikkusega patsientidel v\u00f5ivad infektsiooni p\u00f5hjustada Enterobacteriaceae perekonda kuuluvad bakterid ja Pseudomonas aeruginosa. Keratiit on silma sarvkesta p\u00f5letik, mis v\u00f5ib olla viiruslik v\u00f5i bakteriaalne. Bakteriaalse keratiidi [&hellip;]<\/p>\n","protected":false},"author":38,"featured_media":0,"parent":7292,"menu_order":25,"comment_status":"closed","ping_status":"closed","template":"","meta":{"_uag_custom_page_level_css":"","footnotes":""},"class_list":["post-13163","page","type-page","status-publish","hentry"],"acf":[],"yoast_head":"<!-- This site is optimized with the Yoast SEO plugin v27.3 - https:\/\/yoast.com\/product\/yoast-seo-wordpress\/ -->\n<title>Silmamaterjali mikrobioloogiline uuring - \u00dchendlabor<\/title>\n<meta name=\"robots\" content=\"index, follow, max-snippet:-1, max-image-preview:large, max-video-preview:-1\" \/>\n<link rel=\"canonical\" href=\"https:\/\/www.kliinikum.ee\/yhendlabor\/kasiraamat\/mikrobioloogilised-uuringud\/silmamaterjali-mikrobioloogiline-uuring\/\" \/>\n<meta property=\"og:locale\" content=\"et_EE\" \/>\n<meta property=\"og:type\" content=\"article\" \/>\n<meta property=\"og:title\" content=\"Silmamaterjali mikrobioloogiline uuring - \u00dchendlabor\" \/>\n<meta property=\"og:description\" content=\"Mikrobioloogia osakond Konjunktiviit on silma sidekesta p\u00f5letik, mille p\u00f5hjuseks on enamasti viiruslik v\u00f5i bakteriaalne infektsioon v\u00f5i allergia. Sagedasemad bakteriaalse konjunktiviidi tekitajad on Haemophilus influenzae, Staphylococcus aureus, Streptococcus pneumoniae, Neisseria gonorrhoeae. Imuunpuudulikkusega patsientidel v\u00f5ivad infektsiooni p\u00f5hjustada Enterobacteriaceae perekonda kuuluvad bakterid ja Pseudomonas aeruginosa. Keratiit on silma sarvkesta p\u00f5letik, mis v\u00f5ib olla viiruslik v\u00f5i bakteriaalne. Bakteriaalse keratiidi [&hellip;]\" \/>\n<meta property=\"og:url\" content=\"https:\/\/www.kliinikum.ee\/yhendlabor\/kasiraamat\/mikrobioloogilised-uuringud\/silmamaterjali-mikrobioloogiline-uuring\/\" \/>\n<meta property=\"og:site_name\" content=\"\u00dchendlabor\" \/>\n<meta property=\"article:modified_time\" content=\"2025-12-09T22:25:50+00:00\" \/>\n<meta name=\"twitter:card\" content=\"summary_large_image\" \/>\n<meta name=\"twitter:label1\" content=\"Est. reading time\" \/>\n\t<meta name=\"twitter:data1\" content=\"2 minutit\" \/>\n<script type=\"application\/ld+json\" class=\"yoast-schema-graph\">{\"@context\":\"https:\\\/\\\/schema.org\",\"@graph\":[{\"@type\":\"WebPage\",\"@id\":\"https:\\\/\\\/www.kliinikum.ee\\\/yhendlabor\\\/kasiraamat\\\/mikrobioloogilised-uuringud\\\/silmamaterjali-mikrobioloogiline-uuring\\\/\",\"url\":\"https:\\\/\\\/www.kliinikum.ee\\\/yhendlabor\\\/kasiraamat\\\/mikrobioloogilised-uuringud\\\/silmamaterjali-mikrobioloogiline-uuring\\\/\",\"name\":\"Silmamaterjali mikrobioloogiline uuring - \u00dchendlabor\",\"isPartOf\":{\"@id\":\"https:\\\/\\\/www.kliinikum.ee\\\/yhendlabor\\\/#website\"},\"datePublished\":\"2025-09-12T19:07:12+00:00\",\"dateModified\":\"2025-12-09T22:25:50+00:00\",\"breadcrumb\":{\"@id\":\"https:\\\/\\\/www.kliinikum.ee\\\/yhendlabor\\\/kasiraamat\\\/mikrobioloogilised-uuringud\\\/silmamaterjali-mikrobioloogiline-uuring\\\/#breadcrumb\"},\"inLanguage\":\"et\",\"potentialAction\":[{\"@type\":\"ReadAction\",\"target\":[\"https:\\\/\\\/www.kliinikum.ee\\\/yhendlabor\\\/kasiraamat\\\/mikrobioloogilised-uuringud\\\/silmamaterjali-mikrobioloogiline-uuring\\\/\"]}]},{\"@type\":\"BreadcrumbList\",\"@id\":\"https:\\\/\\\/www.kliinikum.ee\\\/yhendlabor\\\/kasiraamat\\\/mikrobioloogilised-uuringud\\\/silmamaterjali-mikrobioloogiline-uuring\\\/#breadcrumb\",\"itemListElement\":[{\"@type\":\"ListItem\",\"position\":1,\"name\":\"Home\",\"item\":\"https:\\\/\\\/www.kliinikum.ee\\\/yhendlabor\\\/\"},{\"@type\":\"ListItem\",\"position\":2,\"name\":\"K\u00e4siraamat\",\"item\":\"https:\\\/\\\/www.kliinikum.ee\\\/yhendlabor\\\/kasiraamat\\\/\"},{\"@type\":\"ListItem\",\"position\":3,\"name\":\"Mikrobioloogilised uuringud\",\"item\":\"https:\\\/\\\/www.kliinikum.ee\\\/yhendlabor\\\/kasiraamat\\\/mikrobioloogilised-uuringud\\\/\"},{\"@type\":\"ListItem\",\"position\":4,\"name\":\"Silmamaterjali mikrobioloogiline uuring\"}]},{\"@type\":\"WebSite\",\"@id\":\"https:\\\/\\\/www.kliinikum.ee\\\/yhendlabor\\\/#website\",\"url\":\"https:\\\/\\\/www.kliinikum.ee\\\/yhendlabor\\\/\",\"name\":\"\u00dchendlabor\",\"description\":\"Hoolivus, Uuendusmeelsus, P\u00e4devus ja Usaldusv\u00e4\u00e4rsus\",\"potentialAction\":[{\"@type\":\"SearchAction\",\"target\":{\"@type\":\"EntryPoint\",\"urlTemplate\":\"https:\\\/\\\/www.kliinikum.ee\\\/yhendlabor\\\/?s={search_term_string}\"},\"query-input\":{\"@type\":\"PropertyValueSpecification\",\"valueRequired\":true,\"valueName\":\"search_term_string\"}}],\"inLanguage\":\"et\"}]}<\/script>\n<!-- \/ Yoast SEO plugin. -->","yoast_head_json":{"title":"Silmamaterjali mikrobioloogiline uuring - \u00dchendlabor","robots":{"index":"index","follow":"follow","max-snippet":"max-snippet:-1","max-image-preview":"max-image-preview:large","max-video-preview":"max-video-preview:-1"},"canonical":"https:\/\/www.kliinikum.ee\/yhendlabor\/kasiraamat\/mikrobioloogilised-uuringud\/silmamaterjali-mikrobioloogiline-uuring\/","og_locale":"et_EE","og_type":"article","og_title":"Silmamaterjali mikrobioloogiline uuring - \u00dchendlabor","og_description":"Mikrobioloogia osakond Konjunktiviit on silma sidekesta p\u00f5letik, mille p\u00f5hjuseks on enamasti viiruslik v\u00f5i bakteriaalne infektsioon v\u00f5i allergia. Sagedasemad bakteriaalse konjunktiviidi tekitajad on Haemophilus influenzae, Staphylococcus aureus, Streptococcus pneumoniae, Neisseria gonorrhoeae. Imuunpuudulikkusega patsientidel v\u00f5ivad infektsiooni p\u00f5hjustada Enterobacteriaceae perekonda kuuluvad bakterid ja Pseudomonas aeruginosa. Keratiit on silma sarvkesta p\u00f5letik, mis v\u00f5ib olla viiruslik v\u00f5i bakteriaalne. Bakteriaalse keratiidi [&hellip;]","og_url":"https:\/\/www.kliinikum.ee\/yhendlabor\/kasiraamat\/mikrobioloogilised-uuringud\/silmamaterjali-mikrobioloogiline-uuring\/","og_site_name":"\u00dchendlabor","article_modified_time":"2025-12-09T22:25:50+00:00","twitter_card":"summary_large_image","twitter_misc":{"Est. reading time":"2 minutit"},"schema":{"@context":"https:\/\/schema.org","@graph":[{"@type":"WebPage","@id":"https:\/\/www.kliinikum.ee\/yhendlabor\/kasiraamat\/mikrobioloogilised-uuringud\/silmamaterjali-mikrobioloogiline-uuring\/","url":"https:\/\/www.kliinikum.ee\/yhendlabor\/kasiraamat\/mikrobioloogilised-uuringud\/silmamaterjali-mikrobioloogiline-uuring\/","name":"Silmamaterjali mikrobioloogiline uuring - \u00dchendlabor","isPartOf":{"@id":"https:\/\/www.kliinikum.ee\/yhendlabor\/#website"},"datePublished":"2025-09-12T19:07:12+00:00","dateModified":"2025-12-09T22:25:50+00:00","breadcrumb":{"@id":"https:\/\/www.kliinikum.ee\/yhendlabor\/kasiraamat\/mikrobioloogilised-uuringud\/silmamaterjali-mikrobioloogiline-uuring\/#breadcrumb"},"inLanguage":"et","potentialAction":[{"@type":"ReadAction","target":["https:\/\/www.kliinikum.ee\/yhendlabor\/kasiraamat\/mikrobioloogilised-uuringud\/silmamaterjali-mikrobioloogiline-uuring\/"]}]},{"@type":"BreadcrumbList","@id":"https:\/\/www.kliinikum.ee\/yhendlabor\/kasiraamat\/mikrobioloogilised-uuringud\/silmamaterjali-mikrobioloogiline-uuring\/#breadcrumb","itemListElement":[{"@type":"ListItem","position":1,"name":"Home","item":"https:\/\/www.kliinikum.ee\/yhendlabor\/"},{"@type":"ListItem","position":2,"name":"K\u00e4siraamat","item":"https:\/\/www.kliinikum.ee\/yhendlabor\/kasiraamat\/"},{"@type":"ListItem","position":3,"name":"Mikrobioloogilised uuringud","item":"https:\/\/www.kliinikum.ee\/yhendlabor\/kasiraamat\/mikrobioloogilised-uuringud\/"},{"@type":"ListItem","position":4,"name":"Silmamaterjali mikrobioloogiline uuring"}]},{"@type":"WebSite","@id":"https:\/\/www.kliinikum.ee\/yhendlabor\/#website","url":"https:\/\/www.kliinikum.ee\/yhendlabor\/","name":"\u00dchendlabor","description":"Hoolivus, Uuendusmeelsus, P\u00e4devus ja Usaldusv\u00e4\u00e4rsus","potentialAction":[{"@type":"SearchAction","target":{"@type":"EntryPoint","urlTemplate":"https:\/\/www.kliinikum.ee\/yhendlabor\/?s={search_term_string}"},"query-input":{"@type":"PropertyValueSpecification","valueRequired":true,"valueName":"search_term_string"}}],"inLanguage":"et"}]}},"uagb_featured_image_src":{"full":false,"thumbnail":false,"medium":false,"medium_large":false,"large":false,"1536x1536":false,"2048x2048":false},"uagb_author_info":{"display_name":"Kadi Siigur","author_link":"https:\/\/www.kliinikum.ee\/yhendlabor\/author\/kadisi\/"},"uagb_comment_info":0,"uagb_excerpt":"Mikrobioloogia osakond Konjunktiviit on silma sidekesta p\u00f5letik, mille p\u00f5hjuseks on enamasti viiruslik v\u00f5i bakteriaalne infektsioon v\u00f5i allergia. Sagedasemad bakteriaalse konjunktiviidi tekitajad on Haemophilus influenzae, Staphylococcus aureus, Streptococcus pneumoniae, Neisseria gonorrhoeae. Imuunpuudulikkusega patsientidel v\u00f5ivad infektsiooni p\u00f5hjustada Enterobacteriaceae perekonda kuuluvad bakterid ja Pseudomonas aeruginosa. Keratiit on silma sarvkesta p\u00f5letik, mis v\u00f5ib olla viiruslik v\u00f5i bakteriaalne. Bakteriaalse keratiidi&hellip;","_links":{"self":[{"href":"https:\/\/www.kliinikum.ee\/yhendlabor\/wp-json\/wp\/v2\/pages\/13163","targetHints":{"allow":["GET"]}}],"collection":[{"href":"https:\/\/www.kliinikum.ee\/yhendlabor\/wp-json\/wp\/v2\/pages"}],"about":[{"href":"https:\/\/www.kliinikum.ee\/yhendlabor\/wp-json\/wp\/v2\/types\/page"}],"author":[{"embeddable":true,"href":"https:\/\/www.kliinikum.ee\/yhendlabor\/wp-json\/wp\/v2\/users\/38"}],"replies":[{"embeddable":true,"href":"https:\/\/www.kliinikum.ee\/yhendlabor\/wp-json\/wp\/v2\/comments?post=13163"}],"version-history":[{"count":0,"href":"https:\/\/www.kliinikum.ee\/yhendlabor\/wp-json\/wp\/v2\/pages\/13163\/revisions"}],"up":[{"embeddable":true,"href":"https:\/\/www.kliinikum.ee\/yhendlabor\/wp-json\/wp\/v2\/pages\/7292"}],"wp:attachment":[{"href":"https:\/\/www.kliinikum.ee\/yhendlabor\/wp-json\/wp\/v2\/media?parent=13163"}],"curies":[{"name":"wp","href":"https:\/\/api.w.org\/{rel}","templated":true}]}}