{"id":13315,"date":"2025-09-28T14:02:32","date_gmt":"2025-09-28T12:02:32","guid":{"rendered":"https:\/\/www.kliinikum.ee\/yhendlabor\/?page_id=13315"},"modified":"2025-12-09T22:25:21","modified_gmt":"2025-12-09T20:25:21","slug":"homotsusteiin-sp-hcy","status":"publish","type":"page","link":"https:\/\/www.kliinikum.ee\/yhendlabor\/kasiraamat\/kliinilise-keemia-uuringud\/homotsusteiin-sp-hcy\/","title":{"rendered":"Homots\u00fcsteiin (S,P-Hcy)"},"content":{"rendered":"\n<p><em>Kliinilise keemia ja laboratoorse hematoloogia osakond<\/em><\/p>\n\n\n\n<p><strong>Homots\u00fcsteiin <\/strong>on v\u00e4\u00e4vlit sisaldav aminohape, mis tekib aminohappe metioniini demet\u00fc\u00fclimise tulemusena. Metioniini taseme s\u00e4ilitamiseks konverteeritakse homots\u00fcsteiin suures osas tagasi metioniiniks. Remet\u00fc\u00fclimise eri astmetel on met\u00fc\u00fclr\u00fchma doonoritena olulised foolhappe ja vitamiin B12 derivaadid. Homots\u00fcsteiini ainevahetuse teiseks teeks on (\u00fcle ts\u00fcstatiooni) ts\u00fcsteiini moodustumine, mille toimumiseks on vajalik vitamiini B6 derivaat p\u00fcridoksaalfosfaat. Seega s\u00f5ltub homots\u00fcsteiini tase nimetatud B-grupi vitamiinide hulgast organismis.<\/p>\n\n\n\n<p>Enamus (70\u201380%) plasma homots\u00fcsteiinist on seotud valkudega, peamiselt albumiiniga, <em>ca<\/em> 20\u201330% on seotud madalamolekulaarsete sulfh\u00fcdr\u00fc\u00fclr\u00fchma sisaldavate \u00fchenditega ning vaid alla 1% tsirkuleerib vaba vormina.<\/p>\n\n\n\n<p>Homots\u00fcsteiini tase veres kasvab pidevalt koos vanusega. Enne puberteeti on poistel ja t\u00fcdrukutel tase sarnane (keskmiselt 6 \u00b5mol\/L) ning madalam kui t\u00e4iskasvanutel. Puberteedieas t\u00f5useb nivoo poistel rohkem kui t\u00fcdrukutel, meestel on homots\u00fcsteiini tase<em> ca<\/em> 20% k\u00f5rgem kui naistel.<\/p>\n\n\n\n<p class=\"has-medium-font-size\"><strong>Uuritav materjal, selle v\u00f5tmine, saatmine ja s\u00e4ilitamine<\/strong><\/p>\n\n\n\n<p><em>Proov ei tohi olla hemol\u00fc\u00fctiline!<\/em> Proov tuleb panna <em>eeljahutatud konteinerisse<\/em> (k\u00fcsida laborist!) ja transportida koheselt laborisse (tsentrifuugimine peab toimuma \u00fche tunni jooksul peale prooviv\u00f5ttu).<\/p>\n\n\n\n<figure class=\"wp-block-table is-style-stripes\"><table width=\"100%\"><tbody><tr><td width=\"1%\"><\/td><td width=\"15%\"><strong>Katsuti<\/strong><\/td><td width=\"84%\">Geeli ja h\u00fc\u00fcbimisaktivaatoriga katsuti (punane kollase r\u00f5ngaga kork v\u00f5i kollane kork) v\u00f5i geeliga LH-katsuti (roheline kollase r\u00f5ngaga kork v\u00f5i heleroheline kork)<\/td><\/tr><tr><td><\/td><td><strong>S\u00e4ilivus<\/strong><\/td><td>Seerum\/plasma toatemperatuuril neli p\u00e4eva, +4 \u00b0C neli n\u00e4dalat, -20 \u00b0C k\u00fcmme kuud<\/td><\/tr><\/tbody><\/table><\/figure>\n\n\n\n<p>Kerge eine enne proovi andmist tulemust ei m\u00f5juta, kindlasti peab v\u00e4ltima valgurikast toitu, mis v\u00f5ib tulemust suurendada 10\u201315%.<\/p>\n\n\n\n<p>M\u00e4\u00e4rates anal\u00fc\u00fcsi koos folaadi ja vitamiin B12 anal\u00fc\u00fcsidega, tuleb kasutada paastuseerumit.<\/p>\n\n\n\n<p class=\"has-medium-font-size\"><strong>Anal\u00fc\u00fcsi tegemise aeg:<\/strong> t\u00f6\u00f6p\u00e4eviti<\/p>\n\n\n\n<p class=\"has-medium-font-size\"><strong>Anal\u00fc\u00fcsimeetod:<\/strong> fotomeetriline meetod<\/p>\n\n\n\n<p class=\"has-medium-font-size\"><strong>Referentsv\u00e4\u00e4rtused<\/strong><\/p>\n\n\n\n<figure class=\"wp-block-table\"><table width=\"100%\"><tbody><tr><td width=\"1%\"><\/td><td width=\"30%\"><strong>5 p \u2013 &lt; 1 a<\/strong><\/td><td width=\"69%\">&lt; 10,0 \u00b5mol\/L<\/td><\/tr><tr><td><\/td><td><strong>1 a \u2013 &lt; 7 a<\/strong><\/td><td>&lt; 7,6 \u00b5mol\/L<\/td><\/tr><tr><td><\/td><td><strong>7 a \u2013 &lt; 12 a<\/strong><\/td><td>&lt; 8,4 \u00b5mol\/L<\/td><\/tr><tr><td><\/td><td><strong>12 a \u2013 &lt; 15 a<\/strong><\/td><td>&lt; 10,4 \u00b5mol\/L<\/td><\/tr><tr><td><\/td><td><strong>15 a \u2013 &lt; 19 a<\/strong><\/td><td>M &lt; 13,4 \u00b5mol\/L <br>N &lt; 11,9 \u00b5mol\/L<\/td><\/tr><tr><td><\/td><td><strong>\u2265 19 a<\/strong><\/td><td>&lt; 12,0 \u00b5mol\/L<\/td><\/tr><\/tbody><\/table><\/figure>\n\n\n\n<p class=\"has-medium-font-size\"><strong>N\u00e4idustus ja kliiniline t\u00e4hendus<\/strong><\/p>\n\n\n\n<p>S\u00fcdame- ja veresoonkonna haiguste riski hindamine. Foolhappe ja vitamiin B12 defitsiidi kahtlus (megaloblastilised aneemiad). Raseduse komplitseerumisriski hindamine. Kognitiivse funktsioonih\u00e4ire riski hindamine.<\/p>\n\n\n\n<p><em>Suurenenud kontsentratsioon e h\u00fcperhomots\u00fcst(e)ineemia<\/em><\/p>\n\n\n\n<p>H\u00fcperhomots\u00fcsteineemia peamisteks p\u00f5hjusteks on homots\u00fcsteiini ainevahetuses osalevate ens\u00fc\u00fcmide geneetilised defektid v\u00f5i siis vitamiinide B6, B12 ja\/v\u00f5i foolhappe defitsiit organismis. Kuhjuv homots\u00fcsteiin konverteerub valdavalt homots\u00fcstiiniks (Hcy-Hcy dimeer), viimane eritub uriiniga (homots\u00fcstinuuria).<\/p>\n\n\n\n<p>Homots\u00fcsteiini t\u00f5usnud tase on nii h\u00fcpertensiooni kui ka ateroskleroosi \u00fcheks p\u00f5hjuslikuks teguriks ja seega paljude kardiovaskulaarsete haiguste riskifaktoriks. Kardiovaskulaarsete haiguste korral on homots\u00fcsteiini tase tavaliselt m\u00f5\u00f5dukalt t\u00f5usnud, olles 12\u201325 \u00b5mol\/L ja seda umbes pooltel patsientidest.<\/p>\n\n\n\n<p>K\u00f5rge homots\u00fcsteiini tase plasmas on v\u00e4ga tundlik marker foolhappe ja vitamiin B12 defitsiidi suhtes. Vitamiinide B6, B12 ja foolhappe defitsiidi korral t\u00f5useb homots\u00fcsteiini tase m\u00e4rgatavalt ning sageli juba enne, kui vitamiinide tase langeb allapoole alumist referentspiiri, samuti enne kliiniliste s\u00fcmptomite avaldumist. Vitamiin B12 puhul v\u00f5ib selle \u00fcldine tase olla normis, kuid kui bioloogiliselt aktiivse vormi \u2013 holo-transkobalamiini (holoTC) nivoo on madal, on homots\u00fcsteiini metabolism ikkagi h\u00e4iritud. Seega peegeldab homots\u00fcsteiini tase B-r\u00fchma vitamiinide funktsionaalset staatust, mitte sisaldust.<\/p>\n\n\n\n<p>Kindlasti tuleks anal\u00fc\u00fcsida homots\u00fcsteiini taset k\u00f5ikidel vitamiin B12 defitsiidi suhtes riskir\u00fchma kuuluvatel vasts\u00fcndinutel (ka nende emadel!), kuna vitamiin B12 defitsiiti on raske \u00f5igeaegselt avastada, mist\u00f5ttu s\u00fcmptomite ilmnedes v\u00f5ivad lapsel olla juba tekkinud p\u00f6\u00f6rdumatud neuroloogilised kahjustused.<\/p>\n\n\n\n<p>Normaalse raseduse ajal v\u00e4heneb homots\u00fcsteiini sisaldus veres umbes poole v\u00f5rra, ilmselt tingituna plasma suurenenud hulgast, plasma v\u00e4henenud albumiini sisaldusest jms. Enamasti j\u00e4\u00e4b nivoo 6 \u00b5mol\/L juurde. Sellest k\u00f5rgem tase on seotud suurema riskiga platsenta vaskulopaatia suhtes, mis omakorda on seotud preeklampsia, raseduse katkemise, enneaegse s\u00fcnnituse ja madala s\u00fcnnikaaluga. Raseduseelne tase taastub umbes 3\u20134 p\u00e4evaga peale s\u00fcnnitust.<\/p>\n\n\n\n<p>Sageli esineb h\u00fcperhomots\u00fcsteineemiat neerukahjustuse ja -puudulikkusega patsientidel ning p\u00e4rast neeru transplantatsiooni. Enamusel dial\u00fc\u00fcsipatsientidest on homots\u00fcsteiini tase k\u00f5rgem. Homots\u00fcsteiini kontsentratsiooni suurenemine esineb ka mitmete teiste haiguste, nt diabeet, h\u00fcpot\u00fcreoidism jm puhul.<\/p>\n\n\n\n<p>Homots\u00fcsteiini tase t\u00f5useb alkoholi ja kohvi liigsel tarvitamisel, samuti suitsetamise tagaj\u00e4rjel ja v\u00e4hese kehalise aktiivsuse korral. Ka mitmed ravimid t\u00f5stavad homots\u00fcsteiini nivood, peamiselt vitamiin B6, B12 ja foolhappe antagonistid.<\/p>\n\n\n\n<p>Metotreksaat, karbamasepiin, fen\u00fctoiin ja l\u00e4mmastikoksiid v\u00f5ivad p\u00f5hjustada k\u00f5rgemaid tulemusi homots\u00fcsteiini metabolismi h\u00e4irete t\u00f5ttu.<\/p>\n\n\n\n<p><em>V\u00e4henenud kontsentratsioon<\/em><\/p>\n\n\n\n<p>Homots\u00fcsteiini madalat taset on leitud Downi s\u00fcndroomiga patsientidel, rasedatel (vt eespool) ja h\u00fcpert\u00fcreoidismi korral, kuid enamasti ei oma madalad ja allpool referentspiiri olevad tulemused kliinilist t\u00e4htsust.<\/p>\n\n\n\n<p>Koostajad: Rain Lehtme, Kaja Vaagen<br>Muudetud 22.08.2023<\/p>\n","protected":false},"excerpt":{"rendered":"<p>Kliinilise keemia ja laboratoorse hematoloogia osakond Homots\u00fcsteiin on v\u00e4\u00e4vlit sisaldav aminohape, mis tekib aminohappe metioniini demet\u00fc\u00fclimise tulemusena. Metioniini taseme s\u00e4ilitamiseks konverteeritakse homots\u00fcsteiin suures osas tagasi metioniiniks. Remet\u00fc\u00fclimise eri astmetel on met\u00fc\u00fclr\u00fchma doonoritena olulised foolhappe ja vitamiin B12 derivaadid. Homots\u00fcsteiini ainevahetuse teiseks teeks on (\u00fcle ts\u00fcstatiooni) ts\u00fcsteiini moodustumine, mille toimumiseks on vajalik vitamiini B6 derivaat p\u00fcridoksaalfosfaat. [&hellip;]<\/p>\n","protected":false},"author":38,"featured_media":0,"parent":7286,"menu_order":20,"comment_status":"closed","ping_status":"closed","template":"","meta":{"_uag_custom_page_level_css":"","footnotes":""},"class_list":["post-13315","page","type-page","status-publish","hentry"],"acf":[],"yoast_head":"<!-- This site is optimized with the Yoast SEO plugin v27.3 - https:\/\/yoast.com\/product\/yoast-seo-wordpress\/ -->\n<title>Homots\u00fcsteiin (S,P-Hcy) - \u00dchendlabor<\/title>\n<meta name=\"robots\" content=\"index, follow, max-snippet:-1, max-image-preview:large, max-video-preview:-1\" \/>\n<link rel=\"canonical\" href=\"https:\/\/www.kliinikum.ee\/yhendlabor\/kasiraamat\/kliinilise-keemia-uuringud\/homotsusteiin-sp-hcy\/\" \/>\n<meta property=\"og:locale\" content=\"et_EE\" \/>\n<meta property=\"og:type\" content=\"article\" \/>\n<meta property=\"og:title\" content=\"Homots\u00fcsteiin (S,P-Hcy) - \u00dchendlabor\" \/>\n<meta property=\"og:description\" content=\"Kliinilise keemia ja laboratoorse hematoloogia osakond Homots\u00fcsteiin on v\u00e4\u00e4vlit sisaldav aminohape, mis tekib aminohappe metioniini demet\u00fc\u00fclimise tulemusena. Metioniini taseme s\u00e4ilitamiseks konverteeritakse homots\u00fcsteiin suures osas tagasi metioniiniks. Remet\u00fc\u00fclimise eri astmetel on met\u00fc\u00fclr\u00fchma doonoritena olulised foolhappe ja vitamiin B12 derivaadid. Homots\u00fcsteiini ainevahetuse teiseks teeks on (\u00fcle ts\u00fcstatiooni) ts\u00fcsteiini moodustumine, mille toimumiseks on vajalik vitamiini B6 derivaat p\u00fcridoksaalfosfaat. [&hellip;]\" \/>\n<meta property=\"og:url\" content=\"https:\/\/www.kliinikum.ee\/yhendlabor\/kasiraamat\/kliinilise-keemia-uuringud\/homotsusteiin-sp-hcy\/\" \/>\n<meta property=\"og:site_name\" content=\"\u00dchendlabor\" \/>\n<meta property=\"article:modified_time\" content=\"2025-12-09T20:25:21+00:00\" \/>\n<meta name=\"twitter:card\" content=\"summary_large_image\" \/>\n<meta name=\"twitter:label1\" content=\"Est. reading time\" \/>\n\t<meta name=\"twitter:data1\" content=\"4 minutit\" \/>\n<script type=\"application\/ld+json\" class=\"yoast-schema-graph\">{\"@context\":\"https:\\\/\\\/schema.org\",\"@graph\":[{\"@type\":\"WebPage\",\"@id\":\"https:\\\/\\\/www.kliinikum.ee\\\/yhendlabor\\\/kasiraamat\\\/kliinilise-keemia-uuringud\\\/homotsusteiin-sp-hcy\\\/\",\"url\":\"https:\\\/\\\/www.kliinikum.ee\\\/yhendlabor\\\/kasiraamat\\\/kliinilise-keemia-uuringud\\\/homotsusteiin-sp-hcy\\\/\",\"name\":\"Homots\u00fcsteiin (S,P-Hcy) - \u00dchendlabor\",\"isPartOf\":{\"@id\":\"https:\\\/\\\/www.kliinikum.ee\\\/yhendlabor\\\/#website\"},\"datePublished\":\"2025-09-28T12:02:32+00:00\",\"dateModified\":\"2025-12-09T20:25:21+00:00\",\"breadcrumb\":{\"@id\":\"https:\\\/\\\/www.kliinikum.ee\\\/yhendlabor\\\/kasiraamat\\\/kliinilise-keemia-uuringud\\\/homotsusteiin-sp-hcy\\\/#breadcrumb\"},\"inLanguage\":\"et\",\"potentialAction\":[{\"@type\":\"ReadAction\",\"target\":[\"https:\\\/\\\/www.kliinikum.ee\\\/yhendlabor\\\/kasiraamat\\\/kliinilise-keemia-uuringud\\\/homotsusteiin-sp-hcy\\\/\"]}]},{\"@type\":\"BreadcrumbList\",\"@id\":\"https:\\\/\\\/www.kliinikum.ee\\\/yhendlabor\\\/kasiraamat\\\/kliinilise-keemia-uuringud\\\/homotsusteiin-sp-hcy\\\/#breadcrumb\",\"itemListElement\":[{\"@type\":\"ListItem\",\"position\":1,\"name\":\"Home\",\"item\":\"https:\\\/\\\/www.kliinikum.ee\\\/yhendlabor\\\/\"},{\"@type\":\"ListItem\",\"position\":2,\"name\":\"K\u00e4siraamat\",\"item\":\"https:\\\/\\\/www.kliinikum.ee\\\/yhendlabor\\\/kasiraamat\\\/\"},{\"@type\":\"ListItem\",\"position\":3,\"name\":\"Kliinilise keemia uuringud\",\"item\":\"https:\\\/\\\/www.kliinikum.ee\\\/yhendlabor\\\/kasiraamat\\\/kliinilise-keemia-uuringud\\\/\"},{\"@type\":\"ListItem\",\"position\":4,\"name\":\"Homots\u00fcsteiin (S,P-Hcy)\"}]},{\"@type\":\"WebSite\",\"@id\":\"https:\\\/\\\/www.kliinikum.ee\\\/yhendlabor\\\/#website\",\"url\":\"https:\\\/\\\/www.kliinikum.ee\\\/yhendlabor\\\/\",\"name\":\"\u00dchendlabor\",\"description\":\"Hoolivus, Uuendusmeelsus, P\u00e4devus ja Usaldusv\u00e4\u00e4rsus\",\"potentialAction\":[{\"@type\":\"SearchAction\",\"target\":{\"@type\":\"EntryPoint\",\"urlTemplate\":\"https:\\\/\\\/www.kliinikum.ee\\\/yhendlabor\\\/?s={search_term_string}\"},\"query-input\":{\"@type\":\"PropertyValueSpecification\",\"valueRequired\":true,\"valueName\":\"search_term_string\"}}],\"inLanguage\":\"et\"}]}<\/script>\n<!-- \/ Yoast SEO plugin. -->","yoast_head_json":{"title":"Homots\u00fcsteiin (S,P-Hcy) - \u00dchendlabor","robots":{"index":"index","follow":"follow","max-snippet":"max-snippet:-1","max-image-preview":"max-image-preview:large","max-video-preview":"max-video-preview:-1"},"canonical":"https:\/\/www.kliinikum.ee\/yhendlabor\/kasiraamat\/kliinilise-keemia-uuringud\/homotsusteiin-sp-hcy\/","og_locale":"et_EE","og_type":"article","og_title":"Homots\u00fcsteiin (S,P-Hcy) - \u00dchendlabor","og_description":"Kliinilise keemia ja laboratoorse hematoloogia osakond Homots\u00fcsteiin on v\u00e4\u00e4vlit sisaldav aminohape, mis tekib aminohappe metioniini demet\u00fc\u00fclimise tulemusena. Metioniini taseme s\u00e4ilitamiseks konverteeritakse homots\u00fcsteiin suures osas tagasi metioniiniks. Remet\u00fc\u00fclimise eri astmetel on met\u00fc\u00fclr\u00fchma doonoritena olulised foolhappe ja vitamiin B12 derivaadid. Homots\u00fcsteiini ainevahetuse teiseks teeks on (\u00fcle ts\u00fcstatiooni) ts\u00fcsteiini moodustumine, mille toimumiseks on vajalik vitamiini B6 derivaat p\u00fcridoksaalfosfaat. [&hellip;]","og_url":"https:\/\/www.kliinikum.ee\/yhendlabor\/kasiraamat\/kliinilise-keemia-uuringud\/homotsusteiin-sp-hcy\/","og_site_name":"\u00dchendlabor","article_modified_time":"2025-12-09T20:25:21+00:00","twitter_card":"summary_large_image","twitter_misc":{"Est. reading time":"4 minutit"},"schema":{"@context":"https:\/\/schema.org","@graph":[{"@type":"WebPage","@id":"https:\/\/www.kliinikum.ee\/yhendlabor\/kasiraamat\/kliinilise-keemia-uuringud\/homotsusteiin-sp-hcy\/","url":"https:\/\/www.kliinikum.ee\/yhendlabor\/kasiraamat\/kliinilise-keemia-uuringud\/homotsusteiin-sp-hcy\/","name":"Homots\u00fcsteiin (S,P-Hcy) - \u00dchendlabor","isPartOf":{"@id":"https:\/\/www.kliinikum.ee\/yhendlabor\/#website"},"datePublished":"2025-09-28T12:02:32+00:00","dateModified":"2025-12-09T20:25:21+00:00","breadcrumb":{"@id":"https:\/\/www.kliinikum.ee\/yhendlabor\/kasiraamat\/kliinilise-keemia-uuringud\/homotsusteiin-sp-hcy\/#breadcrumb"},"inLanguage":"et","potentialAction":[{"@type":"ReadAction","target":["https:\/\/www.kliinikum.ee\/yhendlabor\/kasiraamat\/kliinilise-keemia-uuringud\/homotsusteiin-sp-hcy\/"]}]},{"@type":"BreadcrumbList","@id":"https:\/\/www.kliinikum.ee\/yhendlabor\/kasiraamat\/kliinilise-keemia-uuringud\/homotsusteiin-sp-hcy\/#breadcrumb","itemListElement":[{"@type":"ListItem","position":1,"name":"Home","item":"https:\/\/www.kliinikum.ee\/yhendlabor\/"},{"@type":"ListItem","position":2,"name":"K\u00e4siraamat","item":"https:\/\/www.kliinikum.ee\/yhendlabor\/kasiraamat\/"},{"@type":"ListItem","position":3,"name":"Kliinilise keemia uuringud","item":"https:\/\/www.kliinikum.ee\/yhendlabor\/kasiraamat\/kliinilise-keemia-uuringud\/"},{"@type":"ListItem","position":4,"name":"Homots\u00fcsteiin (S,P-Hcy)"}]},{"@type":"WebSite","@id":"https:\/\/www.kliinikum.ee\/yhendlabor\/#website","url":"https:\/\/www.kliinikum.ee\/yhendlabor\/","name":"\u00dchendlabor","description":"Hoolivus, Uuendusmeelsus, P\u00e4devus ja Usaldusv\u00e4\u00e4rsus","potentialAction":[{"@type":"SearchAction","target":{"@type":"EntryPoint","urlTemplate":"https:\/\/www.kliinikum.ee\/yhendlabor\/?s={search_term_string}"},"query-input":{"@type":"PropertyValueSpecification","valueRequired":true,"valueName":"search_term_string"}}],"inLanguage":"et"}]}},"uagb_featured_image_src":{"full":false,"thumbnail":false,"medium":false,"medium_large":false,"large":false,"1536x1536":false,"2048x2048":false},"uagb_author_info":{"display_name":"Kadi Siigur","author_link":"https:\/\/www.kliinikum.ee\/yhendlabor\/author\/kadisi\/"},"uagb_comment_info":0,"uagb_excerpt":"Kliinilise keemia ja laboratoorse hematoloogia osakond Homots\u00fcsteiin on v\u00e4\u00e4vlit sisaldav aminohape, mis tekib aminohappe metioniini demet\u00fc\u00fclimise tulemusena. Metioniini taseme s\u00e4ilitamiseks konverteeritakse homots\u00fcsteiin suures osas tagasi metioniiniks. Remet\u00fc\u00fclimise eri astmetel on met\u00fc\u00fclr\u00fchma doonoritena olulised foolhappe ja vitamiin B12 derivaadid. Homots\u00fcsteiini ainevahetuse teiseks teeks on (\u00fcle ts\u00fcstatiooni) ts\u00fcsteiini moodustumine, mille toimumiseks on vajalik vitamiini B6 derivaat p\u00fcridoksaalfosfaat.&hellip;","_links":{"self":[{"href":"https:\/\/www.kliinikum.ee\/yhendlabor\/wp-json\/wp\/v2\/pages\/13315","targetHints":{"allow":["GET"]}}],"collection":[{"href":"https:\/\/www.kliinikum.ee\/yhendlabor\/wp-json\/wp\/v2\/pages"}],"about":[{"href":"https:\/\/www.kliinikum.ee\/yhendlabor\/wp-json\/wp\/v2\/types\/page"}],"author":[{"embeddable":true,"href":"https:\/\/www.kliinikum.ee\/yhendlabor\/wp-json\/wp\/v2\/users\/38"}],"replies":[{"embeddable":true,"href":"https:\/\/www.kliinikum.ee\/yhendlabor\/wp-json\/wp\/v2\/comments?post=13315"}],"version-history":[{"count":0,"href":"https:\/\/www.kliinikum.ee\/yhendlabor\/wp-json\/wp\/v2\/pages\/13315\/revisions"}],"up":[{"embeddable":true,"href":"https:\/\/www.kliinikum.ee\/yhendlabor\/wp-json\/wp\/v2\/pages\/7286"}],"wp:attachment":[{"href":"https:\/\/www.kliinikum.ee\/yhendlabor\/wp-json\/wp\/v2\/media?parent=13315"}],"curies":[{"name":"wp","href":"https:\/\/api.w.org\/{rel}","templated":true}]}}