{"id":13331,"date":"2025-09-28T14:38:31","date_gmt":"2025-09-28T12:38:31","guid":{"rendered":"https:\/\/www.kliinikum.ee\/yhendlabor\/?page_id=13331"},"modified":"2025-12-21T19:10:26","modified_gmt":"2025-12-21T17:10:26","slug":"triglutseriidid-sp-trigl","status":"publish","type":"page","link":"https:\/\/www.kliinikum.ee\/yhendlabor\/kasiraamat\/kliinilise-keemia-uuringud\/triglutseriidid-sp-trigl\/","title":{"rendered":"Trigl\u00fctseriidid (S,P-Trigl)"},"content":{"rendered":"\n<p><em>Kliinilise keemia ja laboratoorse hematoloogia osakond<\/em><\/p>\n\n\n\n<p><strong>Trigl\u00fctseriidid <\/strong>on rasvhapete gl\u00fctseroolestrid. Organism saab trigl\u00fctseriide toidurasvade koostises (tavalise dieedi puhul <em>ca<\/em> 100 g p\u00e4evas), samuti s\u00fcnteesitakse trigl\u00fctseriide endogeenselt peamiselt maksas ja rasvkoes. Veres transporditakse toiduga saadud trigl\u00fctseriide&nbsp; k\u00fclomikronite koosseisus. Viimased moodustuvad enterots\u00fc\u00fctides rasvade imendumisel ning liiguvad l\u00fcmfiteede kaudu vereringesse. Trigl\u00fctseriidid eemaldatakse k\u00fclomikronitest ens\u00fc\u00fcm lipoproteiini lipaasi abil, mida leidub rasvkoes, v\u00f6\u00f6tlihaskoes, s\u00fcdamelihaskoes ning lakteerivas rinnan\u00e4\u00e4rmes, kus trigl\u00fctseriide kasutatakse energiaallikana v\u00f5i salvestatakse. Endogeenselt s\u00fcnteesitud trigl\u00fctseriide transporditakse kudedeni v\u00e4ga madala tihedusega lipoproteiinide (<em>very low density lipoproteins, <\/em>VLDL<em>) <\/em>koosseisus. K\u00fclomikronitest tingitud alimentaarne lipeemia taandub 7\u201312 tunni jooksul peale s\u00f6\u00f6ki, seej\u00e4rel peegeldab trigl\u00fctseriidide tase tavaliselt VLDL hulka.<\/p>\n\n\n\n<p class=\"has-medium-font-size\"><strong>Uuritav materjal, selle v\u00f5tmine, saatmine ja s\u00e4ilitamine<\/strong><\/p>\n\n\n\n<p>Paastumine enne prooviv\u00f5ttu ei ole reeglina vajalik. Juhul, kui mittepaastuplasmast m\u00e4\u00e4ratud trigl\u00fctseriidide tase on \u2265 4,5 mmol\/L, on soovitav korrata lipiidide profiili paastuplasmast.<\/p>\n\n\n\n<figure class=\"wp-block-table is-style-stripes\"><table width=\"100%\"><tbody><tr><td width=\"1%\"><\/td><td width=\"15%\"><strong>Katsuti<\/strong><\/td><td width=\"84%\">Geeli ja h\u00fc\u00fcbimisaktivaatoriga katsuti (punane kollase r\u00f5ngaga v\u00f5i kollane kork) v\u00f5i geeliga LH-katsuti (roheline kollase r\u00f5ngaga v\u00f5i heleroheline kork)<\/td><\/tr><tr><td><\/td><td><strong>S\u00e4ilivus<\/strong><\/td><td>Seerum\/plasma toatemperatuuril kaks p\u00e4eva, +4 \u00b0C k\u00fcmme p\u00e4eva (plasma 15 p\u00e4eva), -20 \u00b0C kolm kuud<\/td><\/tr><\/tbody><\/table><\/figure>\n\n\n\n<p class=\"has-medium-font-size\"><strong>Anal\u00fc\u00fcsi tegemise aeg<\/strong><strong>:<\/strong> \u00f6\u00f6p\u00e4evaringselt<\/p>\n\n\n\n<p class=\"has-medium-font-size\"><strong>Anal\u00fc\u00fcsimeetod:<\/strong> ens\u00fcmaatiline kolorimeetriline meetod<\/p>\n\n\n\n<p class=\"has-medium-font-size\"><strong>Referentsv\u00e4\u00e4rtused<\/strong><\/p>\n\n\n\n<figure class=\"wp-block-table\"><table width=\"100%\"><tbody><tr><td width=\"1%\"><\/td><td width=\"30%\"><strong>\u2265 18 a (soovitatav)<\/strong><\/td><td width=\"69%\">&lt; 1,7 mmol\/L (paastumine enne prooviv\u00f5ttu)<\/td><\/tr><tr><td><\/td><td><strong>\u2265 18 a (soovitatav)<\/strong><\/td><td>&lt; 2,0 mmol\/L (paastumata)<\/td><\/tr><\/tbody><\/table><\/figure>\n\n\n\n<p>Soovitatava v\u00e4\u00e4rtuse aluseks on v\u00f5etud \u201cEesti s\u00fcdame- ja veresoonkonna haiguste preventsiooni juhised\u201d (2006), Euroopa Kardioloogide Seltsi kardiovaskulaarsete haiguste preventsiooni juhis (2016) ning Euroopa Ateroskleroosi \u00dchingu (EAS) ja Euroopa Laborimeditsiini F\u00f6deratsiooni (EFLM) juhis (2019).<\/p>\n\n\n\n<p class=\"has-medium-font-size\"><strong>N\u00e4idustus ja kliiniline t\u00e4hendus<\/strong><\/p>\n\n\n\n<p>Aterosklerootilise kardiovaskulaarse haiguse riski hindamine kompleksis koos teiste riskifaktoritega, metaboolse s\u00fcndroomi diagnostika, parenteraalse toitmise monitooring.<\/p>\n\n\n\n<p>Trigl\u00fctseriidide t\u00f5usnud tase v\u00f5ib olla p\u00f5hjustatud primaarsetest lipiidide ainevahetuse h\u00e4iretest (perekondlik h\u00fcpertrigl\u00fctserideemia, perekondlik kombineeritud h\u00fcperlipideemia jm), kuid enamasti on h\u00fcpertrigl\u00fctserideemia sekundaarne, p\u00f5hjuseks nt \u00fclekaalulisus, alkoholi liigtarbimine, diabeet, neerupuudulikkus, h\u00fcpot\u00fcreoos jm. Tiasiiddiureetikumid, \u00f6strogeenid, \u03b2-blokaatorid ja rasestumisvastased preparaadid v\u00f5ivad suurendada trigl\u00fctseriidide taset, samuti v\u00f5ib trigl\u00fctseriidide tase olla m\u00e4rgatavalt t\u00f5usnud raseduse ajal. T\u00f5usnud trigl\u00fctseriidide taseme tuvastamine on vajalik metaboolse s\u00fcndroomi diagnoosimiseks. V\u00e4ga k\u00f5rgete trigl\u00fctseriidide v\u00e4\u00e4rtuste (&gt; 10 mmol\/L) puhul esineb suur &nbsp;\u00e4geda pankreatiidi tekke risk.<\/p>\n\n\n\n<p>Madal trigl\u00fctseriidide tase v\u00f5ib olla p\u00f5hjustatud alatoitumusest, malabsorptsioonis\u00fcndroomist, kilpn\u00e4\u00e4rme \u00fcletalitlusest, maksatalitluse h\u00e4iretest.<\/p>\n\n\n\n<p>Vt ka: <a href=\"https:\/\/www.kliinikum.ee\/yhendlabor\/kasiraamat\/kliinilise-keemia-uuringud\/kolesterool\/\">Kolesterool, HDL-kolesterool, LDL-kolesterool, mitte HDL-kolesterool<\/a><\/p>\n\n\n\n<p>Koostaja: Katrin Reimand<br>Muudetud 09.09.2020<\/p>\n","protected":false},"excerpt":{"rendered":"<p>Kliinilise keemia ja laboratoorse hematoloogia osakond Trigl\u00fctseriidid on rasvhapete gl\u00fctseroolestrid. Organism saab trigl\u00fctseriide toidurasvade koostises (tavalise dieedi puhul ca 100 g p\u00e4evas), samuti s\u00fcnteesitakse trigl\u00fctseriide endogeenselt peamiselt maksas ja rasvkoes. Veres transporditakse toiduga saadud trigl\u00fctseriide&nbsp; k\u00fclomikronite koosseisus. Viimased moodustuvad enterots\u00fc\u00fctides rasvade imendumisel ning liiguvad l\u00fcmfiteede kaudu vereringesse. Trigl\u00fctseriidid eemaldatakse k\u00fclomikronitest ens\u00fc\u00fcm lipoproteiini lipaasi abil, mida [&hellip;]<\/p>\n","protected":false},"author":38,"featured_media":0,"parent":7286,"menu_order":39,"comment_status":"closed","ping_status":"closed","template":"","meta":{"_uag_custom_page_level_css":"","footnotes":""},"class_list":["post-13331","page","type-page","status-publish","hentry"],"acf":[],"yoast_head":"<!-- This site is optimized with the Yoast SEO plugin v27.3 - https:\/\/yoast.com\/product\/yoast-seo-wordpress\/ -->\n<title>Trigl\u00fctseriidid (S,P-Trigl) - \u00dchendlabor<\/title>\n<meta name=\"robots\" content=\"index, follow, max-snippet:-1, max-image-preview:large, max-video-preview:-1\" \/>\n<link rel=\"canonical\" href=\"https:\/\/www.kliinikum.ee\/yhendlabor\/kasiraamat\/kliinilise-keemia-uuringud\/triglutseriidid-sp-trigl\/\" \/>\n<meta property=\"og:locale\" content=\"et_EE\" \/>\n<meta property=\"og:type\" content=\"article\" \/>\n<meta property=\"og:title\" content=\"Trigl\u00fctseriidid (S,P-Trigl) - \u00dchendlabor\" \/>\n<meta property=\"og:description\" content=\"Kliinilise keemia ja laboratoorse hematoloogia osakond Trigl\u00fctseriidid on rasvhapete gl\u00fctseroolestrid. Organism saab trigl\u00fctseriide toidurasvade koostises (tavalise dieedi puhul ca 100 g p\u00e4evas), samuti s\u00fcnteesitakse trigl\u00fctseriide endogeenselt peamiselt maksas ja rasvkoes. Veres transporditakse toiduga saadud trigl\u00fctseriide&nbsp; k\u00fclomikronite koosseisus. Viimased moodustuvad enterots\u00fc\u00fctides rasvade imendumisel ning liiguvad l\u00fcmfiteede kaudu vereringesse. Trigl\u00fctseriidid eemaldatakse k\u00fclomikronitest ens\u00fc\u00fcm lipoproteiini lipaasi abil, mida [&hellip;]\" \/>\n<meta property=\"og:url\" content=\"https:\/\/www.kliinikum.ee\/yhendlabor\/kasiraamat\/kliinilise-keemia-uuringud\/triglutseriidid-sp-trigl\/\" \/>\n<meta property=\"og:site_name\" content=\"\u00dchendlabor\" \/>\n<meta property=\"article:modified_time\" content=\"2025-12-21T17:10:26+00:00\" \/>\n<meta name=\"twitter:card\" content=\"summary_large_image\" \/>\n<meta name=\"twitter:label1\" content=\"Est. reading time\" \/>\n\t<meta name=\"twitter:data1\" content=\"2 minutit\" \/>\n<script type=\"application\/ld+json\" class=\"yoast-schema-graph\">{\"@context\":\"https:\\\/\\\/schema.org\",\"@graph\":[{\"@type\":\"WebPage\",\"@id\":\"https:\\\/\\\/www.kliinikum.ee\\\/yhendlabor\\\/kasiraamat\\\/kliinilise-keemia-uuringud\\\/triglutseriidid-sp-trigl\\\/\",\"url\":\"https:\\\/\\\/www.kliinikum.ee\\\/yhendlabor\\\/kasiraamat\\\/kliinilise-keemia-uuringud\\\/triglutseriidid-sp-trigl\\\/\",\"name\":\"Trigl\u00fctseriidid (S,P-Trigl) - \u00dchendlabor\",\"isPartOf\":{\"@id\":\"https:\\\/\\\/www.kliinikum.ee\\\/yhendlabor\\\/#website\"},\"datePublished\":\"2025-09-28T12:38:31+00:00\",\"dateModified\":\"2025-12-21T17:10:26+00:00\",\"breadcrumb\":{\"@id\":\"https:\\\/\\\/www.kliinikum.ee\\\/yhendlabor\\\/kasiraamat\\\/kliinilise-keemia-uuringud\\\/triglutseriidid-sp-trigl\\\/#breadcrumb\"},\"inLanguage\":\"et\",\"potentialAction\":[{\"@type\":\"ReadAction\",\"target\":[\"https:\\\/\\\/www.kliinikum.ee\\\/yhendlabor\\\/kasiraamat\\\/kliinilise-keemia-uuringud\\\/triglutseriidid-sp-trigl\\\/\"]}]},{\"@type\":\"BreadcrumbList\",\"@id\":\"https:\\\/\\\/www.kliinikum.ee\\\/yhendlabor\\\/kasiraamat\\\/kliinilise-keemia-uuringud\\\/triglutseriidid-sp-trigl\\\/#breadcrumb\",\"itemListElement\":[{\"@type\":\"ListItem\",\"position\":1,\"name\":\"Home\",\"item\":\"https:\\\/\\\/www.kliinikum.ee\\\/yhendlabor\\\/\"},{\"@type\":\"ListItem\",\"position\":2,\"name\":\"K\u00e4siraamat\",\"item\":\"https:\\\/\\\/www.kliinikum.ee\\\/yhendlabor\\\/kasiraamat\\\/\"},{\"@type\":\"ListItem\",\"position\":3,\"name\":\"Kliinilise keemia uuringud\",\"item\":\"https:\\\/\\\/www.kliinikum.ee\\\/yhendlabor\\\/kasiraamat\\\/kliinilise-keemia-uuringud\\\/\"},{\"@type\":\"ListItem\",\"position\":4,\"name\":\"Trigl\u00fctseriidid (S,P-Trigl)\"}]},{\"@type\":\"WebSite\",\"@id\":\"https:\\\/\\\/www.kliinikum.ee\\\/yhendlabor\\\/#website\",\"url\":\"https:\\\/\\\/www.kliinikum.ee\\\/yhendlabor\\\/\",\"name\":\"\u00dchendlabor\",\"description\":\"Hoolivus, Uuendusmeelsus, P\u00e4devus ja Usaldusv\u00e4\u00e4rsus\",\"potentialAction\":[{\"@type\":\"SearchAction\",\"target\":{\"@type\":\"EntryPoint\",\"urlTemplate\":\"https:\\\/\\\/www.kliinikum.ee\\\/yhendlabor\\\/?s={search_term_string}\"},\"query-input\":{\"@type\":\"PropertyValueSpecification\",\"valueRequired\":true,\"valueName\":\"search_term_string\"}}],\"inLanguage\":\"et\"}]}<\/script>\n<!-- \/ Yoast SEO plugin. -->","yoast_head_json":{"title":"Trigl\u00fctseriidid (S,P-Trigl) - \u00dchendlabor","robots":{"index":"index","follow":"follow","max-snippet":"max-snippet:-1","max-image-preview":"max-image-preview:large","max-video-preview":"max-video-preview:-1"},"canonical":"https:\/\/www.kliinikum.ee\/yhendlabor\/kasiraamat\/kliinilise-keemia-uuringud\/triglutseriidid-sp-trigl\/","og_locale":"et_EE","og_type":"article","og_title":"Trigl\u00fctseriidid (S,P-Trigl) - \u00dchendlabor","og_description":"Kliinilise keemia ja laboratoorse hematoloogia osakond Trigl\u00fctseriidid on rasvhapete gl\u00fctseroolestrid. Organism saab trigl\u00fctseriide toidurasvade koostises (tavalise dieedi puhul ca 100 g p\u00e4evas), samuti s\u00fcnteesitakse trigl\u00fctseriide endogeenselt peamiselt maksas ja rasvkoes. Veres transporditakse toiduga saadud trigl\u00fctseriide&nbsp; k\u00fclomikronite koosseisus. Viimased moodustuvad enterots\u00fc\u00fctides rasvade imendumisel ning liiguvad l\u00fcmfiteede kaudu vereringesse. Trigl\u00fctseriidid eemaldatakse k\u00fclomikronitest ens\u00fc\u00fcm lipoproteiini lipaasi abil, mida [&hellip;]","og_url":"https:\/\/www.kliinikum.ee\/yhendlabor\/kasiraamat\/kliinilise-keemia-uuringud\/triglutseriidid-sp-trigl\/","og_site_name":"\u00dchendlabor","article_modified_time":"2025-12-21T17:10:26+00:00","twitter_card":"summary_large_image","twitter_misc":{"Est. reading time":"2 minutit"},"schema":{"@context":"https:\/\/schema.org","@graph":[{"@type":"WebPage","@id":"https:\/\/www.kliinikum.ee\/yhendlabor\/kasiraamat\/kliinilise-keemia-uuringud\/triglutseriidid-sp-trigl\/","url":"https:\/\/www.kliinikum.ee\/yhendlabor\/kasiraamat\/kliinilise-keemia-uuringud\/triglutseriidid-sp-trigl\/","name":"Trigl\u00fctseriidid (S,P-Trigl) - \u00dchendlabor","isPartOf":{"@id":"https:\/\/www.kliinikum.ee\/yhendlabor\/#website"},"datePublished":"2025-09-28T12:38:31+00:00","dateModified":"2025-12-21T17:10:26+00:00","breadcrumb":{"@id":"https:\/\/www.kliinikum.ee\/yhendlabor\/kasiraamat\/kliinilise-keemia-uuringud\/triglutseriidid-sp-trigl\/#breadcrumb"},"inLanguage":"et","potentialAction":[{"@type":"ReadAction","target":["https:\/\/www.kliinikum.ee\/yhendlabor\/kasiraamat\/kliinilise-keemia-uuringud\/triglutseriidid-sp-trigl\/"]}]},{"@type":"BreadcrumbList","@id":"https:\/\/www.kliinikum.ee\/yhendlabor\/kasiraamat\/kliinilise-keemia-uuringud\/triglutseriidid-sp-trigl\/#breadcrumb","itemListElement":[{"@type":"ListItem","position":1,"name":"Home","item":"https:\/\/www.kliinikum.ee\/yhendlabor\/"},{"@type":"ListItem","position":2,"name":"K\u00e4siraamat","item":"https:\/\/www.kliinikum.ee\/yhendlabor\/kasiraamat\/"},{"@type":"ListItem","position":3,"name":"Kliinilise keemia uuringud","item":"https:\/\/www.kliinikum.ee\/yhendlabor\/kasiraamat\/kliinilise-keemia-uuringud\/"},{"@type":"ListItem","position":4,"name":"Trigl\u00fctseriidid (S,P-Trigl)"}]},{"@type":"WebSite","@id":"https:\/\/www.kliinikum.ee\/yhendlabor\/#website","url":"https:\/\/www.kliinikum.ee\/yhendlabor\/","name":"\u00dchendlabor","description":"Hoolivus, Uuendusmeelsus, P\u00e4devus ja Usaldusv\u00e4\u00e4rsus","potentialAction":[{"@type":"SearchAction","target":{"@type":"EntryPoint","urlTemplate":"https:\/\/www.kliinikum.ee\/yhendlabor\/?s={search_term_string}"},"query-input":{"@type":"PropertyValueSpecification","valueRequired":true,"valueName":"search_term_string"}}],"inLanguage":"et"}]}},"uagb_featured_image_src":{"full":false,"thumbnail":false,"medium":false,"medium_large":false,"large":false,"1536x1536":false,"2048x2048":false},"uagb_author_info":{"display_name":"Kadi Siigur","author_link":"https:\/\/www.kliinikum.ee\/yhendlabor\/author\/kadisi\/"},"uagb_comment_info":0,"uagb_excerpt":"Kliinilise keemia ja laboratoorse hematoloogia osakond Trigl\u00fctseriidid on rasvhapete gl\u00fctseroolestrid. Organism saab trigl\u00fctseriide toidurasvade koostises (tavalise dieedi puhul ca 100 g p\u00e4evas), samuti s\u00fcnteesitakse trigl\u00fctseriide endogeenselt peamiselt maksas ja rasvkoes. Veres transporditakse toiduga saadud trigl\u00fctseriide&nbsp; k\u00fclomikronite koosseisus. Viimased moodustuvad enterots\u00fc\u00fctides rasvade imendumisel ning liiguvad l\u00fcmfiteede kaudu vereringesse. Trigl\u00fctseriidid eemaldatakse k\u00fclomikronitest ens\u00fc\u00fcm lipoproteiini lipaasi abil, mida&hellip;","_links":{"self":[{"href":"https:\/\/www.kliinikum.ee\/yhendlabor\/wp-json\/wp\/v2\/pages\/13331","targetHints":{"allow":["GET"]}}],"collection":[{"href":"https:\/\/www.kliinikum.ee\/yhendlabor\/wp-json\/wp\/v2\/pages"}],"about":[{"href":"https:\/\/www.kliinikum.ee\/yhendlabor\/wp-json\/wp\/v2\/types\/page"}],"author":[{"embeddable":true,"href":"https:\/\/www.kliinikum.ee\/yhendlabor\/wp-json\/wp\/v2\/users\/38"}],"replies":[{"embeddable":true,"href":"https:\/\/www.kliinikum.ee\/yhendlabor\/wp-json\/wp\/v2\/comments?post=13331"}],"version-history":[{"count":0,"href":"https:\/\/www.kliinikum.ee\/yhendlabor\/wp-json\/wp\/v2\/pages\/13331\/revisions"}],"up":[{"embeddable":true,"href":"https:\/\/www.kliinikum.ee\/yhendlabor\/wp-json\/wp\/v2\/pages\/7286"}],"wp:attachment":[{"href":"https:\/\/www.kliinikum.ee\/yhendlabor\/wp-json\/wp\/v2\/media?parent=13331"}],"curies":[{"name":"wp","href":"https:\/\/api.w.org\/{rel}","templated":true}]}}