{"id":13423,"date":"2025-10-01T15:58:53","date_gmt":"2025-10-01T13:58:53","guid":{"rendered":"https:\/\/www.kliinikum.ee\/yhendlabor\/?page_id=13423"},"modified":"2025-11-29T18:06:50","modified_gmt":"2025-11-29T16:06:50","slug":"igfbp-1-tupekaapes-vag-igfbp-1","status":"publish","type":"page","link":"https:\/\/www.kliinikum.ee\/yhendlabor\/kasiraamat\/kehavedelike-uuringud\/igfbp-1-tupekaapes-vag-igfbp-1\/","title":{"rendered":"IGFBP-1 tupekaapes (Vag-IGFBP-1)"},"content":{"rendered":"\n<p><em>Laboratoorse hematoloogia ja \u00fcldkliiniliste anal\u00fc\u00fcside osakond, tel. 731 8315<\/em><\/p>\n\n\n\n<p><strong>IGFBP-1 \u00a0(<em>insulin-like growth factor binding protein-1<\/em>)<\/strong> kontsentratsioon lootevedelikus on 100\u20131000 korda k\u00f5rgem kui seerumis. IGFBP-1 ei esine tavaliselt tupes. Lootekestade rebendi j\u00e4rel seguneb k\u00f5rge IGFBP-1 kontsentratsiooniga lootevedelik tupe eritisega.<\/p>\n\n\n\n<p class=\"has-medium-font-size\"><strong>Uuritav materjal, selle v\u00f5tmine, saatmine ja s\u00e4ilitamine<\/strong><\/p>\n\n\n\n<p>Tupesekreedi proov v\u00f5etakse steriilse vatitampooniga tupe v\u00f5lvist v\u00f5i emakakaelalt, vatitampooni hoitakse tupes 10\u201315 sekundit ja asetatakse seej\u00e4rel ekstraheerimislahusesse, keerutades tampooni vastu katsuti seina 10 sekundi jooksul.<\/p>\n\n\n\n<p><em>Proovis ei tohi olla verd!<\/em><\/p>\n\n\n\n<figure class=\"wp-block-table is-style-stripes\"><table width=\"100%\"><tbody><tr><td width=\"1%\"><\/td><td width=\"15%\"><strong>Katsuti<\/strong><\/td><td width=\"84%\">Fosfaatpuhverlahusega katsuti<\/td><\/tr><tr><td><\/td><td><strong>S\u00e4ilivus<\/strong><\/td><td>Ekstraheeritud proovimaterjal neli tundi toatemperatuuril<\/td><\/tr><\/tbody><\/table><\/figure>\n\n\n\n<p class=\"has-medium-font-size\"><strong>Anal\u00fc\u00fcsi tegemise aeg: <\/strong>\u00f6\u00f6p\u00e4evaringselt<\/p>\n\n\n\n<p class=\"has-medium-font-size\"><strong>Anal\u00fc\u00fcsimeetod: <\/strong>immuunkromatograafiline meetod<\/p>\n\n\n\n<p class=\"has-medium-font-size\"><strong>Vastuse vorm<\/strong><\/p>\n\n\n\n<p>Positiivne\/negatiive<\/p>\n\n\n\n<p class=\"has-medium-font-size\"><strong>N\u00e4idustus ja kliiniline t\u00e4hendus<\/strong><\/p>\n\n\n\n<p>Positiivne tulemus viitab lootevedeliku olemasolule tupes.<\/p>\n\n\n\n<p>Koostaja: Anneli Aus<\/p>\n","protected":false},"excerpt":{"rendered":"<p>Laboratoorse hematoloogia ja \u00fcldkliiniliste anal\u00fc\u00fcside osakond, tel. 731 8315 IGFBP-1 \u00a0(insulin-like growth factor binding protein-1) kontsentratsioon lootevedelikus on 100\u20131000 korda k\u00f5rgem kui seerumis. IGFBP-1 ei esine tavaliselt tupes. Lootekestade rebendi j\u00e4rel seguneb k\u00f5rge IGFBP-1 kontsentratsiooniga lootevedelik tupe eritisega. Uuritav materjal, selle v\u00f5tmine, saatmine ja s\u00e4ilitamine Tupesekreedi proov v\u00f5etakse steriilse vatitampooniga tupe v\u00f5lvist v\u00f5i emakakaelalt, vatitampooni [&hellip;]<\/p>\n","protected":false},"author":38,"featured_media":0,"parent":7283,"menu_order":0,"comment_status":"closed","ping_status":"closed","template":"","meta":{"_uag_custom_page_level_css":"","footnotes":""},"class_list":["post-13423","page","type-page","status-publish","hentry"],"acf":[],"yoast_head":"<!-- This site is optimized with the Yoast SEO plugin v27.3 - https:\/\/yoast.com\/product\/yoast-seo-wordpress\/ -->\n<title>IGFBP-1 tupekaapes (Vag-IGFBP-1) - \u00dchendlabor<\/title>\n<meta name=\"robots\" content=\"index, follow, max-snippet:-1, max-image-preview:large, max-video-preview:-1\" \/>\n<link rel=\"canonical\" href=\"https:\/\/www.kliinikum.ee\/yhendlabor\/kasiraamat\/kehavedelike-uuringud\/igfbp-1-tupekaapes-vag-igfbp-1\/\" \/>\n<meta property=\"og:locale\" content=\"et_EE\" \/>\n<meta property=\"og:type\" content=\"article\" \/>\n<meta property=\"og:title\" content=\"IGFBP-1 tupekaapes (Vag-IGFBP-1) - \u00dchendlabor\" \/>\n<meta property=\"og:description\" content=\"Laboratoorse hematoloogia ja \u00fcldkliiniliste anal\u00fc\u00fcside osakond, tel. 731 8315 IGFBP-1 \u00a0(insulin-like growth factor binding protein-1) kontsentratsioon lootevedelikus on 100\u20131000 korda k\u00f5rgem kui seerumis. IGFBP-1 ei esine tavaliselt tupes. Lootekestade rebendi j\u00e4rel seguneb k\u00f5rge IGFBP-1 kontsentratsiooniga lootevedelik tupe eritisega. Uuritav materjal, selle v\u00f5tmine, saatmine ja s\u00e4ilitamine Tupesekreedi proov v\u00f5etakse steriilse vatitampooniga tupe v\u00f5lvist v\u00f5i emakakaelalt, vatitampooni [&hellip;]\" \/>\n<meta property=\"og:url\" content=\"https:\/\/www.kliinikum.ee\/yhendlabor\/kasiraamat\/kehavedelike-uuringud\/igfbp-1-tupekaapes-vag-igfbp-1\/\" \/>\n<meta property=\"og:site_name\" content=\"\u00dchendlabor\" \/>\n<meta property=\"article:modified_time\" content=\"2025-11-29T16:06:50+00:00\" \/>\n<meta name=\"twitter:card\" content=\"summary_large_image\" \/>\n<meta name=\"twitter:label1\" content=\"Est. reading time\" \/>\n\t<meta name=\"twitter:data1\" content=\"1 minut\" \/>\n<script type=\"application\/ld+json\" class=\"yoast-schema-graph\">{\"@context\":\"https:\\\/\\\/schema.org\",\"@graph\":[{\"@type\":\"WebPage\",\"@id\":\"https:\\\/\\\/www.kliinikum.ee\\\/yhendlabor\\\/kasiraamat\\\/kehavedelike-uuringud\\\/igfbp-1-tupekaapes-vag-igfbp-1\\\/\",\"url\":\"https:\\\/\\\/www.kliinikum.ee\\\/yhendlabor\\\/kasiraamat\\\/kehavedelike-uuringud\\\/igfbp-1-tupekaapes-vag-igfbp-1\\\/\",\"name\":\"IGFBP-1 tupekaapes (Vag-IGFBP-1) - \u00dchendlabor\",\"isPartOf\":{\"@id\":\"https:\\\/\\\/www.kliinikum.ee\\\/yhendlabor\\\/#website\"},\"datePublished\":\"2025-10-01T13:58:53+00:00\",\"dateModified\":\"2025-11-29T16:06:50+00:00\",\"breadcrumb\":{\"@id\":\"https:\\\/\\\/www.kliinikum.ee\\\/yhendlabor\\\/kasiraamat\\\/kehavedelike-uuringud\\\/igfbp-1-tupekaapes-vag-igfbp-1\\\/#breadcrumb\"},\"inLanguage\":\"et\",\"potentialAction\":[{\"@type\":\"ReadAction\",\"target\":[\"https:\\\/\\\/www.kliinikum.ee\\\/yhendlabor\\\/kasiraamat\\\/kehavedelike-uuringud\\\/igfbp-1-tupekaapes-vag-igfbp-1\\\/\"]}]},{\"@type\":\"BreadcrumbList\",\"@id\":\"https:\\\/\\\/www.kliinikum.ee\\\/yhendlabor\\\/kasiraamat\\\/kehavedelike-uuringud\\\/igfbp-1-tupekaapes-vag-igfbp-1\\\/#breadcrumb\",\"itemListElement\":[{\"@type\":\"ListItem\",\"position\":1,\"name\":\"Home\",\"item\":\"https:\\\/\\\/www.kliinikum.ee\\\/yhendlabor\\\/\"},{\"@type\":\"ListItem\",\"position\":2,\"name\":\"K\u00e4siraamat\",\"item\":\"https:\\\/\\\/www.kliinikum.ee\\\/yhendlabor\\\/kasiraamat\\\/\"},{\"@type\":\"ListItem\",\"position\":3,\"name\":\"Kehavedelike uuringud\",\"item\":\"https:\\\/\\\/www.kliinikum.ee\\\/yhendlabor\\\/kasiraamat\\\/kehavedelike-uuringud\\\/\"},{\"@type\":\"ListItem\",\"position\":4,\"name\":\"IGFBP-1 tupekaapes (Vag-IGFBP-1)\"}]},{\"@type\":\"WebSite\",\"@id\":\"https:\\\/\\\/www.kliinikum.ee\\\/yhendlabor\\\/#website\",\"url\":\"https:\\\/\\\/www.kliinikum.ee\\\/yhendlabor\\\/\",\"name\":\"\u00dchendlabor\",\"description\":\"Hoolivus, Uuendusmeelsus, P\u00e4devus ja Usaldusv\u00e4\u00e4rsus\",\"potentialAction\":[{\"@type\":\"SearchAction\",\"target\":{\"@type\":\"EntryPoint\",\"urlTemplate\":\"https:\\\/\\\/www.kliinikum.ee\\\/yhendlabor\\\/?s={search_term_string}\"},\"query-input\":{\"@type\":\"PropertyValueSpecification\",\"valueRequired\":true,\"valueName\":\"search_term_string\"}}],\"inLanguage\":\"et\"}]}<\/script>\n<!-- \/ Yoast SEO plugin. -->","yoast_head_json":{"title":"IGFBP-1 tupekaapes (Vag-IGFBP-1) - \u00dchendlabor","robots":{"index":"index","follow":"follow","max-snippet":"max-snippet:-1","max-image-preview":"max-image-preview:large","max-video-preview":"max-video-preview:-1"},"canonical":"https:\/\/www.kliinikum.ee\/yhendlabor\/kasiraamat\/kehavedelike-uuringud\/igfbp-1-tupekaapes-vag-igfbp-1\/","og_locale":"et_EE","og_type":"article","og_title":"IGFBP-1 tupekaapes (Vag-IGFBP-1) - \u00dchendlabor","og_description":"Laboratoorse hematoloogia ja \u00fcldkliiniliste anal\u00fc\u00fcside osakond, tel. 731 8315 IGFBP-1 \u00a0(insulin-like growth factor binding protein-1) kontsentratsioon lootevedelikus on 100\u20131000 korda k\u00f5rgem kui seerumis. IGFBP-1 ei esine tavaliselt tupes. Lootekestade rebendi j\u00e4rel seguneb k\u00f5rge IGFBP-1 kontsentratsiooniga lootevedelik tupe eritisega. Uuritav materjal, selle v\u00f5tmine, saatmine ja s\u00e4ilitamine Tupesekreedi proov v\u00f5etakse steriilse vatitampooniga tupe v\u00f5lvist v\u00f5i emakakaelalt, vatitampooni [&hellip;]","og_url":"https:\/\/www.kliinikum.ee\/yhendlabor\/kasiraamat\/kehavedelike-uuringud\/igfbp-1-tupekaapes-vag-igfbp-1\/","og_site_name":"\u00dchendlabor","article_modified_time":"2025-11-29T16:06:50+00:00","twitter_card":"summary_large_image","twitter_misc":{"Est. reading time":"1 minut"},"schema":{"@context":"https:\/\/schema.org","@graph":[{"@type":"WebPage","@id":"https:\/\/www.kliinikum.ee\/yhendlabor\/kasiraamat\/kehavedelike-uuringud\/igfbp-1-tupekaapes-vag-igfbp-1\/","url":"https:\/\/www.kliinikum.ee\/yhendlabor\/kasiraamat\/kehavedelike-uuringud\/igfbp-1-tupekaapes-vag-igfbp-1\/","name":"IGFBP-1 tupekaapes (Vag-IGFBP-1) - \u00dchendlabor","isPartOf":{"@id":"https:\/\/www.kliinikum.ee\/yhendlabor\/#website"},"datePublished":"2025-10-01T13:58:53+00:00","dateModified":"2025-11-29T16:06:50+00:00","breadcrumb":{"@id":"https:\/\/www.kliinikum.ee\/yhendlabor\/kasiraamat\/kehavedelike-uuringud\/igfbp-1-tupekaapes-vag-igfbp-1\/#breadcrumb"},"inLanguage":"et","potentialAction":[{"@type":"ReadAction","target":["https:\/\/www.kliinikum.ee\/yhendlabor\/kasiraamat\/kehavedelike-uuringud\/igfbp-1-tupekaapes-vag-igfbp-1\/"]}]},{"@type":"BreadcrumbList","@id":"https:\/\/www.kliinikum.ee\/yhendlabor\/kasiraamat\/kehavedelike-uuringud\/igfbp-1-tupekaapes-vag-igfbp-1\/#breadcrumb","itemListElement":[{"@type":"ListItem","position":1,"name":"Home","item":"https:\/\/www.kliinikum.ee\/yhendlabor\/"},{"@type":"ListItem","position":2,"name":"K\u00e4siraamat","item":"https:\/\/www.kliinikum.ee\/yhendlabor\/kasiraamat\/"},{"@type":"ListItem","position":3,"name":"Kehavedelike uuringud","item":"https:\/\/www.kliinikum.ee\/yhendlabor\/kasiraamat\/kehavedelike-uuringud\/"},{"@type":"ListItem","position":4,"name":"IGFBP-1 tupekaapes (Vag-IGFBP-1)"}]},{"@type":"WebSite","@id":"https:\/\/www.kliinikum.ee\/yhendlabor\/#website","url":"https:\/\/www.kliinikum.ee\/yhendlabor\/","name":"\u00dchendlabor","description":"Hoolivus, Uuendusmeelsus, P\u00e4devus ja Usaldusv\u00e4\u00e4rsus","potentialAction":[{"@type":"SearchAction","target":{"@type":"EntryPoint","urlTemplate":"https:\/\/www.kliinikum.ee\/yhendlabor\/?s={search_term_string}"},"query-input":{"@type":"PropertyValueSpecification","valueRequired":true,"valueName":"search_term_string"}}],"inLanguage":"et"}]}},"uagb_featured_image_src":{"full":false,"thumbnail":false,"medium":false,"medium_large":false,"large":false,"1536x1536":false,"2048x2048":false},"uagb_author_info":{"display_name":"Kadi Siigur","author_link":"https:\/\/www.kliinikum.ee\/yhendlabor\/author\/kadisi\/"},"uagb_comment_info":0,"uagb_excerpt":"Laboratoorse hematoloogia ja \u00fcldkliiniliste anal\u00fc\u00fcside osakond, tel. 731 8315 IGFBP-1 \u00a0(insulin-like growth factor binding protein-1) kontsentratsioon lootevedelikus on 100\u20131000 korda k\u00f5rgem kui seerumis. IGFBP-1 ei esine tavaliselt tupes. Lootekestade rebendi j\u00e4rel seguneb k\u00f5rge IGFBP-1 kontsentratsiooniga lootevedelik tupe eritisega. Uuritav materjal, selle v\u00f5tmine, saatmine ja s\u00e4ilitamine Tupesekreedi proov v\u00f5etakse steriilse vatitampooniga tupe v\u00f5lvist v\u00f5i emakakaelalt, vatitampooni&hellip;","_links":{"self":[{"href":"https:\/\/www.kliinikum.ee\/yhendlabor\/wp-json\/wp\/v2\/pages\/13423","targetHints":{"allow":["GET"]}}],"collection":[{"href":"https:\/\/www.kliinikum.ee\/yhendlabor\/wp-json\/wp\/v2\/pages"}],"about":[{"href":"https:\/\/www.kliinikum.ee\/yhendlabor\/wp-json\/wp\/v2\/types\/page"}],"author":[{"embeddable":true,"href":"https:\/\/www.kliinikum.ee\/yhendlabor\/wp-json\/wp\/v2\/users\/38"}],"replies":[{"embeddable":true,"href":"https:\/\/www.kliinikum.ee\/yhendlabor\/wp-json\/wp\/v2\/comments?post=13423"}],"version-history":[{"count":0,"href":"https:\/\/www.kliinikum.ee\/yhendlabor\/wp-json\/wp\/v2\/pages\/13423\/revisions"}],"up":[{"embeddable":true,"href":"https:\/\/www.kliinikum.ee\/yhendlabor\/wp-json\/wp\/v2\/pages\/7283"}],"wp:attachment":[{"href":"https:\/\/www.kliinikum.ee\/yhendlabor\/wp-json\/wp\/v2\/media?parent=13423"}],"curies":[{"name":"wp","href":"https:\/\/api.w.org\/{rel}","templated":true}]}}