{"id":13654,"date":"2025-10-14T12:54:04","date_gmt":"2025-10-14T10:54:04","guid":{"rendered":"https:\/\/www.kliinikum.ee\/yhendlabor\/?page_id=13654"},"modified":"2025-11-26T21:38:02","modified_gmt":"2025-11-26T19:38:02","slug":"kasvajaantigeen-he4-sp-he4","status":"publish","type":"page","link":"https:\/\/www.kliinikum.ee\/yhendlabor\/kasiraamat\/kasvajamarkerite-uuringud\/kasvajaantigeen-he4-sp-he4\/","title":{"rendered":"Kasvajaantigeen HE4 (S,P-HE4)"},"content":{"rendered":"\n<p><em>Kliinilise keemia ja laboratoorse hematoloogia osakond<\/em><\/p>\n\n\n\n<p><strong>Kasvajaantigeen HE4 (<em>human epididymis protein 4<\/em>)<\/strong> avastati esialgselt munandimanuse epiteelist, kus tal on roll seemnerakkude k\u00fcpsemisel. N\u00fc\u00fcdseks on kindlaks tehtud, et HE4 leidub ka paljudes teistes kudedes, nagu hingamisteede ja reproduktiivorganite epiteelis, aga ka munasarjav\u00e4hi koes. HE4 tase on t\u00f5usnud ka munasarjav\u00e4higa patsiendi seerumis. Normaalses munasarjas produtseeritakse HE4 minimaalselt. Epiteliaalse munasarjav\u00e4hi suhtes on HE4 v\u00f5rreldes teiste kasvajamarkeritega k\u00f5ige tundlikum (sensitiivsus 67%, spetsiifilisus 96%), seda eriti just v\u00e4hi varajastes staadiumides. Kasvajaantigeen CA 125 ja HE4 kooskasutamisel suureneb sensitiivsus epiteliaalse munasarjav\u00e4hi suhtes veelgi (sensitiivsus 76%, spetsiifilisus 95%).<\/p>\n\n\n\n<p class=\"has-medium-font-size\"><strong>Uuritav materjal, selle v\u00f5tmine, saatmine ja s\u00e4ilitamine<\/strong><\/p>\n\n\n\n<figure class=\"wp-block-table is-style-stripes\"><table width=\"100%\"><tbody><tr><td width=\"1%\"><\/td><td width=\"15%\"><strong>Katsuti<\/strong><\/td><td width=\"84%\">Geeli ja h\u00fc\u00fcbimisaktivaatoriga katsuti (punane kollase r\u00f5ngaga v\u00f5i kollane kork) v\u00f5i geeliga LH-katsuti (roheline kollase r\u00f5ngaga v\u00f5i heleroheline kork)<\/td><\/tr><tr><td><\/td><td><strong>S\u00e4ilivus<\/strong><\/td><td>Seerum\/plasma toatemperatuuril viis tundi, +4 \u00b0C kaks p\u00e4eva, -20 \u00b0C 12 n\u00e4dalat<\/td><\/tr><\/tbody><\/table><\/figure>\n\n\n\n<p class=\"has-medium-font-size\"><strong>Anal\u00fc\u00fcsi tegemise aeg:<\/strong> t\u00f6\u00f6p\u00e4eviti<\/p>\n\n\n\n<p class=\"has-medium-font-size\"><strong>Anal\u00fc\u00fcsimeetod:<\/strong> elektrokemoluminestsents-immuunmeetod (ECLIA)<\/p>\n\n\n\n<p class=\"has-medium-font-size\"><strong>Referentsv\u00e4\u00e4rtused<\/strong><\/p>\n\n\n\n<figure class=\"wp-block-table\"><table width=\"100%\"><tbody><tr><td width=\"1%\"><\/td><td width=\"30%\"><strong>Premenopaus<\/strong><\/td><td width=\"69%\">&lt; 70 pmol\/L<\/td><\/tr><tr><td><\/td><td><strong>Postmenopaus<\/strong><\/td><td>&lt; 140 pmol\/L<\/td><\/tr><\/tbody><\/table><\/figure>\n\n\n\n<p class=\"has-medium-font-size\"><strong>N\u00e4idustus ja kliiniline t\u00e4hendus<\/strong><\/p>\n\n\n\n<p>Maliigsusriski hindamine naistel, kellel on avastatud vaagnamass. Lisauuring munasarja v\u00e4hi diagnostikas, ravi seires ja haiguskulu j\u00e4lgimisel. NB! HE4 ei saa kasutada munasarjav\u00e4hi skriiningtestina.<\/p>\n\n\n\n<p>T\u00f5usnud HE4 tase on iseloomulik epiteliaalsele munasarjav\u00e4hile, kuid pole sellele t\u00e4ielikult spetsiifiline. Haiguse j\u00e4lgimisel peetakse kontsentratsiooni suurenemist \u2265 25% v\u00e4hi retsidiivi v\u00f5i haiguse progresseerumise tunnuseks, taseme v\u00e4henemist \u2265 50% aga hea raviefekti tunnuseks.<\/p>\n\n\n\n<p>Lisaks epiteliaalsele munasarjav\u00e4hile on suurenenud HE4 sisaldust t\u00e4heldatud rinnav\u00e4hi, endomeetriumi v\u00e4hi, kopsuv\u00e4hi, gastrointestinaalse v\u00e4hi ja p\u00f5iev\u00e4hi korral. HE4 tase on t\u00f5usnud ka raseduse, healoomuliste g\u00fcnekoloogiliste protsesside, s\u00fcdame paispuudulikkuse, maksahaiguste, efusioonide ja neerupuudulikkuse korral.<\/p>\n\n\n\n<p>Mutsinoossete ja idurakuliste munasarjav\u00e4hkide puhul HE4 tase ei t\u00f5use.<\/p>\n\n\n\n<p>Kombineerides HE4 ja CA 125 v\u00e4\u00e4rtusi saab arvutada ROMA (<em>Risk of Ovarian Malignancy Algorithm<\/em>) indeksi (v\u00f5etakse arvesse HE4 ja CA 125 tulemused ning patsiendi menopausaalne staatus). ROMA abil saab hinnata, kui suur on pahaloomulise kasvaja esinemise t\u00f5en\u00e4osus vaagnamassiga patsiendil.<\/p>\n\n\n\n<p>Premenopausis naised:<\/p>\n\n\n\n<p>ROMA \u2265 11,4% \u2013 suure t\u00f5en\u00e4osusega on tegemist epiteliaalse munasarjav\u00e4higa;<br>ROMA &lt; 11,4% \u2013 epiteliaalse munasarjav\u00e4hi esinemine on v\u00e4he t\u00f5en\u00e4oline.<\/p>\n\n\n\n<p>Postmenopausis naised:<\/p>\n\n\n\n<p>ROMA \u2265 29,9 \u2013 suure t\u00f5en\u00e4osusega on tegemist epiteliaalse munasarjav\u00e4higa;<br>ROMA &lt; 29,9 \u2013 epiteliaalse munasarjav\u00e4hi esinemine on v\u00e4he t\u00f5en\u00e4oline.<\/p>\n\n\n\n<p>ROMA ei ole valideeritud ja pole seega kasutatav patsientidel, kellel on varem ravitud pahaloomulisi kasvajaid, kes momendil saavad kemoteraapiat v\u00f5i kes on alla 18-aastased.<\/p>\n\n\n\n<p>Vt ka: <a href=\"https:\/\/www.kliinikum.ee\/yhendlabor\/kasiraamat\/kasvajamarkerite-uuringud\/kasvajaantigeen-ca-125-sp-ca-125\/\">Kasvajaantigeen CA 125<\/a><\/p>\n\n\n\n<p>Koostaja: Kaja Vaagen<br>Muudetud 02.10.2019<\/p>\n\n\n\n<p><\/p>\n","protected":false},"excerpt":{"rendered":"<p>Kliinilise keemia ja laboratoorse hematoloogia osakond Kasvajaantigeen HE4 (human epididymis protein 4) avastati esialgselt munandimanuse epiteelist, kus tal on roll seemnerakkude k\u00fcpsemisel. N\u00fc\u00fcdseks on kindlaks tehtud, et HE4 leidub ka paljudes teistes kudedes, nagu hingamisteede ja reproduktiivorganite epiteelis, aga ka munasarjav\u00e4hi koes. HE4 tase on t\u00f5usnud ka munasarjav\u00e4higa patsiendi seerumis. Normaalses munasarjas produtseeritakse HE4 minimaalselt. [&hellip;]<\/p>\n","protected":false},"author":38,"featured_media":0,"parent":7280,"menu_order":12,"comment_status":"closed","ping_status":"closed","template":"","meta":{"_uag_custom_page_level_css":"","footnotes":""},"class_list":["post-13654","page","type-page","status-publish","hentry"],"acf":[],"yoast_head":"<!-- This site is optimized with the Yoast SEO plugin v27.3 - https:\/\/yoast.com\/product\/yoast-seo-wordpress\/ -->\n<title>Kasvajaantigeen HE4 (S,P-HE4) - \u00dchendlabor<\/title>\n<meta name=\"robots\" content=\"index, follow, max-snippet:-1, max-image-preview:large, max-video-preview:-1\" \/>\n<link rel=\"canonical\" href=\"https:\/\/www.kliinikum.ee\/yhendlabor\/kasiraamat\/kasvajamarkerite-uuringud\/kasvajaantigeen-he4-sp-he4\/\" \/>\n<meta property=\"og:locale\" content=\"et_EE\" \/>\n<meta property=\"og:type\" content=\"article\" \/>\n<meta property=\"og:title\" content=\"Kasvajaantigeen HE4 (S,P-HE4) - \u00dchendlabor\" \/>\n<meta property=\"og:description\" content=\"Kliinilise keemia ja laboratoorse hematoloogia osakond Kasvajaantigeen HE4 (human epididymis protein 4) avastati esialgselt munandimanuse epiteelist, kus tal on roll seemnerakkude k\u00fcpsemisel. N\u00fc\u00fcdseks on kindlaks tehtud, et HE4 leidub ka paljudes teistes kudedes, nagu hingamisteede ja reproduktiivorganite epiteelis, aga ka munasarjav\u00e4hi koes. HE4 tase on t\u00f5usnud ka munasarjav\u00e4higa patsiendi seerumis. Normaalses munasarjas produtseeritakse HE4 minimaalselt. [&hellip;]\" \/>\n<meta property=\"og:url\" content=\"https:\/\/www.kliinikum.ee\/yhendlabor\/kasiraamat\/kasvajamarkerite-uuringud\/kasvajaantigeen-he4-sp-he4\/\" \/>\n<meta property=\"og:site_name\" content=\"\u00dchendlabor\" \/>\n<meta property=\"article:modified_time\" content=\"2025-11-26T19:38:02+00:00\" \/>\n<meta name=\"twitter:card\" content=\"summary_large_image\" \/>\n<meta name=\"twitter:label1\" content=\"Est. reading time\" \/>\n\t<meta name=\"twitter:data1\" content=\"2 minutit\" \/>\n<script type=\"application\/ld+json\" class=\"yoast-schema-graph\">{\"@context\":\"https:\\\/\\\/schema.org\",\"@graph\":[{\"@type\":\"WebPage\",\"@id\":\"https:\\\/\\\/www.kliinikum.ee\\\/yhendlabor\\\/kasiraamat\\\/kasvajamarkerite-uuringud\\\/kasvajaantigeen-he4-sp-he4\\\/\",\"url\":\"https:\\\/\\\/www.kliinikum.ee\\\/yhendlabor\\\/kasiraamat\\\/kasvajamarkerite-uuringud\\\/kasvajaantigeen-he4-sp-he4\\\/\",\"name\":\"Kasvajaantigeen HE4 (S,P-HE4) - \u00dchendlabor\",\"isPartOf\":{\"@id\":\"https:\\\/\\\/www.kliinikum.ee\\\/yhendlabor\\\/#website\"},\"datePublished\":\"2025-10-14T10:54:04+00:00\",\"dateModified\":\"2025-11-26T19:38:02+00:00\",\"breadcrumb\":{\"@id\":\"https:\\\/\\\/www.kliinikum.ee\\\/yhendlabor\\\/kasiraamat\\\/kasvajamarkerite-uuringud\\\/kasvajaantigeen-he4-sp-he4\\\/#breadcrumb\"},\"inLanguage\":\"et\",\"potentialAction\":[{\"@type\":\"ReadAction\",\"target\":[\"https:\\\/\\\/www.kliinikum.ee\\\/yhendlabor\\\/kasiraamat\\\/kasvajamarkerite-uuringud\\\/kasvajaantigeen-he4-sp-he4\\\/\"]}]},{\"@type\":\"BreadcrumbList\",\"@id\":\"https:\\\/\\\/www.kliinikum.ee\\\/yhendlabor\\\/kasiraamat\\\/kasvajamarkerite-uuringud\\\/kasvajaantigeen-he4-sp-he4\\\/#breadcrumb\",\"itemListElement\":[{\"@type\":\"ListItem\",\"position\":1,\"name\":\"Home\",\"item\":\"https:\\\/\\\/www.kliinikum.ee\\\/yhendlabor\\\/\"},{\"@type\":\"ListItem\",\"position\":2,\"name\":\"K\u00e4siraamat\",\"item\":\"https:\\\/\\\/www.kliinikum.ee\\\/yhendlabor\\\/kasiraamat\\\/\"},{\"@type\":\"ListItem\",\"position\":3,\"name\":\"Kasvajamarkerite uuringud\",\"item\":\"https:\\\/\\\/www.kliinikum.ee\\\/yhendlabor\\\/kasiraamat\\\/kasvajamarkerite-uuringud\\\/\"},{\"@type\":\"ListItem\",\"position\":4,\"name\":\"Kasvajaantigeen HE4 (S,P-HE4)\"}]},{\"@type\":\"WebSite\",\"@id\":\"https:\\\/\\\/www.kliinikum.ee\\\/yhendlabor\\\/#website\",\"url\":\"https:\\\/\\\/www.kliinikum.ee\\\/yhendlabor\\\/\",\"name\":\"\u00dchendlabor\",\"description\":\"Hoolivus, Uuendusmeelsus, P\u00e4devus ja Usaldusv\u00e4\u00e4rsus\",\"potentialAction\":[{\"@type\":\"SearchAction\",\"target\":{\"@type\":\"EntryPoint\",\"urlTemplate\":\"https:\\\/\\\/www.kliinikum.ee\\\/yhendlabor\\\/?s={search_term_string}\"},\"query-input\":{\"@type\":\"PropertyValueSpecification\",\"valueRequired\":true,\"valueName\":\"search_term_string\"}}],\"inLanguage\":\"et\"}]}<\/script>\n<!-- \/ Yoast SEO plugin. -->","yoast_head_json":{"title":"Kasvajaantigeen HE4 (S,P-HE4) - \u00dchendlabor","robots":{"index":"index","follow":"follow","max-snippet":"max-snippet:-1","max-image-preview":"max-image-preview:large","max-video-preview":"max-video-preview:-1"},"canonical":"https:\/\/www.kliinikum.ee\/yhendlabor\/kasiraamat\/kasvajamarkerite-uuringud\/kasvajaantigeen-he4-sp-he4\/","og_locale":"et_EE","og_type":"article","og_title":"Kasvajaantigeen HE4 (S,P-HE4) - \u00dchendlabor","og_description":"Kliinilise keemia ja laboratoorse hematoloogia osakond Kasvajaantigeen HE4 (human epididymis protein 4) avastati esialgselt munandimanuse epiteelist, kus tal on roll seemnerakkude k\u00fcpsemisel. N\u00fc\u00fcdseks on kindlaks tehtud, et HE4 leidub ka paljudes teistes kudedes, nagu hingamisteede ja reproduktiivorganite epiteelis, aga ka munasarjav\u00e4hi koes. HE4 tase on t\u00f5usnud ka munasarjav\u00e4higa patsiendi seerumis. Normaalses munasarjas produtseeritakse HE4 minimaalselt. [&hellip;]","og_url":"https:\/\/www.kliinikum.ee\/yhendlabor\/kasiraamat\/kasvajamarkerite-uuringud\/kasvajaantigeen-he4-sp-he4\/","og_site_name":"\u00dchendlabor","article_modified_time":"2025-11-26T19:38:02+00:00","twitter_card":"summary_large_image","twitter_misc":{"Est. reading time":"2 minutit"},"schema":{"@context":"https:\/\/schema.org","@graph":[{"@type":"WebPage","@id":"https:\/\/www.kliinikum.ee\/yhendlabor\/kasiraamat\/kasvajamarkerite-uuringud\/kasvajaantigeen-he4-sp-he4\/","url":"https:\/\/www.kliinikum.ee\/yhendlabor\/kasiraamat\/kasvajamarkerite-uuringud\/kasvajaantigeen-he4-sp-he4\/","name":"Kasvajaantigeen HE4 (S,P-HE4) - \u00dchendlabor","isPartOf":{"@id":"https:\/\/www.kliinikum.ee\/yhendlabor\/#website"},"datePublished":"2025-10-14T10:54:04+00:00","dateModified":"2025-11-26T19:38:02+00:00","breadcrumb":{"@id":"https:\/\/www.kliinikum.ee\/yhendlabor\/kasiraamat\/kasvajamarkerite-uuringud\/kasvajaantigeen-he4-sp-he4\/#breadcrumb"},"inLanguage":"et","potentialAction":[{"@type":"ReadAction","target":["https:\/\/www.kliinikum.ee\/yhendlabor\/kasiraamat\/kasvajamarkerite-uuringud\/kasvajaantigeen-he4-sp-he4\/"]}]},{"@type":"BreadcrumbList","@id":"https:\/\/www.kliinikum.ee\/yhendlabor\/kasiraamat\/kasvajamarkerite-uuringud\/kasvajaantigeen-he4-sp-he4\/#breadcrumb","itemListElement":[{"@type":"ListItem","position":1,"name":"Home","item":"https:\/\/www.kliinikum.ee\/yhendlabor\/"},{"@type":"ListItem","position":2,"name":"K\u00e4siraamat","item":"https:\/\/www.kliinikum.ee\/yhendlabor\/kasiraamat\/"},{"@type":"ListItem","position":3,"name":"Kasvajamarkerite uuringud","item":"https:\/\/www.kliinikum.ee\/yhendlabor\/kasiraamat\/kasvajamarkerite-uuringud\/"},{"@type":"ListItem","position":4,"name":"Kasvajaantigeen HE4 (S,P-HE4)"}]},{"@type":"WebSite","@id":"https:\/\/www.kliinikum.ee\/yhendlabor\/#website","url":"https:\/\/www.kliinikum.ee\/yhendlabor\/","name":"\u00dchendlabor","description":"Hoolivus, Uuendusmeelsus, P\u00e4devus ja Usaldusv\u00e4\u00e4rsus","potentialAction":[{"@type":"SearchAction","target":{"@type":"EntryPoint","urlTemplate":"https:\/\/www.kliinikum.ee\/yhendlabor\/?s={search_term_string}"},"query-input":{"@type":"PropertyValueSpecification","valueRequired":true,"valueName":"search_term_string"}}],"inLanguage":"et"}]}},"uagb_featured_image_src":{"full":false,"thumbnail":false,"medium":false,"medium_large":false,"large":false,"1536x1536":false,"2048x2048":false},"uagb_author_info":{"display_name":"Kadi Siigur","author_link":"https:\/\/www.kliinikum.ee\/yhendlabor\/author\/kadisi\/"},"uagb_comment_info":0,"uagb_excerpt":"Kliinilise keemia ja laboratoorse hematoloogia osakond Kasvajaantigeen HE4 (human epididymis protein 4) avastati esialgselt munandimanuse epiteelist, kus tal on roll seemnerakkude k\u00fcpsemisel. N\u00fc\u00fcdseks on kindlaks tehtud, et HE4 leidub ka paljudes teistes kudedes, nagu hingamisteede ja reproduktiivorganite epiteelis, aga ka munasarjav\u00e4hi koes. HE4 tase on t\u00f5usnud ka munasarjav\u00e4higa patsiendi seerumis. Normaalses munasarjas produtseeritakse HE4 minimaalselt.&hellip;","_links":{"self":[{"href":"https:\/\/www.kliinikum.ee\/yhendlabor\/wp-json\/wp\/v2\/pages\/13654","targetHints":{"allow":["GET"]}}],"collection":[{"href":"https:\/\/www.kliinikum.ee\/yhendlabor\/wp-json\/wp\/v2\/pages"}],"about":[{"href":"https:\/\/www.kliinikum.ee\/yhendlabor\/wp-json\/wp\/v2\/types\/page"}],"author":[{"embeddable":true,"href":"https:\/\/www.kliinikum.ee\/yhendlabor\/wp-json\/wp\/v2\/users\/38"}],"replies":[{"embeddable":true,"href":"https:\/\/www.kliinikum.ee\/yhendlabor\/wp-json\/wp\/v2\/comments?post=13654"}],"version-history":[{"count":0,"href":"https:\/\/www.kliinikum.ee\/yhendlabor\/wp-json\/wp\/v2\/pages\/13654\/revisions"}],"up":[{"embeddable":true,"href":"https:\/\/www.kliinikum.ee\/yhendlabor\/wp-json\/wp\/v2\/pages\/7280"}],"wp:attachment":[{"href":"https:\/\/www.kliinikum.ee\/yhendlabor\/wp-json\/wp\/v2\/media?parent=13654"}],"curies":[{"name":"wp","href":"https:\/\/api.w.org\/{rel}","templated":true}]}}