{"id":13721,"date":"2025-10-22T21:02:27","date_gmt":"2025-10-22T19:02:27","guid":{"rendered":"https:\/\/www.kliinikum.ee\/yhendlabor\/?page_id=13721"},"modified":"2025-12-11T17:19:23","modified_gmt":"2025-12-11T15:19:23","slug":"isoniasiid-sp-isoniazid","status":"publish","type":"page","link":"https:\/\/www.kliinikum.ee\/yhendlabor\/kasiraamat\/ravimiseire-uuringud\/isoniasiid-sp-isoniazid\/","title":{"rendered":"Isoniasiid (S,P-Isoniazid)"},"content":{"rendered":"\n<p><em>Kliinilise ja laboratoorse hematoloogia osakond<\/em><\/p>\n\n\n\n<p><strong>Isoniasiid<\/strong> on m\u00fckoolhappe s\u00fcnteesi p\u00e4rssiv bakteritsiidse toimega antibiootikum, mis kuulub tuberkuloosi ravis esimese rea preparaatide hulka. Isoniasiidi kasutatakse ka teiste m\u00fckobakterite p\u00f5hjustatud infektsioonide ravis.<\/p>\n\n\n\n<p>Isoniasiidi manustatakse tavap\u00e4raselt suukaudselt, aga v\u00f5ib manustada ka intramuskulaarselt. Suukaudse manustamise puhul peaks ravimit v\u00f5tma t\u00fchja k\u00f5huga. Ravim imendub sellisel juhul gastrointestinaaltraktist kiiresti, saavutades maksimaalse plasmakontsentratsiooni 1\u20132 tunni jooksul peale manustamist. T\u00e4is k\u00f5huga ravimi v\u00f5tmise j\u00e4rel imendub ravim aeglasemalt ja saavutatav maksimaalne plasmakontsentratsioon v\u00f5ib olla poole v\u00f5rra. Ravim seondub veres valkudega v\u00e4hesel m\u00e4\u00e4ral (&lt;10%).<\/p>\n\n\n\n<p>Isoniasiidi metabolism toimub maksas, kus oluliseks etapiks on ravimi atset\u00fcleerimine. Atset\u00fcleerimise kiirus varieerub populatsiooni hulgas, mist\u00f5ttu varieerub ka plasma poolv\u00e4\u00e4rtusaeg v\u00f5rdlemisi suures vahemikus \u2013 1,5\u20134 tundi. \u00dcle 90% ravimist ja selle metaboliitidest eritatakse uriiniga, v\u00e4ike osa v\u00e4ljaheidetega.<\/p>\n\n\n\n<p>Sagedasteks k\u00f5rvaltoimeteks on B6 vitamiini puudusest p\u00f5hjustatud neuroloogilised n\u00e4hud nagu perifeerne neuropaatia, ataksia ja paresteesiad. Esineda v\u00f5ib ka k\u00f5huvalu, iiveldust, oksendamist, urtikaariat, hematoloogilisi k\u00f5rvalekaldeid, maksakahjustust. Kirjeldatud on ka ravimindutseeritud luupust. Akuutsel \u00fcleannustamisel v\u00f5ivad tekkida teadvush\u00e4ired, krambihood ja <em>status epilepticus<\/em>.<\/p>\n\n\n\n<p class=\"has-medium-font-size\"><strong>Uuritav materjal, selle v\u00f5tmine, saatmine ja s\u00e4ilitamine<\/strong><\/p>\n\n\n\n<p>M\u00f5\u00f5detakse tippkontsentratsiooni (C<sub>max<\/sub>) 2 tunni ja 6 tunni m\u00f6\u00f6dudes ravimi manustamisest.<\/p>\n\n\n\n<figure class=\"wp-block-table is-style-stripes\"><table width=\"100%\"><tbody><tr><td width=\"1%\"><\/td><td width=\"15%\"><strong>Katsuti<\/strong><\/td><td width=\"84%\">K2E\/K3E-katsuti (lilla kork)<\/td><\/tr><tr><td><\/td><td><strong>S\u00e4ilivus<\/strong><\/td><td>Proov tuleb tuua koheselt laborisse, s\u00e4ilitamine plasmas -20 \u00baC juures<\/td><\/tr><\/tbody><\/table><\/figure>\n\n\n\n<p class=\"has-medium-font-size\"><strong>Anal\u00fc\u00fcsi tegemise aeg: <\/strong>t\u00f6\u00f6p\u00e4eviti<\/p>\n\n\n\n<p class=\"has-medium-font-size\"><strong>Anal\u00fc\u00fcsimeetod: <\/strong>vedelikkromatograafia-massispektromeetria (LC-MS\/MS)<\/p>\n\n\n\n<p class=\"has-medium-font-size\"><strong>Referentsv\u00e4\u00e4rtused<\/strong><\/p>\n\n\n\n<p>Terapeutiline vahemik ja toksiline piir ei ole \u00fcheselt m\u00e4\u00e4ratud. Ravimseire jaoks k\u00f5ige informatiivsemaks n\u00e4itajaks on tippkontsentratsioon, kuna baaskontsentratsioon on liiga madal m\u00f5\u00f5temetoodikaga detekteerimiseks. M\u00f5ne patsiendi puhul v\u00f5ib optimaalne ravivastus olla ravimikontsentratsiooni juures, mis j\u00e4\u00e4b antud vahemikust v\u00e4lja.<\/p>\n\n\n\n<figure class=\"wp-block-table\"><table width=\"100%\"><tbody><tr><td width=\"1%\"><\/td><td width=\"30%\"><strong>Soovituslik C<sub>max<\/sub> (1,2)<\/strong><\/td><td width=\"69%\">3\u20136 mg\/L (annustamine 300 mg \u00f6\u00f6p\u00e4evas) <br>9\u201315 mg\/L (annustamine 900 mg kaks korda n\u00e4dalas)<\/td><\/tr><tr><td><\/td><td><strong>Toksiline kontsentratsioon<\/strong><\/td><td>Ei ole \u00fcheselt m\u00e4\u00e4ratletud<\/td><\/tr><\/tbody><\/table><\/figure>\n\n\n\n<p class=\"has-medium-font-size\"><strong>N\u00e4idustus ja kliiniline t\u00e4hendus<\/strong><\/p>\n\n\n\n<p>Ravi j\u00e4lgimine, optimaalse raviskeemi leidmine.<\/p>\n\n\n\n<p class=\"has-medium-font-size\"><strong>Kasutatud kirjandus<\/strong><\/p>\n\n\n\n<ol class=\"wp-block-list\">\n<li>Alsultan A and Peloquin CA. Therapeutic drug monitoring in the treatment of tuberculosis: an update. Drugs 2014;74:839-54<\/li>\n\n\n\n<li>Rihwa Choi, Byeong-Ho Jeong, Won-Jung Koh, Soo-Youn Lee. Recommendations for Optimizing Tuberculosis Treatment: Therapeutic Drug Monitoring, Pharmacogenetics, and Nutritional Status Considerations. Ann Lab Med 2017;37:97-107<\/li>\n\n\n\n<li><a href=\"https:\/\/www.uptodate.com\/\">https:\/\/www.uptodate.com\/<\/a><\/li>\n<\/ol>\n\n\n\n<p>Koostajad: Johannes P\u00e4rtel Truusalu, Jelena Beljantseva<br>Koostatud 01.02.2022<\/p>\n","protected":false},"excerpt":{"rendered":"<p>Kliinilise ja laboratoorse hematoloogia osakond Isoniasiid on m\u00fckoolhappe s\u00fcnteesi p\u00e4rssiv bakteritsiidse toimega antibiootikum, mis kuulub tuberkuloosi ravis esimese rea preparaatide hulka. Isoniasiidi kasutatakse ka teiste m\u00fckobakterite p\u00f5hjustatud infektsioonide ravis. Isoniasiidi manustatakse tavap\u00e4raselt suukaudselt, aga v\u00f5ib manustada ka intramuskulaarselt. Suukaudse manustamise puhul peaks ravimit v\u00f5tma t\u00fchja k\u00f5huga. Ravim imendub sellisel juhul gastrointestinaaltraktist kiiresti, saavutades maksimaalse plasmakontsentratsiooni [&hellip;]<\/p>\n","protected":false},"author":38,"featured_media":0,"parent":7301,"menu_order":10,"comment_status":"closed","ping_status":"closed","template":"","meta":{"_uag_custom_page_level_css":"","footnotes":""},"class_list":["post-13721","page","type-page","status-publish","hentry"],"acf":[],"yoast_head":"<!-- This site is optimized with the Yoast SEO plugin v27.3 - https:\/\/yoast.com\/product\/yoast-seo-wordpress\/ -->\n<title>Isoniasiid (S,P-Isoniazid) - \u00dchendlabor<\/title>\n<meta name=\"robots\" content=\"index, follow, max-snippet:-1, max-image-preview:large, max-video-preview:-1\" \/>\n<link rel=\"canonical\" href=\"https:\/\/www.kliinikum.ee\/yhendlabor\/kasiraamat\/ravimiseire-uuringud\/isoniasiid-sp-isoniazid\/\" \/>\n<meta property=\"og:locale\" content=\"et_EE\" \/>\n<meta property=\"og:type\" content=\"article\" \/>\n<meta property=\"og:title\" content=\"Isoniasiid (S,P-Isoniazid) - \u00dchendlabor\" \/>\n<meta property=\"og:description\" content=\"Kliinilise ja laboratoorse hematoloogia osakond Isoniasiid on m\u00fckoolhappe s\u00fcnteesi p\u00e4rssiv bakteritsiidse toimega antibiootikum, mis kuulub tuberkuloosi ravis esimese rea preparaatide hulka. Isoniasiidi kasutatakse ka teiste m\u00fckobakterite p\u00f5hjustatud infektsioonide ravis. Isoniasiidi manustatakse tavap\u00e4raselt suukaudselt, aga v\u00f5ib manustada ka intramuskulaarselt. Suukaudse manustamise puhul peaks ravimit v\u00f5tma t\u00fchja k\u00f5huga. Ravim imendub sellisel juhul gastrointestinaaltraktist kiiresti, saavutades maksimaalse plasmakontsentratsiooni [&hellip;]\" \/>\n<meta property=\"og:url\" content=\"https:\/\/www.kliinikum.ee\/yhendlabor\/kasiraamat\/ravimiseire-uuringud\/isoniasiid-sp-isoniazid\/\" \/>\n<meta property=\"og:site_name\" content=\"\u00dchendlabor\" \/>\n<meta property=\"article:modified_time\" content=\"2025-12-11T15:19:23+00:00\" \/>\n<meta name=\"twitter:card\" content=\"summary_large_image\" \/>\n<meta name=\"twitter:label1\" content=\"Est. reading time\" \/>\n\t<meta name=\"twitter:data1\" content=\"2 minutit\" \/>\n<script type=\"application\/ld+json\" class=\"yoast-schema-graph\">{\"@context\":\"https:\\\/\\\/schema.org\",\"@graph\":[{\"@type\":\"WebPage\",\"@id\":\"https:\\\/\\\/www.kliinikum.ee\\\/yhendlabor\\\/kasiraamat\\\/ravimiseire-uuringud\\\/isoniasiid-sp-isoniazid\\\/\",\"url\":\"https:\\\/\\\/www.kliinikum.ee\\\/yhendlabor\\\/kasiraamat\\\/ravimiseire-uuringud\\\/isoniasiid-sp-isoniazid\\\/\",\"name\":\"Isoniasiid (S,P-Isoniazid) - \u00dchendlabor\",\"isPartOf\":{\"@id\":\"https:\\\/\\\/www.kliinikum.ee\\\/yhendlabor\\\/#website\"},\"datePublished\":\"2025-10-22T19:02:27+00:00\",\"dateModified\":\"2025-12-11T15:19:23+00:00\",\"breadcrumb\":{\"@id\":\"https:\\\/\\\/www.kliinikum.ee\\\/yhendlabor\\\/kasiraamat\\\/ravimiseire-uuringud\\\/isoniasiid-sp-isoniazid\\\/#breadcrumb\"},\"inLanguage\":\"et\",\"potentialAction\":[{\"@type\":\"ReadAction\",\"target\":[\"https:\\\/\\\/www.kliinikum.ee\\\/yhendlabor\\\/kasiraamat\\\/ravimiseire-uuringud\\\/isoniasiid-sp-isoniazid\\\/\"]}]},{\"@type\":\"BreadcrumbList\",\"@id\":\"https:\\\/\\\/www.kliinikum.ee\\\/yhendlabor\\\/kasiraamat\\\/ravimiseire-uuringud\\\/isoniasiid-sp-isoniazid\\\/#breadcrumb\",\"itemListElement\":[{\"@type\":\"ListItem\",\"position\":1,\"name\":\"Home\",\"item\":\"https:\\\/\\\/www.kliinikum.ee\\\/yhendlabor\\\/\"},{\"@type\":\"ListItem\",\"position\":2,\"name\":\"K\u00e4siraamat\",\"item\":\"https:\\\/\\\/www.kliinikum.ee\\\/yhendlabor\\\/kasiraamat\\\/\"},{\"@type\":\"ListItem\",\"position\":3,\"name\":\"Ravimiseire uuringud\",\"item\":\"https:\\\/\\\/www.kliinikum.ee\\\/yhendlabor\\\/kasiraamat\\\/ravimiseire-uuringud\\\/\"},{\"@type\":\"ListItem\",\"position\":4,\"name\":\"Isoniasiid (S,P-Isoniazid)\"}]},{\"@type\":\"WebSite\",\"@id\":\"https:\\\/\\\/www.kliinikum.ee\\\/yhendlabor\\\/#website\",\"url\":\"https:\\\/\\\/www.kliinikum.ee\\\/yhendlabor\\\/\",\"name\":\"\u00dchendlabor\",\"description\":\"Hoolivus, Uuendusmeelsus, P\u00e4devus ja Usaldusv\u00e4\u00e4rsus\",\"potentialAction\":[{\"@type\":\"SearchAction\",\"target\":{\"@type\":\"EntryPoint\",\"urlTemplate\":\"https:\\\/\\\/www.kliinikum.ee\\\/yhendlabor\\\/?s={search_term_string}\"},\"query-input\":{\"@type\":\"PropertyValueSpecification\",\"valueRequired\":true,\"valueName\":\"search_term_string\"}}],\"inLanguage\":\"et\"}]}<\/script>\n<!-- \/ Yoast SEO plugin. -->","yoast_head_json":{"title":"Isoniasiid (S,P-Isoniazid) - \u00dchendlabor","robots":{"index":"index","follow":"follow","max-snippet":"max-snippet:-1","max-image-preview":"max-image-preview:large","max-video-preview":"max-video-preview:-1"},"canonical":"https:\/\/www.kliinikum.ee\/yhendlabor\/kasiraamat\/ravimiseire-uuringud\/isoniasiid-sp-isoniazid\/","og_locale":"et_EE","og_type":"article","og_title":"Isoniasiid (S,P-Isoniazid) - \u00dchendlabor","og_description":"Kliinilise ja laboratoorse hematoloogia osakond Isoniasiid on m\u00fckoolhappe s\u00fcnteesi p\u00e4rssiv bakteritsiidse toimega antibiootikum, mis kuulub tuberkuloosi ravis esimese rea preparaatide hulka. Isoniasiidi kasutatakse ka teiste m\u00fckobakterite p\u00f5hjustatud infektsioonide ravis. Isoniasiidi manustatakse tavap\u00e4raselt suukaudselt, aga v\u00f5ib manustada ka intramuskulaarselt. Suukaudse manustamise puhul peaks ravimit v\u00f5tma t\u00fchja k\u00f5huga. Ravim imendub sellisel juhul gastrointestinaaltraktist kiiresti, saavutades maksimaalse plasmakontsentratsiooni [&hellip;]","og_url":"https:\/\/www.kliinikum.ee\/yhendlabor\/kasiraamat\/ravimiseire-uuringud\/isoniasiid-sp-isoniazid\/","og_site_name":"\u00dchendlabor","article_modified_time":"2025-12-11T15:19:23+00:00","twitter_card":"summary_large_image","twitter_misc":{"Est. reading time":"2 minutit"},"schema":{"@context":"https:\/\/schema.org","@graph":[{"@type":"WebPage","@id":"https:\/\/www.kliinikum.ee\/yhendlabor\/kasiraamat\/ravimiseire-uuringud\/isoniasiid-sp-isoniazid\/","url":"https:\/\/www.kliinikum.ee\/yhendlabor\/kasiraamat\/ravimiseire-uuringud\/isoniasiid-sp-isoniazid\/","name":"Isoniasiid (S,P-Isoniazid) - \u00dchendlabor","isPartOf":{"@id":"https:\/\/www.kliinikum.ee\/yhendlabor\/#website"},"datePublished":"2025-10-22T19:02:27+00:00","dateModified":"2025-12-11T15:19:23+00:00","breadcrumb":{"@id":"https:\/\/www.kliinikum.ee\/yhendlabor\/kasiraamat\/ravimiseire-uuringud\/isoniasiid-sp-isoniazid\/#breadcrumb"},"inLanguage":"et","potentialAction":[{"@type":"ReadAction","target":["https:\/\/www.kliinikum.ee\/yhendlabor\/kasiraamat\/ravimiseire-uuringud\/isoniasiid-sp-isoniazid\/"]}]},{"@type":"BreadcrumbList","@id":"https:\/\/www.kliinikum.ee\/yhendlabor\/kasiraamat\/ravimiseire-uuringud\/isoniasiid-sp-isoniazid\/#breadcrumb","itemListElement":[{"@type":"ListItem","position":1,"name":"Home","item":"https:\/\/www.kliinikum.ee\/yhendlabor\/"},{"@type":"ListItem","position":2,"name":"K\u00e4siraamat","item":"https:\/\/www.kliinikum.ee\/yhendlabor\/kasiraamat\/"},{"@type":"ListItem","position":3,"name":"Ravimiseire uuringud","item":"https:\/\/www.kliinikum.ee\/yhendlabor\/kasiraamat\/ravimiseire-uuringud\/"},{"@type":"ListItem","position":4,"name":"Isoniasiid (S,P-Isoniazid)"}]},{"@type":"WebSite","@id":"https:\/\/www.kliinikum.ee\/yhendlabor\/#website","url":"https:\/\/www.kliinikum.ee\/yhendlabor\/","name":"\u00dchendlabor","description":"Hoolivus, Uuendusmeelsus, P\u00e4devus ja Usaldusv\u00e4\u00e4rsus","potentialAction":[{"@type":"SearchAction","target":{"@type":"EntryPoint","urlTemplate":"https:\/\/www.kliinikum.ee\/yhendlabor\/?s={search_term_string}"},"query-input":{"@type":"PropertyValueSpecification","valueRequired":true,"valueName":"search_term_string"}}],"inLanguage":"et"}]}},"uagb_featured_image_src":{"full":false,"thumbnail":false,"medium":false,"medium_large":false,"large":false,"1536x1536":false,"2048x2048":false},"uagb_author_info":{"display_name":"Kadi Siigur","author_link":"https:\/\/www.kliinikum.ee\/yhendlabor\/author\/kadisi\/"},"uagb_comment_info":0,"uagb_excerpt":"Kliinilise ja laboratoorse hematoloogia osakond Isoniasiid on m\u00fckoolhappe s\u00fcnteesi p\u00e4rssiv bakteritsiidse toimega antibiootikum, mis kuulub tuberkuloosi ravis esimese rea preparaatide hulka. Isoniasiidi kasutatakse ka teiste m\u00fckobakterite p\u00f5hjustatud infektsioonide ravis. Isoniasiidi manustatakse tavap\u00e4raselt suukaudselt, aga v\u00f5ib manustada ka intramuskulaarselt. Suukaudse manustamise puhul peaks ravimit v\u00f5tma t\u00fchja k\u00f5huga. Ravim imendub sellisel juhul gastrointestinaaltraktist kiiresti, saavutades maksimaalse plasmakontsentratsiooni&hellip;","_links":{"self":[{"href":"https:\/\/www.kliinikum.ee\/yhendlabor\/wp-json\/wp\/v2\/pages\/13721","targetHints":{"allow":["GET"]}}],"collection":[{"href":"https:\/\/www.kliinikum.ee\/yhendlabor\/wp-json\/wp\/v2\/pages"}],"about":[{"href":"https:\/\/www.kliinikum.ee\/yhendlabor\/wp-json\/wp\/v2\/types\/page"}],"author":[{"embeddable":true,"href":"https:\/\/www.kliinikum.ee\/yhendlabor\/wp-json\/wp\/v2\/users\/38"}],"replies":[{"embeddable":true,"href":"https:\/\/www.kliinikum.ee\/yhendlabor\/wp-json\/wp\/v2\/comments?post=13721"}],"version-history":[{"count":0,"href":"https:\/\/www.kliinikum.ee\/yhendlabor\/wp-json\/wp\/v2\/pages\/13721\/revisions"}],"up":[{"embeddable":true,"href":"https:\/\/www.kliinikum.ee\/yhendlabor\/wp-json\/wp\/v2\/pages\/7301"}],"wp:attachment":[{"href":"https:\/\/www.kliinikum.ee\/yhendlabor\/wp-json\/wp\/v2\/media?parent=13721"}],"curies":[{"name":"wp","href":"https:\/\/api.w.org\/{rel}","templated":true}]}}