{"id":13902,"date":"2025-11-09T19:01:42","date_gmt":"2025-11-09T17:01:42","guid":{"rendered":"https:\/\/www.kliinikum.ee\/yhendlabor\/?page_id=13902"},"modified":"2025-11-09T19:01:46","modified_gmt":"2025-11-09T17:01:46","slug":"protrombiini-aeg-p-pt-inr","status":"publish","type":"page","link":"https:\/\/www.kliinikum.ee\/yhendlabor\/kasiraamat\/huubimisuuringud\/protrombiini-aeg-p-pt-inr\/","title":{"rendered":"Protrombiini aeg (P-PT-INR)"},"content":{"rendered":"\n<p><em>Kliinilise keemia ja laboratoorse hematoloogia osakond<\/em><\/p>\n\n\n\n<p><strong>PT-INR<\/strong> on s\u00f5eluuring hemostaasi v\u00e4lise ja \u00fchise tee hindamiseks. \u00dchendlaboris kasutatakse PT m\u00e4\u00e4ramisel Owreni meetodit, mis m\u00f5\u00f5dab faktorite VII, X ja II aktiivsust.<\/p>\n\n\n\n<p>Protrombiini kompleksi faktorid (VII, X, II, IX) s\u00fcnteesitakse maksas vitamiin K osalusel. Vitamiin K puudusel (vasts\u00fcndinud; imendumish\u00e4ired \u2013 haavandiline koliit, \u00e4ge enterokoliit, malabsorbtsioonis\u00fcndroom; pikaajaline antibiootikumravi) h\u00e4irub nende faktorite s\u00fcntees \u2013 moodustuvad nn vitamiin K puudusest indutseeritud valgud ehk PIVKA-faktorid (<em>proteins induced by vitamin K absence)<\/em>, mis ei ole funktsionaalselt t\u00e4isv\u00e4\u00e4rtuslikud.<\/p>\n\n\n\n<p>Selle uuringu puhul m\u00f5\u00f5detakse protrombiini aeg (PT) sekundites, tulemus v\u00e4ljendatakse protrombiini aktiivsuse protsendina (PT%) ja INR-na.<\/p>\n\n\n\n<p>INR (<em>International Normalised Ratio<\/em>) on patsiendi plasma ja normaalse plasma protrombiini aegade suhtarv, mis on korrigeeritud kasutatava tromboplastiini tundlikkuse rahvusvahelise indeksiga ISI (<em>International Sesitivity Index<\/em>). INR on PT standardiseeritud v\u00e4ljendusviis, mis v\u00f5imaldab v\u00f5rrelda eri laborites eri reagentidega m\u00e4\u00e4ratud anal\u00fc\u00fcside tulemusi.<\/p>\n\n\n\n<p class=\"has-medium-font-size\"><strong>Uuritav materjal, selle v\u00f5tmine, saatmine ja s\u00e4ilitamine<\/strong><\/p>\n\n\n\n<figure class=\"wp-block-table is-style-stripes\"><table width=\"100%\"><tbody><tr><td width=\"1%\"><\/td><td width=\"15%\"><strong>Katsuti<\/strong><\/td><td width=\"84%\">9NC-katsuti (helesinine kork)<\/td><\/tr><tr><td><\/td><td><strong>S\u00e4ilivus<\/strong><\/td><td>Veri ja plasma toatemperatuuril \u00fcks p\u00e4ev. Plasma tuleb eraldada \u00fche 24 tunni jooksul peale proovi v\u00f5tmist (tsentrifuugida 2000\u20132500 x g juures 15 min).<\/td><\/tr><\/tbody><\/table><\/figure>\n\n\n\n<p>Proovimaterjal hemostaasi uuringuteks v\u00f5etakse esimese katsutina (v.a juhul, kui v\u00f5etakse ka verek\u00fclv).<\/p>\n\n\n\n<p>NB! Proovin\u00f5u peab olema t\u00e4itunud katsutil oleva m\u00e4rgini!<\/p>\n\n\n\n<p>Mistahes kliiniliste erijuhtude (nt hematokrit &gt; 0,55) puhul ja s\u00e4ilitamise\/saatmisega seotud k\u00fcsimuste korral tuleb n\u00f5u pidada laboriga.<\/p>\n\n\n\n<p class=\"has-medium-font-size\"><strong>Anal\u00fc\u00fcsi tegemise aeg: <\/strong>\u00f6\u00f6p\u00e4evaringselt<\/p>\n\n\n\n<p class=\"has-medium-font-size\"><strong>Anal\u00fc\u00fcsimeetod: <\/strong>koagulomeetriline meetod (Owren)<\/p>\n\n\n\n<p class=\"has-medium-font-size\"><strong>Referentsv\u00e4\u00e4rtused<\/strong><\/p>\n\n\n\n<p><em>PT%:<\/em><\/p>\n\n\n\n<figure class=\"wp-block-table\"><table width=\"100%\"><tbody><tr><td width=\"1%\"><\/td><td width=\"30%\"><strong>\u2265 18 a<\/strong><\/td><td width=\"69%\">&gt; 70%<\/td><\/tr><\/tbody><\/table><\/figure>\n\n\n\n<p><em>INR:<\/em><\/p>\n\n\n\n<figure class=\"wp-block-table\"><table width=\"100%\"><tbody><tr><td width=\"1%\"><\/td><td width=\"30%\"><strong>0 p \u2013 &lt; 3 p<\/strong><\/td><td width=\"69%\">1,15\u20131,35<\/td><\/tr><tr><td><\/td><td><strong>3 p \u2013 &lt; 1 k<\/strong><\/td><td>1,05\u20131,35<\/td><\/tr><tr><td><\/td><td><strong>1 k \u2013 &lt; 1 a<\/strong><\/td><td>0,86\u20131,22<\/td><\/tr><tr><td><\/td><td><strong>1 a \u2013 &lt; 6 a<\/strong><\/td><td>0,92\u20131,14<\/td><\/tr><tr><td><\/td><td><strong>6 a \u2013 &lt; 11 a<\/strong><\/td><td>0,87\u20131,20<\/td><\/tr><tr><td><\/td><td><strong>11 a \u2013 &lt; 18 a<\/strong><\/td><td>0,97\u20131,30<\/td><\/tr><tr><td><\/td><td><strong>\u2265 18 a<\/strong><\/td><td>0,80\u20131,20<\/td><\/tr><\/tbody><\/table><\/figure>\n\n\n\n<p class=\"has-medium-font-size\"><strong>N\u00e4idustus ja kliiniline t\u00e4hendus<\/strong><\/p>\n\n\n\n<p>Varfariin-ravi j\u00e4lgimine. Veritsuse p\u00f5hjuse selgitamine (koos APTT jt hemostaasis\u00fcsteemi s\u00f5eluuringutega). Hemostaasis\u00fcsteemi sekundaarse l\u00fcli v\u00e4lise ja \u00fchise tee faktorite kaasas\u00fcndinud ja omandatud puudulikkuse diagnostika. Maksa s\u00fcnteesiv\u00f5ime hindamine.<\/p>\n\n\n\n<p>Tulemuste t\u00f5lgendamine:<\/p>\n\n\n\n<figure class=\"wp-block-table\"><table width=\"100%\"><tbody><tr><td width=\"1%\"><\/td><td width=\"10%\"><strong>APTT<\/strong><\/td><td width=\"5%\"><strong>PT<\/strong><\/td><td width=\"84%\"><strong>P\u00f5hjus<\/strong><\/td><\/tr><tr><td><\/td><td>N<\/td><td>\u2191<\/td><td>P\u00e4rilikud: <br>\u2014 Faktor VII defitsiit <br>Omandatud: <br>\u2014 Vitamiin K kerge deftsiit <br>\u2014 Kaugelearenenud maksahaigus <br>\u2014 Varfariin* <br>\u2014 Dissemineeritud intravaskulaarne koagulopaatia (DIK)<\/td><\/tr><tr><td><\/td><td>\u2191<\/td><td>N<\/td><td>P\u00e4rilikud: <br>\u2014 Faktor VIII (hemofiilia A), IX (hemofiilia B) v\u00f5i XI defitsiit <br>\u2014 Faktor XII, prekallikreiini v\u00f5i k\u00f5rgmolekulaarse kininogeeni defitsiit (ei p\u00f5hjusta veritsust) <br>\u2014 Von Willebrandi t\u00f5bi <br>Omandatud: <br>\u2014 Antikoagulandid \u2013 hepariin**, otsesed suukaudsed antikoagulandid (dabigatraan***, rivaroksabaan, apiksabaan, edoksabaan****) <br>\u2014 Faktor VIII, IX, XI v\u00f5i XII omandatud inhibiitor <br>\u2014 Omandatud von Willebrandi s\u00fcndroom <br>\u2014 Luupusantikoagulant<\/td><\/tr><tr><td><\/td><td>\u2191<\/td><td>\u2191<\/td><td>P\u00e4rilikud: <br>\u2014 fibrinogeeni (faktor I), protrombiini (faktor II), faktor V v\u00f5i X defitsiit <br>\u2014 Faktorite kombineeritud defitsiit <br>Omandatud: <br>\u2014 Kaugelearenenud maksahaigus <br>\u2014 DIK <br>\u2014 Vitamiin K t\u00f5sine defitsiit <br>\u2014 Anitkoagulandid \u2013 hepariin**, varfariin*, dabigatraan***, rivaroksabaan, apiksabaan, edoksabaan**** <br>\u2014 Faktor II, V v\u00f5i X omandatud inhibiitor <br>\u2014 Am\u00fcloidoosiga seotud faktor X defitsiit<\/td><\/tr><\/tbody><\/table><\/figure>\n\n\n\n<p>*Varfariin pikendab t\u00fc\u00fcpiliselt PT aega, kuid k\u00f5rge kontsentratsiooni korral v\u00f5ib pikendada ka APTT-d.<br>**Hepariin pikendab t\u00fc\u00fcpiliselt vaid APTT aega, kuid k\u00f5rge kontsentratsiooni korral v\u00f5ib pikendada ka PT-d.<br>***Dabigatraan pikendab t\u00fc\u00fcpiliselt nii APTT kui PT aega, kuid madala kontsentratsiooni korral v\u00f5ib PT aeg olla normis.<br>****Rivaroksabaan, apiksabaan ja edoksabaan v\u00f5ivad pikendada nii APTT kui PT aega, kuid need v\u00f5ivad olla ka t\u00e4iesti normis (eriti apiksabaan-ravi korral).<\/p>\n\n\n\n<p>Varfariin-ravi korral on INR-i soovitav kontrollida v\u00e4hemalt iga nelja n\u00e4dala tagant.<\/p>\n\n\n\n<p>Varfariini toimet ja seega ka INR v\u00e4\u00e4rtusi m\u00f5jutavad paljud ravimid ja loodustooted, patsiendi haigused (\u00e4ge palavikuga haigus, kilpn\u00e4\u00e4rme haigused, diabeet jpt), elustiil ja vanus. Ebastabiilse INR korral, uue ravimi lisamisel v\u00f5i m\u00f5ne \u00e4raj\u00e4tmisel on soovitatav kontrollida INR sagedamini.<\/p>\n\n\n\n<p>Soovitav INR terapeutiline vahemik varfariin-ravi korral on 2\u20133, kriitiline v\u00e4\u00e4rtus &gt; 5.<\/p>\n\n\n\n<p>Koostaja: Kaja Vaagen<br>Muudetud 02.08.2022<\/p>\n\n\n\n<p><\/p>\n","protected":false},"excerpt":{"rendered":"<p>Kliinilise keemia ja laboratoorse hematoloogia osakond PT-INR on s\u00f5eluuring hemostaasi v\u00e4lise ja \u00fchise tee hindamiseks. \u00dchendlaboris kasutatakse PT m\u00e4\u00e4ramisel Owreni meetodit, mis m\u00f5\u00f5dab faktorite VII, X ja II aktiivsust. Protrombiini kompleksi faktorid (VII, X, II, IX) s\u00fcnteesitakse maksas vitamiin K osalusel. Vitamiin K puudusel (vasts\u00fcndinud; imendumish\u00e4ired \u2013 haavandiline koliit, \u00e4ge enterokoliit, malabsorbtsioonis\u00fcndroom; pikaajaline antibiootikumravi) h\u00e4irub [&hellip;]<\/p>\n","protected":false},"author":38,"featured_media":0,"parent":7274,"menu_order":0,"comment_status":"closed","ping_status":"closed","template":"","meta":{"_uag_custom_page_level_css":"","footnotes":""},"class_list":["post-13902","page","type-page","status-publish","hentry"],"acf":[],"yoast_head":"<!-- This site is optimized with the Yoast SEO plugin v27.3 - https:\/\/yoast.com\/product\/yoast-seo-wordpress\/ -->\n<title>Protrombiini aeg (P-PT-INR) - \u00dchendlabor<\/title>\n<meta name=\"robots\" content=\"index, follow, max-snippet:-1, max-image-preview:large, max-video-preview:-1\" \/>\n<link rel=\"canonical\" href=\"https:\/\/www.kliinikum.ee\/yhendlabor\/kasiraamat\/huubimisuuringud\/protrombiini-aeg-p-pt-inr\/\" \/>\n<meta property=\"og:locale\" content=\"et_EE\" \/>\n<meta property=\"og:type\" content=\"article\" \/>\n<meta property=\"og:title\" content=\"Protrombiini aeg (P-PT-INR) - \u00dchendlabor\" \/>\n<meta property=\"og:description\" content=\"Kliinilise keemia ja laboratoorse hematoloogia osakond PT-INR on s\u00f5eluuring hemostaasi v\u00e4lise ja \u00fchise tee hindamiseks. \u00dchendlaboris kasutatakse PT m\u00e4\u00e4ramisel Owreni meetodit, mis m\u00f5\u00f5dab faktorite VII, X ja II aktiivsust. Protrombiini kompleksi faktorid (VII, X, II, IX) s\u00fcnteesitakse maksas vitamiin K osalusel. Vitamiin K puudusel (vasts\u00fcndinud; imendumish\u00e4ired \u2013 haavandiline koliit, \u00e4ge enterokoliit, malabsorbtsioonis\u00fcndroom; pikaajaline antibiootikumravi) h\u00e4irub [&hellip;]\" \/>\n<meta property=\"og:url\" content=\"https:\/\/www.kliinikum.ee\/yhendlabor\/kasiraamat\/huubimisuuringud\/protrombiini-aeg-p-pt-inr\/\" \/>\n<meta property=\"og:site_name\" content=\"\u00dchendlabor\" \/>\n<meta property=\"article:modified_time\" content=\"2025-11-09T17:01:46+00:00\" \/>\n<meta name=\"twitter:card\" content=\"summary_large_image\" \/>\n<meta name=\"twitter:label1\" content=\"Est. reading time\" \/>\n\t<meta name=\"twitter:data1\" content=\"3 minutit\" \/>\n<script type=\"application\/ld+json\" class=\"yoast-schema-graph\">{\"@context\":\"https:\\\/\\\/schema.org\",\"@graph\":[{\"@type\":\"WebPage\",\"@id\":\"https:\\\/\\\/www.kliinikum.ee\\\/yhendlabor\\\/kasiraamat\\\/huubimisuuringud\\\/protrombiini-aeg-p-pt-inr\\\/\",\"url\":\"https:\\\/\\\/www.kliinikum.ee\\\/yhendlabor\\\/kasiraamat\\\/huubimisuuringud\\\/protrombiini-aeg-p-pt-inr\\\/\",\"name\":\"Protrombiini aeg (P-PT-INR) - \u00dchendlabor\",\"isPartOf\":{\"@id\":\"https:\\\/\\\/www.kliinikum.ee\\\/yhendlabor\\\/#website\"},\"datePublished\":\"2025-11-09T17:01:42+00:00\",\"dateModified\":\"2025-11-09T17:01:46+00:00\",\"breadcrumb\":{\"@id\":\"https:\\\/\\\/www.kliinikum.ee\\\/yhendlabor\\\/kasiraamat\\\/huubimisuuringud\\\/protrombiini-aeg-p-pt-inr\\\/#breadcrumb\"},\"inLanguage\":\"et\",\"potentialAction\":[{\"@type\":\"ReadAction\",\"target\":[\"https:\\\/\\\/www.kliinikum.ee\\\/yhendlabor\\\/kasiraamat\\\/huubimisuuringud\\\/protrombiini-aeg-p-pt-inr\\\/\"]}]},{\"@type\":\"BreadcrumbList\",\"@id\":\"https:\\\/\\\/www.kliinikum.ee\\\/yhendlabor\\\/kasiraamat\\\/huubimisuuringud\\\/protrombiini-aeg-p-pt-inr\\\/#breadcrumb\",\"itemListElement\":[{\"@type\":\"ListItem\",\"position\":1,\"name\":\"Home\",\"item\":\"https:\\\/\\\/www.kliinikum.ee\\\/yhendlabor\\\/\"},{\"@type\":\"ListItem\",\"position\":2,\"name\":\"K\u00e4siraamat\",\"item\":\"https:\\\/\\\/www.kliinikum.ee\\\/yhendlabor\\\/kasiraamat\\\/\"},{\"@type\":\"ListItem\",\"position\":3,\"name\":\"H\u00fc\u00fcbimisuuringud\",\"item\":\"https:\\\/\\\/www.kliinikum.ee\\\/yhendlabor\\\/kasiraamat\\\/huubimisuuringud\\\/\"},{\"@type\":\"ListItem\",\"position\":4,\"name\":\"Protrombiini aeg (P-PT-INR)\"}]},{\"@type\":\"WebSite\",\"@id\":\"https:\\\/\\\/www.kliinikum.ee\\\/yhendlabor\\\/#website\",\"url\":\"https:\\\/\\\/www.kliinikum.ee\\\/yhendlabor\\\/\",\"name\":\"\u00dchendlabor\",\"description\":\"Hoolivus, Uuendusmeelsus, P\u00e4devus ja Usaldusv\u00e4\u00e4rsus\",\"potentialAction\":[{\"@type\":\"SearchAction\",\"target\":{\"@type\":\"EntryPoint\",\"urlTemplate\":\"https:\\\/\\\/www.kliinikum.ee\\\/yhendlabor\\\/?s={search_term_string}\"},\"query-input\":{\"@type\":\"PropertyValueSpecification\",\"valueRequired\":true,\"valueName\":\"search_term_string\"}}],\"inLanguage\":\"et\"}]}<\/script>\n<!-- \/ Yoast SEO plugin. -->","yoast_head_json":{"title":"Protrombiini aeg (P-PT-INR) - \u00dchendlabor","robots":{"index":"index","follow":"follow","max-snippet":"max-snippet:-1","max-image-preview":"max-image-preview:large","max-video-preview":"max-video-preview:-1"},"canonical":"https:\/\/www.kliinikum.ee\/yhendlabor\/kasiraamat\/huubimisuuringud\/protrombiini-aeg-p-pt-inr\/","og_locale":"et_EE","og_type":"article","og_title":"Protrombiini aeg (P-PT-INR) - \u00dchendlabor","og_description":"Kliinilise keemia ja laboratoorse hematoloogia osakond PT-INR on s\u00f5eluuring hemostaasi v\u00e4lise ja \u00fchise tee hindamiseks. \u00dchendlaboris kasutatakse PT m\u00e4\u00e4ramisel Owreni meetodit, mis m\u00f5\u00f5dab faktorite VII, X ja II aktiivsust. Protrombiini kompleksi faktorid (VII, X, II, IX) s\u00fcnteesitakse maksas vitamiin K osalusel. Vitamiin K puudusel (vasts\u00fcndinud; imendumish\u00e4ired \u2013 haavandiline koliit, \u00e4ge enterokoliit, malabsorbtsioonis\u00fcndroom; pikaajaline antibiootikumravi) h\u00e4irub [&hellip;]","og_url":"https:\/\/www.kliinikum.ee\/yhendlabor\/kasiraamat\/huubimisuuringud\/protrombiini-aeg-p-pt-inr\/","og_site_name":"\u00dchendlabor","article_modified_time":"2025-11-09T17:01:46+00:00","twitter_card":"summary_large_image","twitter_misc":{"Est. reading time":"3 minutit"},"schema":{"@context":"https:\/\/schema.org","@graph":[{"@type":"WebPage","@id":"https:\/\/www.kliinikum.ee\/yhendlabor\/kasiraamat\/huubimisuuringud\/protrombiini-aeg-p-pt-inr\/","url":"https:\/\/www.kliinikum.ee\/yhendlabor\/kasiraamat\/huubimisuuringud\/protrombiini-aeg-p-pt-inr\/","name":"Protrombiini aeg (P-PT-INR) - \u00dchendlabor","isPartOf":{"@id":"https:\/\/www.kliinikum.ee\/yhendlabor\/#website"},"datePublished":"2025-11-09T17:01:42+00:00","dateModified":"2025-11-09T17:01:46+00:00","breadcrumb":{"@id":"https:\/\/www.kliinikum.ee\/yhendlabor\/kasiraamat\/huubimisuuringud\/protrombiini-aeg-p-pt-inr\/#breadcrumb"},"inLanguage":"et","potentialAction":[{"@type":"ReadAction","target":["https:\/\/www.kliinikum.ee\/yhendlabor\/kasiraamat\/huubimisuuringud\/protrombiini-aeg-p-pt-inr\/"]}]},{"@type":"BreadcrumbList","@id":"https:\/\/www.kliinikum.ee\/yhendlabor\/kasiraamat\/huubimisuuringud\/protrombiini-aeg-p-pt-inr\/#breadcrumb","itemListElement":[{"@type":"ListItem","position":1,"name":"Home","item":"https:\/\/www.kliinikum.ee\/yhendlabor\/"},{"@type":"ListItem","position":2,"name":"K\u00e4siraamat","item":"https:\/\/www.kliinikum.ee\/yhendlabor\/kasiraamat\/"},{"@type":"ListItem","position":3,"name":"H\u00fc\u00fcbimisuuringud","item":"https:\/\/www.kliinikum.ee\/yhendlabor\/kasiraamat\/huubimisuuringud\/"},{"@type":"ListItem","position":4,"name":"Protrombiini aeg (P-PT-INR)"}]},{"@type":"WebSite","@id":"https:\/\/www.kliinikum.ee\/yhendlabor\/#website","url":"https:\/\/www.kliinikum.ee\/yhendlabor\/","name":"\u00dchendlabor","description":"Hoolivus, Uuendusmeelsus, P\u00e4devus ja Usaldusv\u00e4\u00e4rsus","potentialAction":[{"@type":"SearchAction","target":{"@type":"EntryPoint","urlTemplate":"https:\/\/www.kliinikum.ee\/yhendlabor\/?s={search_term_string}"},"query-input":{"@type":"PropertyValueSpecification","valueRequired":true,"valueName":"search_term_string"}}],"inLanguage":"et"}]}},"uagb_featured_image_src":{"full":false,"thumbnail":false,"medium":false,"medium_large":false,"large":false,"1536x1536":false,"2048x2048":false},"uagb_author_info":{"display_name":"Kadi Siigur","author_link":"https:\/\/www.kliinikum.ee\/yhendlabor\/author\/kadisi\/"},"uagb_comment_info":0,"uagb_excerpt":"Kliinilise keemia ja laboratoorse hematoloogia osakond PT-INR on s\u00f5eluuring hemostaasi v\u00e4lise ja \u00fchise tee hindamiseks. \u00dchendlaboris kasutatakse PT m\u00e4\u00e4ramisel Owreni meetodit, mis m\u00f5\u00f5dab faktorite VII, X ja II aktiivsust. Protrombiini kompleksi faktorid (VII, X, II, IX) s\u00fcnteesitakse maksas vitamiin K osalusel. Vitamiin K puudusel (vasts\u00fcndinud; imendumish\u00e4ired \u2013 haavandiline koliit, \u00e4ge enterokoliit, malabsorbtsioonis\u00fcndroom; pikaajaline antibiootikumravi) h\u00e4irub&hellip;","_links":{"self":[{"href":"https:\/\/www.kliinikum.ee\/yhendlabor\/wp-json\/wp\/v2\/pages\/13902","targetHints":{"allow":["GET"]}}],"collection":[{"href":"https:\/\/www.kliinikum.ee\/yhendlabor\/wp-json\/wp\/v2\/pages"}],"about":[{"href":"https:\/\/www.kliinikum.ee\/yhendlabor\/wp-json\/wp\/v2\/types\/page"}],"author":[{"embeddable":true,"href":"https:\/\/www.kliinikum.ee\/yhendlabor\/wp-json\/wp\/v2\/users\/38"}],"replies":[{"embeddable":true,"href":"https:\/\/www.kliinikum.ee\/yhendlabor\/wp-json\/wp\/v2\/comments?post=13902"}],"version-history":[{"count":0,"href":"https:\/\/www.kliinikum.ee\/yhendlabor\/wp-json\/wp\/v2\/pages\/13902\/revisions"}],"up":[{"embeddable":true,"href":"https:\/\/www.kliinikum.ee\/yhendlabor\/wp-json\/wp\/v2\/pages\/7274"}],"wp:attachment":[{"href":"https:\/\/www.kliinikum.ee\/yhendlabor\/wp-json\/wp\/v2\/media?parent=13902"}],"curies":[{"name":"wp","href":"https:\/\/api.w.org\/{rel}","templated":true}]}}