{"id":5873,"date":"2023-04-21T13:14:43","date_gmt":"2023-04-21T11:14:43","guid":{"rendered":"https:\/\/www.kliinikum.ee\/yhendlabor\/?page_id=5873"},"modified":"2026-04-06T13:40:13","modified_gmt":"2026-04-06T11:40:13","slug":"teadus-ja-oppetoo","status":"publish","type":"page","link":"https:\/\/www.kliinikum.ee\/yhendlabor\/uhendlaborist\/teadus-ja-oppetoo\/","title":{"rendered":"Teadus- ja \u00f5ppet\u00f6\u00f6"},"content":{"rendered":"\n<p>\u00dchendlabor on Eesti juhtiv labor teadus- ja \u00f5ppet\u00f6\u00f6s. Labor on akrediteeritud vastavalt EVS-EN ISO 15189:2022 standardile, mis r\u00f5hutab meie labori k\u00f5rget kvaliteeti ja p\u00e4devust.<\/p>\n\n\n\n<p>Pakume k\u00f5rgtasemel praktikabaasi tulevastele laboriarstidele, bioanal\u00fc\u00fctikutele ja teistele spetsialistidele, kes soovivad panustada laborimeditsiini arengusse. \u00dcli\u00f5pilastel on v\u00f5imalik saada unikaalne v\u00f5imalus osaleda praktilises laborit\u00f6\u00f6s ning seel\u00e4bi saada v\u00e4\u00e4rtuslikke kogemusi.<\/p>\n\n\n\n<p>Tutvuge infoga kodulehel, et saada rohkem teavet v\u00f5imaluste kohta: &nbsp;<a href=\"https:\/\/www.kliinikum.ee\/teadus-ja-oppetoo\/praktika-kliinikumis\/\">https:\/\/www.kliinikum.ee\/teadus-ja-oppetoo\/praktika-kliinikumis\/<\/a><\/p>\n\n\n\n<figure class=\"wp-block-gallery has-nested-images columns-default is-cropped wp-block-gallery-1 is-layout-flex wp-block-gallery-is-layout-flex\"><\/figure>\n","protected":false},"excerpt":{"rendered":"<p>\u00dchendlabor on Eesti juhtiv labor teadus- ja \u00f5ppet\u00f6\u00f6s. Labor on akrediteeritud vastavalt EVS-EN ISO 15189:2022 standardile, mis r\u00f5hutab meie labori k\u00f5rget kvaliteeti ja p\u00e4devust. Pakume k\u00f5rgtasemel praktikabaasi tulevastele laboriarstidele, bioanal\u00fc\u00fctikutele ja teistele spetsialistidele, kes soovivad panustada laborimeditsiini arengusse. \u00dcli\u00f5pilastel on v\u00f5imalik saada unikaalne v\u00f5imalus osaleda praktilises laborit\u00f6\u00f6s ning seel\u00e4bi saada v\u00e4\u00e4rtuslikke kogemusi. Tutvuge infoga kodulehel, [&hellip;]<\/p>\n","protected":false},"author":36,"featured_media":0,"parent":5847,"menu_order":4,"comment_status":"closed","ping_status":"closed","template":"","meta":{"_uag_custom_page_level_css":"","footnotes":""},"class_list":["post-5873","page","type-page","status-publish","hentry"],"acf":[],"yoast_head":"<!-- This site is optimized with the Yoast SEO plugin v27.3 - https:\/\/yoast.com\/product\/yoast-seo-wordpress\/ -->\n<title>Teadus- ja \u00f5ppet\u00f6\u00f6 - \u00dchendlabor<\/title>\n<meta name=\"robots\" content=\"index, follow, max-snippet:-1, max-image-preview:large, max-video-preview:-1\" \/>\n<link rel=\"canonical\" href=\"https:\/\/www.kliinikum.ee\/yhendlabor\/uhendlaborist\/teadus-ja-oppetoo\/\" \/>\n<meta property=\"og:locale\" content=\"et_EE\" \/>\n<meta property=\"og:type\" content=\"article\" \/>\n<meta property=\"og:title\" content=\"Teadus- ja \u00f5ppet\u00f6\u00f6 - \u00dchendlabor\" \/>\n<meta property=\"og:description\" content=\"\u00dchendlabor on Eesti juhtiv labor teadus- ja \u00f5ppet\u00f6\u00f6s. Labor on akrediteeritud vastavalt EVS-EN ISO 15189:2022 standardile, mis r\u00f5hutab meie labori k\u00f5rget kvaliteeti ja p\u00e4devust. Pakume k\u00f5rgtasemel praktikabaasi tulevastele laboriarstidele, bioanal\u00fc\u00fctikutele ja teistele spetsialistidele, kes soovivad panustada laborimeditsiini arengusse. \u00dcli\u00f5pilastel on v\u00f5imalik saada unikaalne v\u00f5imalus osaleda praktilises laborit\u00f6\u00f6s ning seel\u00e4bi saada v\u00e4\u00e4rtuslikke kogemusi. Tutvuge infoga kodulehel, [&hellip;]\" \/>\n<meta property=\"og:url\" content=\"https:\/\/www.kliinikum.ee\/yhendlabor\/uhendlaborist\/teadus-ja-oppetoo\/\" \/>\n<meta property=\"og:site_name\" content=\"\u00dchendlabor\" \/>\n<meta property=\"article:modified_time\" content=\"2026-04-06T11:40:13+00:00\" \/>\n<meta name=\"twitter:card\" content=\"summary_large_image\" \/>\n<meta name=\"twitter:label1\" content=\"Est. reading time\" \/>\n\t<meta name=\"twitter:data1\" content=\"1 minut\" \/>\n<script type=\"application\/ld+json\" class=\"yoast-schema-graph\">{\"@context\":\"https:\\\/\\\/schema.org\",\"@graph\":[{\"@type\":\"WebPage\",\"@id\":\"https:\\\/\\\/www.kliinikum.ee\\\/yhendlabor\\\/uhendlaborist\\\/teadus-ja-oppetoo\\\/\",\"url\":\"https:\\\/\\\/www.kliinikum.ee\\\/yhendlabor\\\/uhendlaborist\\\/teadus-ja-oppetoo\\\/\",\"name\":\"Teadus- ja \u00f5ppet\u00f6\u00f6 - \u00dchendlabor\",\"isPartOf\":{\"@id\":\"https:\\\/\\\/www.kliinikum.ee\\\/yhendlabor\\\/#website\"},\"datePublished\":\"2023-04-21T11:14:43+00:00\",\"dateModified\":\"2026-04-06T11:40:13+00:00\",\"breadcrumb\":{\"@id\":\"https:\\\/\\\/www.kliinikum.ee\\\/yhendlabor\\\/uhendlaborist\\\/teadus-ja-oppetoo\\\/#breadcrumb\"},\"inLanguage\":\"et\",\"potentialAction\":[{\"@type\":\"ReadAction\",\"target\":[\"https:\\\/\\\/www.kliinikum.ee\\\/yhendlabor\\\/uhendlaborist\\\/teadus-ja-oppetoo\\\/\"]}]},{\"@type\":\"BreadcrumbList\",\"@id\":\"https:\\\/\\\/www.kliinikum.ee\\\/yhendlabor\\\/uhendlaborist\\\/teadus-ja-oppetoo\\\/#breadcrumb\",\"itemListElement\":[{\"@type\":\"ListItem\",\"position\":1,\"name\":\"Home\",\"item\":\"https:\\\/\\\/www.kliinikum.ee\\\/yhendlabor\\\/\"},{\"@type\":\"ListItem\",\"position\":2,\"name\":\"\u00dchendlaborist\",\"item\":\"https:\\\/\\\/www.kliinikum.ee\\\/yhendlabor\\\/uhendlaborist\\\/\"},{\"@type\":\"ListItem\",\"position\":3,\"name\":\"Teadus- ja \u00f5ppet\u00f6\u00f6\"}]},{\"@type\":\"WebSite\",\"@id\":\"https:\\\/\\\/www.kliinikum.ee\\\/yhendlabor\\\/#website\",\"url\":\"https:\\\/\\\/www.kliinikum.ee\\\/yhendlabor\\\/\",\"name\":\"\u00dchendlabor\",\"description\":\"Hoolivus, Uuendusmeelsus, P\u00e4devus ja Usaldusv\u00e4\u00e4rsus\",\"potentialAction\":[{\"@type\":\"SearchAction\",\"target\":{\"@type\":\"EntryPoint\",\"urlTemplate\":\"https:\\\/\\\/www.kliinikum.ee\\\/yhendlabor\\\/?s={search_term_string}\"},\"query-input\":{\"@type\":\"PropertyValueSpecification\",\"valueRequired\":true,\"valueName\":\"search_term_string\"}}],\"inLanguage\":\"et\"}]}<\/script>\n<!-- \/ Yoast SEO plugin. -->","yoast_head_json":{"title":"Teadus- ja \u00f5ppet\u00f6\u00f6 - \u00dchendlabor","robots":{"index":"index","follow":"follow","max-snippet":"max-snippet:-1","max-image-preview":"max-image-preview:large","max-video-preview":"max-video-preview:-1"},"canonical":"https:\/\/www.kliinikum.ee\/yhendlabor\/uhendlaborist\/teadus-ja-oppetoo\/","og_locale":"et_EE","og_type":"article","og_title":"Teadus- ja \u00f5ppet\u00f6\u00f6 - \u00dchendlabor","og_description":"\u00dchendlabor on Eesti juhtiv labor teadus- ja \u00f5ppet\u00f6\u00f6s. Labor on akrediteeritud vastavalt EVS-EN ISO 15189:2022 standardile, mis r\u00f5hutab meie labori k\u00f5rget kvaliteeti ja p\u00e4devust. Pakume k\u00f5rgtasemel praktikabaasi tulevastele laboriarstidele, bioanal\u00fc\u00fctikutele ja teistele spetsialistidele, kes soovivad panustada laborimeditsiini arengusse. \u00dcli\u00f5pilastel on v\u00f5imalik saada unikaalne v\u00f5imalus osaleda praktilises laborit\u00f6\u00f6s ning seel\u00e4bi saada v\u00e4\u00e4rtuslikke kogemusi. Tutvuge infoga kodulehel, [&hellip;]","og_url":"https:\/\/www.kliinikum.ee\/yhendlabor\/uhendlaborist\/teadus-ja-oppetoo\/","og_site_name":"\u00dchendlabor","article_modified_time":"2026-04-06T11:40:13+00:00","twitter_card":"summary_large_image","twitter_misc":{"Est. reading time":"1 minut"},"schema":{"@context":"https:\/\/schema.org","@graph":[{"@type":"WebPage","@id":"https:\/\/www.kliinikum.ee\/yhendlabor\/uhendlaborist\/teadus-ja-oppetoo\/","url":"https:\/\/www.kliinikum.ee\/yhendlabor\/uhendlaborist\/teadus-ja-oppetoo\/","name":"Teadus- ja \u00f5ppet\u00f6\u00f6 - \u00dchendlabor","isPartOf":{"@id":"https:\/\/www.kliinikum.ee\/yhendlabor\/#website"},"datePublished":"2023-04-21T11:14:43+00:00","dateModified":"2026-04-06T11:40:13+00:00","breadcrumb":{"@id":"https:\/\/www.kliinikum.ee\/yhendlabor\/uhendlaborist\/teadus-ja-oppetoo\/#breadcrumb"},"inLanguage":"et","potentialAction":[{"@type":"ReadAction","target":["https:\/\/www.kliinikum.ee\/yhendlabor\/uhendlaborist\/teadus-ja-oppetoo\/"]}]},{"@type":"BreadcrumbList","@id":"https:\/\/www.kliinikum.ee\/yhendlabor\/uhendlaborist\/teadus-ja-oppetoo\/#breadcrumb","itemListElement":[{"@type":"ListItem","position":1,"name":"Home","item":"https:\/\/www.kliinikum.ee\/yhendlabor\/"},{"@type":"ListItem","position":2,"name":"\u00dchendlaborist","item":"https:\/\/www.kliinikum.ee\/yhendlabor\/uhendlaborist\/"},{"@type":"ListItem","position":3,"name":"Teadus- ja \u00f5ppet\u00f6\u00f6"}]},{"@type":"WebSite","@id":"https:\/\/www.kliinikum.ee\/yhendlabor\/#website","url":"https:\/\/www.kliinikum.ee\/yhendlabor\/","name":"\u00dchendlabor","description":"Hoolivus, Uuendusmeelsus, P\u00e4devus ja Usaldusv\u00e4\u00e4rsus","potentialAction":[{"@type":"SearchAction","target":{"@type":"EntryPoint","urlTemplate":"https:\/\/www.kliinikum.ee\/yhendlabor\/?s={search_term_string}"},"query-input":{"@type":"PropertyValueSpecification","valueRequired":true,"valueName":"search_term_string"}}],"inLanguage":"et"}]}},"uagb_featured_image_src":{"full":false,"thumbnail":false,"medium":false,"medium_large":false,"large":false,"1536x1536":false,"2048x2048":false},"uagb_author_info":{"display_name":"Jane Freimann","author_link":"https:\/\/www.kliinikum.ee\/yhendlabor\/author\/janef\/"},"uagb_comment_info":0,"uagb_excerpt":"\u00dchendlabor on Eesti juhtiv labor teadus- ja \u00f5ppet\u00f6\u00f6s. Labor on akrediteeritud vastavalt EVS-EN ISO 15189:2022 standardile, mis r\u00f5hutab meie labori k\u00f5rget kvaliteeti ja p\u00e4devust. Pakume k\u00f5rgtasemel praktikabaasi tulevastele laboriarstidele, bioanal\u00fc\u00fctikutele ja teistele spetsialistidele, kes soovivad panustada laborimeditsiini arengusse. \u00dcli\u00f5pilastel on v\u00f5imalik saada unikaalne v\u00f5imalus osaleda praktilises laborit\u00f6\u00f6s ning seel\u00e4bi saada v\u00e4\u00e4rtuslikke kogemusi. Tutvuge infoga kodulehel,&hellip;","_links":{"self":[{"href":"https:\/\/www.kliinikum.ee\/yhendlabor\/wp-json\/wp\/v2\/pages\/5873","targetHints":{"allow":["GET"]}}],"collection":[{"href":"https:\/\/www.kliinikum.ee\/yhendlabor\/wp-json\/wp\/v2\/pages"}],"about":[{"href":"https:\/\/www.kliinikum.ee\/yhendlabor\/wp-json\/wp\/v2\/types\/page"}],"author":[{"embeddable":true,"href":"https:\/\/www.kliinikum.ee\/yhendlabor\/wp-json\/wp\/v2\/users\/36"}],"replies":[{"embeddable":true,"href":"https:\/\/www.kliinikum.ee\/yhendlabor\/wp-json\/wp\/v2\/comments?post=5873"}],"version-history":[{"count":0,"href":"https:\/\/www.kliinikum.ee\/yhendlabor\/wp-json\/wp\/v2\/pages\/5873\/revisions"}],"up":[{"embeddable":true,"href":"https:\/\/www.kliinikum.ee\/yhendlabor\/wp-json\/wp\/v2\/pages\/5847"}],"wp:attachment":[{"href":"https:\/\/www.kliinikum.ee\/yhendlabor\/wp-json\/wp\/v2\/media?parent=5873"}],"curies":[{"name":"wp","href":"https:\/\/api.w.org\/{rel}","templated":true}]}}