{"id":5904,"date":"2023-04-21T13:48:07","date_gmt":"2023-04-21T11:48:07","guid":{"rendered":"https:\/\/www.kliinikum.ee\/yhendlabor\/?page_id=5904"},"modified":"2026-04-07T07:33:12","modified_gmt":"2026-04-07T05:33:12","slug":"uuringumaterjalide-votmise-juhendid","status":"publish","type":"page","link":"https:\/\/www.kliinikum.ee\/yhendlabor\/analuusid\/uuringumaterjalide-votmise-juhendid\/","title":{"rendered":"Uuringumaterjalide v\u00f5tmise juhendid"},"content":{"rendered":"\n<p class=\"has-vivid-cyan-blue-color has-text-color\"><a href=\"https:\/\/www.kliinikum.ee\/yhendlabor\/wp-content\/uploads\/2025\/03\/JKL-228_Vastsundinutelt_imikutel_t_lastelt_ja_taiskasvanutelt_kapillaarvere_votmise_juhend_02.pdf\" target=\"_blank\" rel=\"noreferrer noopener\">Vasts\u00fcndinutelt, imikutelt, lastelt ja t\u00e4iskasvanutelt kapillaarvere v\u00f5tmise juhend<\/a><\/p>\n\n\n\n<p><a href=\"https:\/\/www.kliinikum.ee\/yhendlabor\/wp-content\/uploads\/2025\/04\/JUL_GELA-6.1.2-Veenivere-votmise-juhend-v18.doc-1.docx\" target=\"_blank\" rel=\"noreferrer noopener\">Laboriuuringuteks veenivere v\u00f5tmise juhend<\/a><\/p>\n\n\n\n<p><a href=\"https:\/\/www.kliinikum.ee\/yhendlabor\/wp-content\/uploads\/2026\/03\/SA-TUK-uhendlaboris-kasutatavad-proovinoud.-Abimaterjal-eHL-st-elektroonse-tellimuse-teostamiseks-v14.pdf\" target=\"_blank\" rel=\"noreferrer noopener\">SA T\u00dcK \u00fchendlaboris kasutatavad proovin\u00f5ud. Abimaterjal eHL-st elektroonse tellimuse teostamiseks<\/a><\/p>\n\n\n\n<p class=\"has-vivid-cyan-blue-color has-text-color\"><a href=\"https:\/\/www.kliinikum.ee\/yhendlabor\/wp-content\/uploads\/2024\/04\/HPV-NAT-paneel-proovimaterjali-votmine-ThinPrep-proovitopsi-v01.pdf\" target=\"_blank\" rel=\"noreferrer noopener\">Proovimaterjali kogumine HPV NAT anal\u00fc\u00fcsiks ThinPrep Pap Test (Hologic) proovitopsi<\/a><\/p>\n\n\n\n<p class=\"has-vivid-cyan-blue-color has-text-color has-link-color wp-elements-6fd591db18c539448dca6b6be08c5ae6\"><a href=\"https:\/\/www.kliinikum.ee\/yhendlabor\/wp-content\/uploads\/2026\/02\/Materjali-kogumine-vedela-transpordisootmega-katsuti-eSwab-LIQUID-AMIES-v04.pdf\" target=\"_blank\" rel=\"noreferrer noopener\">Proovimaterjali kogumine vedela transports\u00f6\u00f6tmega katsutisse eSwab LIQUID AMIES<\/a><\/p>\n\n\n\n<p><a href=\"https:\/\/www.kliinikum.ee\/yhendlabor\/wp-content\/uploads\/2023\/07\/Anaalkaape-kogumine-v3.doc.pdf\" target=\"_blank\" rel=\"noreferrer noopener sponsored nofollow\">Proovimaterjali kogumine anaalkaape uuringuks<\/a><\/p>\n\n\n\n<p><a href=\"https:\/\/www.kliinikum.ee\/yhendlabor\/wp-content\/uploads\/2023\/07\/Bactec-kulvid-v3.doc.pdf\" target=\"_blank\" rel=\"noreferrer noopener\">Proovimaterjali kogumine Bactec k\u00fclviks<\/a><\/p>\n\n\n\n<p><a href=\"https:\/\/www.kliinikum.ee\/yhendlabor\/wp-content\/uploads\/2025\/06\/Kaabete-eritiste-punktaatide-vedelike-kuunte-juuste-jms-kogumine-mikrobioloogiliseks-uuringuks-v11.pdf\" target=\"_blank\" rel=\"noreferrer noopener\">Proovimaterjali kogumine kaabete, eritiste, punktaatide, vedelike, k\u00fc\u00fcnte, juuste jms mikrobioloogiliseks uuringuks<\/a><\/p>\n\n\n\n<p><a href=\"https:\/\/www.kliinikum.ee\/yhendlabor\/wp-content\/uploads\/2026\/02\/Kaabete-eritiste-punktaatide-vedelike-kogumine-nakkustekitajate-Ab-Ag-NAT-uuringuks-v12.pdf\" target=\"_blank\" rel=\"noreferrer noopener\">Proovimaterjali kogumine kaabete, eritiste, punktaatide, vedelike jms nakkustekitajate (Ab, Ag, NAT) uuringuks<\/a><\/p>\n\n\n\n<p><a href=\"https:\/\/www.kliinikum.ee\/yhendlabor\/wp-content\/uploads\/2026\/03\/Rooja-kogumine-v8.pdf\">Proovimaterjali kogumine rooja uuringuks<\/a><\/p>\n\n\n\n<p><a href=\"https:\/\/www.kliinikum.ee\/yhendlabor\/wp-content\/uploads\/2024\/03\/Materjali-kogumine-mukobakterioloogiliseks-uuringuks-v06.pdf\" target=\"_blank\" rel=\"noreferrer noopener\">Proovimaterjali kogumine tuberkuloosi ja m\u00fckobakterioosi uuringuks<\/a><\/p>\n\n\n\n<p><a href=\"https:\/\/www.kliinikum.ee\/yhendlabor\/wp-content\/uploads\/2026\/03\/Suljeproovi-kogumine-Salivette-suljekatsutiga-v02.pdf\" target=\"_blank\" rel=\"noreferrer noopener\">S\u00fcljeproovi kogumine Salivette s\u00fcljekatsutiga<\/a><\/p>\n\n\n\n<p><a href=\"https:\/\/www.kliinikum.ee\/yhendlabor\/wp-content\/uploads\/2023\/05\/Kliinilise_keemia_erinuded_veri_ja_uriinv05.pdf\" target=\"_blank\" rel=\"noreferrer noopener\">Kliinilise keemia ja hematoloogia osakonnas erin\u00f5udeid vajavate venoossest verest ja uriinist teostavate anal\u00fc\u00fcside proovimaterjalide s\u00e4ilitamine ja transport laborisse<\/a><\/p>\n\n\n\n<p class=\"has-vivid-cyan-blue-color has-text-color\"><a href=\"https:\/\/www.kliinikum.ee\/yhendlabor\/wp-content\/uploads\/2023\/05\/Iseseisev_tupeproovi_vtmise_juhend_Alinity_m_v01.pdf\" target=\"_blank\" rel=\"noreferrer noopener\">Iseseisev tupeproovi v\u00f5tmise juhend Alinity m<\/a><\/p>\n\n\n\n<p><a href=\"https:\/\/www.kliinikum.ee\/yhendlabor\/wp-content\/uploads\/2025\/06\/Esmasjoa-uriini-kogumise-luhijuhend-Grainer-Bio-One-vaakumsusteemiga-v04.pdf\" target=\"_blank\" rel=\"noreferrer noopener\">Esmasjoa uriini kogumise l\u00fchijuhend Greiner BIO-ONE vaakums\u00fcsteemiga<\/a><\/p>\n\n\n\n<p><a href=\"https:\/\/www.kliinikum.ee\/yhendlabor\/wp-content\/uploads\/2025\/06\/Keskjoa-uriini-kogumise-luhijuhend-Grainer-Bio-One-vaakumsusteemiga-v05.pdf\" target=\"_blank\" rel=\"noreferrer noopener\">Keskjoa uriini kogumise l\u00fchijuhend Greiner BIO-ONE vaakums\u00fcsteemiga<\/a><\/p>\n\n\n\n<p><a href=\"https:\/\/www.kliinikum.ee\/yhendlabor\/wp-content\/uploads\/2023\/05\/pevase_uriini_kogumisjuhend_v03.pdf\" target=\"_blank\" rel=\"noreferrer noopener\">\u00d6\u00f6p\u00e4evase uriini kogumise l\u00fchijuhend Greiner BIO-ONE vaakums\u00fcsteemiga<\/a><\/p>\n\n\n\n<p><a href=\"https:\/\/www.kliinikum.ee\/yhendlabor\/wp-content\/uploads\/2025\/10\/Kateetrist-uriini-kogumise-luhijuhend-v05.pdf\" target=\"_blank\" rel=\"noreferrer noopener\">Katreetrist uriini kogumise l\u00fchijuhend&nbsp; Greiner BIO-ONE vaakums\u00fcsteem<\/a><a href=\"https:\/\/www.kliinikum.ee\/yhendlabor\/wp-content\/uploads\/2025\/06\/Imikutel-ja-vaikelastel-uriini-kogumise-luhijuhend-v05.pdf\" target=\"_blank\" rel=\"noreferrer noopener\">iga<\/a><\/p>\n\n\n\n<p><a href=\"https:\/\/www.kliinikum.ee\/yhendlabor\/wp-content\/uploads\/2025\/06\/Imikutel-ja-vaikelastel-uriini-kogumise-luhijuhend-v05.pdf\">Imikutel ja v\u00e4ikelastel uriini kogumise l\u00fchijuhend Greiner BIO-ONE vaakums\u00fcsteemiga<\/a><\/p>\n\n\n\n<p><a href=\"https:\/\/www.kliinikum.ee\/yhendlabor\/wp-content\/uploads\/2023\/07\/Vaakumkatsutite-verevotu-jarjekord-Greiner-BIO-ONE-vaakumsusteemiga.pdf\" target=\"_blank\" rel=\"noreferrer noopener\">Vaakumkatsutite verev\u00f5tu j\u00e4rjekord Greiner BIO-ONE vaakums\u00fcsteemiga<\/a><\/p>\n\n\n\n<p><a href=\"https:\/\/www.kliinikum.ee\/yhendlabor\/wp-content\/uploads\/2023\/05\/uus-versus-vana-vaamkumkatsut2-2014.pdf\" target=\"_blank\" rel=\"noreferrer noopener\">Uus (Greiner bio one) versus vana (BD) vaakumkatsut<\/a><\/p>\n\n\n\n<p><a href=\"https:\/\/www.kliinikum.ee\/yhendlabor\/wp-content\/uploads\/2023\/05\/VACUETTE-Holdexjuhend-2.pdf\" target=\"_blank\" rel=\"noreferrer noopener\">Vacuette&nbsp;Holdex Luer&nbsp;adapteri kasutusjuhend<\/a><\/p>\n\n\n\n<p><a href=\"https:\/\/www.kliinikum.ee\/yhendlabor\/wp-content\/uploads\/2023\/05\/VACUETTE-n6elahoidja-kasutusjuhend.pdf\" target=\"_blank\" rel=\"noreferrer noopener\">Vacuette ohun\u00f5elahoidja kasutusjuhend<\/a><\/p>\n\n\n\n<p><a href=\"https:\/\/www.kliinikum.ee\/yhendlabor\/wp-content\/uploads\/2023\/05\/VACUETTE-ohuliblikn6ela-kasutusjuhend.pdf\" target=\"_blank\" rel=\"noreferrer noopener\">Vacuette ohuliblikn\u00f5ela kasutusjuhend<\/a><\/p>\n\n\n\n<p class=\"has-small-font-size\"><a href=\"https:\/\/www.kliinikum.ee\/yhendlabor\/wp-content\/uploads\/2024\/07\/MiniCollect-Safety-ja-MiniCollect-Lancelino-Safety-Greiner-Bio-One-lantseti-kasutusjuhend-v02.pdf\" target=\"_blank\" rel=\"noreferrer noopener\">MiniCollect\u00ae Safety ja MiniCollect\u00ae Lancelino Safety Greiner Bio-One lantseti kasutusjuhend<\/a><\/p>\n\n\n\n<p><a href=\"https:\/\/www.kliinikum.ee\/yhendlabor\/wp-content\/uploads\/2024\/07\/MiniCollect\u00ae-PIXIE-kannalantseti-kasutusjuhend-v02.pdf\" target=\"_blank\" rel=\"noreferrer noopener\">MiniCollect\u00ae PIXIE Greiner Bio-One kannalantseti kasutusjuhend<\/a><\/p>\n\n\n\n<p class=\"has-vivid-red-color has-text-color has-link-color wp-elements-be799f7671a5e42ce36cb495a4301f85\"><a href=\"https:\/\/www.kliinikum.ee\/yhendlabor\/wp-content\/uploads\/2025\/09\/Preset-BD-A-Line-Arterial-Blood-Collection-Syringe.pdf\" target=\"_blank\" rel=\"noreferrer noopener\">UUS! Happe-aluse tasakaalu ja veregaaside s\u00fcstlad<\/a><\/p>\n\n\n\n<p class=\"has-vivid-red-color has-text-color has-link-color wp-elements-0982c38f64f067d161a85b19111cbc20\"><a href=\"https:\/\/www.kliinikum.ee\/yhendlabor\/wp-content\/uploads\/2025\/10\/BD-Preset-Eclipse-Arterial-Blood-Collection-Syringe.pdf\">UUS! Ohutusn\u00f5elaga happe-aluse tasakaalu ja veregaaside s\u00fcstlad<\/a><\/p>\n\n\n\n<p><a href=\"https:\/\/www.kliinikum.ee\/yhendlabor\/wp-content\/uploads\/2023\/07\/Tsentrifuugimise-kiirused-ja-ajad-v04.pdf\" target=\"_blank\" rel=\"noreferrer noopener\">Tsentrifuugimise kiirused ja ajad<\/a><\/p>\n\n\n\n<p><\/p>\n\n\n\n<p><\/p>\n\n\n\n<p><\/p>\n\n\n\n<p><\/p>\n","protected":false},"excerpt":{"rendered":"<p>Vasts\u00fcndinutelt, imikutelt, lastelt ja t\u00e4iskasvanutelt kapillaarvere v\u00f5tmise juhend Laboriuuringuteks veenivere v\u00f5tmise juhend SA T\u00dcK \u00fchendlaboris kasutatavad proovin\u00f5ud. Abimaterjal eHL-st elektroonse tellimuse teostamiseks Proovimaterjali kogumine HPV NAT anal\u00fc\u00fcsiks ThinPrep Pap Test (Hologic) proovitopsi Proovimaterjali kogumine vedela transports\u00f6\u00f6tmega katsutisse eSwab LIQUID AMIES Proovimaterjali kogumine anaalkaape uuringuks Proovimaterjali kogumine Bactec k\u00fclviks Proovimaterjali kogumine kaabete, eritiste, punktaatide, vedelike, k\u00fc\u00fcnte, [&hellip;]<\/p>\n","protected":false},"author":36,"featured_media":0,"parent":5856,"menu_order":2,"comment_status":"closed","ping_status":"closed","template":"","meta":{"_uag_custom_page_level_css":"","footnotes":""},"class_list":["post-5904","page","type-page","status-publish","hentry"],"acf":[],"yoast_head":"<!-- This site is optimized with the Yoast SEO plugin v27.3 - https:\/\/yoast.com\/product\/yoast-seo-wordpress\/ -->\n<title>Uuringumaterjalide v\u00f5tmise juhendid - \u00dchendlabor<\/title>\n<meta name=\"robots\" content=\"index, follow, max-snippet:-1, max-image-preview:large, max-video-preview:-1\" \/>\n<link rel=\"canonical\" href=\"https:\/\/www.kliinikum.ee\/yhendlabor\/analuusid\/uuringumaterjalide-votmise-juhendid\/\" \/>\n<meta property=\"og:locale\" content=\"et_EE\" \/>\n<meta property=\"og:type\" content=\"article\" \/>\n<meta property=\"og:title\" content=\"Uuringumaterjalide v\u00f5tmise juhendid - \u00dchendlabor\" \/>\n<meta property=\"og:description\" content=\"Vasts\u00fcndinutelt, imikutelt, lastelt ja t\u00e4iskasvanutelt kapillaarvere v\u00f5tmise juhend Laboriuuringuteks veenivere v\u00f5tmise juhend SA T\u00dcK \u00fchendlaboris kasutatavad proovin\u00f5ud. Abimaterjal eHL-st elektroonse tellimuse teostamiseks Proovimaterjali kogumine HPV NAT anal\u00fc\u00fcsiks ThinPrep Pap Test (Hologic) proovitopsi Proovimaterjali kogumine vedela transports\u00f6\u00f6tmega katsutisse eSwab LIQUID AMIES Proovimaterjali kogumine anaalkaape uuringuks Proovimaterjali kogumine Bactec k\u00fclviks Proovimaterjali kogumine kaabete, eritiste, punktaatide, vedelike, k\u00fc\u00fcnte, [&hellip;]\" \/>\n<meta property=\"og:url\" content=\"https:\/\/www.kliinikum.ee\/yhendlabor\/analuusid\/uuringumaterjalide-votmise-juhendid\/\" \/>\n<meta property=\"og:site_name\" content=\"\u00dchendlabor\" \/>\n<meta property=\"article:modified_time\" content=\"2026-04-07T05:33:12+00:00\" \/>\n<meta name=\"twitter:card\" content=\"summary_large_image\" \/>\n<meta name=\"twitter:label1\" content=\"Est. reading time\" \/>\n\t<meta name=\"twitter:data1\" content=\"2 minutit\" \/>\n<script type=\"application\/ld+json\" class=\"yoast-schema-graph\">{\"@context\":\"https:\\\/\\\/schema.org\",\"@graph\":[{\"@type\":\"WebPage\",\"@id\":\"https:\\\/\\\/www.kliinikum.ee\\\/yhendlabor\\\/analuusid\\\/uuringumaterjalide-votmise-juhendid\\\/\",\"url\":\"https:\\\/\\\/www.kliinikum.ee\\\/yhendlabor\\\/analuusid\\\/uuringumaterjalide-votmise-juhendid\\\/\",\"name\":\"Uuringumaterjalide v\u00f5tmise juhendid - \u00dchendlabor\",\"isPartOf\":{\"@id\":\"https:\\\/\\\/www.kliinikum.ee\\\/yhendlabor\\\/#website\"},\"datePublished\":\"2023-04-21T11:48:07+00:00\",\"dateModified\":\"2026-04-07T05:33:12+00:00\",\"breadcrumb\":{\"@id\":\"https:\\\/\\\/www.kliinikum.ee\\\/yhendlabor\\\/analuusid\\\/uuringumaterjalide-votmise-juhendid\\\/#breadcrumb\"},\"inLanguage\":\"et\",\"potentialAction\":[{\"@type\":\"ReadAction\",\"target\":[\"https:\\\/\\\/www.kliinikum.ee\\\/yhendlabor\\\/analuusid\\\/uuringumaterjalide-votmise-juhendid\\\/\"]}]},{\"@type\":\"BreadcrumbList\",\"@id\":\"https:\\\/\\\/www.kliinikum.ee\\\/yhendlabor\\\/analuusid\\\/uuringumaterjalide-votmise-juhendid\\\/#breadcrumb\",\"itemListElement\":[{\"@type\":\"ListItem\",\"position\":1,\"name\":\"Home\",\"item\":\"https:\\\/\\\/www.kliinikum.ee\\\/yhendlabor\\\/\"},{\"@type\":\"ListItem\",\"position\":2,\"name\":\"Anal\u00fc\u00fcsid\",\"item\":\"https:\\\/\\\/www.kliinikum.ee\\\/yhendlabor\\\/analuusid\\\/\"},{\"@type\":\"ListItem\",\"position\":3,\"name\":\"Uuringumaterjalide v\u00f5tmise juhendid\"}]},{\"@type\":\"WebSite\",\"@id\":\"https:\\\/\\\/www.kliinikum.ee\\\/yhendlabor\\\/#website\",\"url\":\"https:\\\/\\\/www.kliinikum.ee\\\/yhendlabor\\\/\",\"name\":\"\u00dchendlabor\",\"description\":\"Hoolivus, Uuendusmeelsus, P\u00e4devus ja Usaldusv\u00e4\u00e4rsus\",\"potentialAction\":[{\"@type\":\"SearchAction\",\"target\":{\"@type\":\"EntryPoint\",\"urlTemplate\":\"https:\\\/\\\/www.kliinikum.ee\\\/yhendlabor\\\/?s={search_term_string}\"},\"query-input\":{\"@type\":\"PropertyValueSpecification\",\"valueRequired\":true,\"valueName\":\"search_term_string\"}}],\"inLanguage\":\"et\"}]}<\/script>\n<!-- \/ Yoast SEO plugin. -->","yoast_head_json":{"title":"Uuringumaterjalide v\u00f5tmise juhendid - \u00dchendlabor","robots":{"index":"index","follow":"follow","max-snippet":"max-snippet:-1","max-image-preview":"max-image-preview:large","max-video-preview":"max-video-preview:-1"},"canonical":"https:\/\/www.kliinikum.ee\/yhendlabor\/analuusid\/uuringumaterjalide-votmise-juhendid\/","og_locale":"et_EE","og_type":"article","og_title":"Uuringumaterjalide v\u00f5tmise juhendid - \u00dchendlabor","og_description":"Vasts\u00fcndinutelt, imikutelt, lastelt ja t\u00e4iskasvanutelt kapillaarvere v\u00f5tmise juhend Laboriuuringuteks veenivere v\u00f5tmise juhend SA T\u00dcK \u00fchendlaboris kasutatavad proovin\u00f5ud. Abimaterjal eHL-st elektroonse tellimuse teostamiseks Proovimaterjali kogumine HPV NAT anal\u00fc\u00fcsiks ThinPrep Pap Test (Hologic) proovitopsi Proovimaterjali kogumine vedela transports\u00f6\u00f6tmega katsutisse eSwab LIQUID AMIES Proovimaterjali kogumine anaalkaape uuringuks Proovimaterjali kogumine Bactec k\u00fclviks Proovimaterjali kogumine kaabete, eritiste, punktaatide, vedelike, k\u00fc\u00fcnte, [&hellip;]","og_url":"https:\/\/www.kliinikum.ee\/yhendlabor\/analuusid\/uuringumaterjalide-votmise-juhendid\/","og_site_name":"\u00dchendlabor","article_modified_time":"2026-04-07T05:33:12+00:00","twitter_card":"summary_large_image","twitter_misc":{"Est. reading time":"2 minutit"},"schema":{"@context":"https:\/\/schema.org","@graph":[{"@type":"WebPage","@id":"https:\/\/www.kliinikum.ee\/yhendlabor\/analuusid\/uuringumaterjalide-votmise-juhendid\/","url":"https:\/\/www.kliinikum.ee\/yhendlabor\/analuusid\/uuringumaterjalide-votmise-juhendid\/","name":"Uuringumaterjalide v\u00f5tmise juhendid - \u00dchendlabor","isPartOf":{"@id":"https:\/\/www.kliinikum.ee\/yhendlabor\/#website"},"datePublished":"2023-04-21T11:48:07+00:00","dateModified":"2026-04-07T05:33:12+00:00","breadcrumb":{"@id":"https:\/\/www.kliinikum.ee\/yhendlabor\/analuusid\/uuringumaterjalide-votmise-juhendid\/#breadcrumb"},"inLanguage":"et","potentialAction":[{"@type":"ReadAction","target":["https:\/\/www.kliinikum.ee\/yhendlabor\/analuusid\/uuringumaterjalide-votmise-juhendid\/"]}]},{"@type":"BreadcrumbList","@id":"https:\/\/www.kliinikum.ee\/yhendlabor\/analuusid\/uuringumaterjalide-votmise-juhendid\/#breadcrumb","itemListElement":[{"@type":"ListItem","position":1,"name":"Home","item":"https:\/\/www.kliinikum.ee\/yhendlabor\/"},{"@type":"ListItem","position":2,"name":"Anal\u00fc\u00fcsid","item":"https:\/\/www.kliinikum.ee\/yhendlabor\/analuusid\/"},{"@type":"ListItem","position":3,"name":"Uuringumaterjalide v\u00f5tmise juhendid"}]},{"@type":"WebSite","@id":"https:\/\/www.kliinikum.ee\/yhendlabor\/#website","url":"https:\/\/www.kliinikum.ee\/yhendlabor\/","name":"\u00dchendlabor","description":"Hoolivus, Uuendusmeelsus, P\u00e4devus ja Usaldusv\u00e4\u00e4rsus","potentialAction":[{"@type":"SearchAction","target":{"@type":"EntryPoint","urlTemplate":"https:\/\/www.kliinikum.ee\/yhendlabor\/?s={search_term_string}"},"query-input":{"@type":"PropertyValueSpecification","valueRequired":true,"valueName":"search_term_string"}}],"inLanguage":"et"}]}},"uagb_featured_image_src":{"full":false,"thumbnail":false,"medium":false,"medium_large":false,"large":false,"1536x1536":false,"2048x2048":false},"uagb_author_info":{"display_name":"Jane Freimann","author_link":"https:\/\/www.kliinikum.ee\/yhendlabor\/author\/janef\/"},"uagb_comment_info":0,"uagb_excerpt":"Vasts\u00fcndinutelt, imikutelt, lastelt ja t\u00e4iskasvanutelt kapillaarvere v\u00f5tmise juhend Laboriuuringuteks veenivere v\u00f5tmise juhend SA T\u00dcK \u00fchendlaboris kasutatavad proovin\u00f5ud. Abimaterjal eHL-st elektroonse tellimuse teostamiseks Proovimaterjali kogumine HPV NAT anal\u00fc\u00fcsiks ThinPrep Pap Test (Hologic) proovitopsi Proovimaterjali kogumine vedela transports\u00f6\u00f6tmega katsutisse eSwab LIQUID AMIES Proovimaterjali kogumine anaalkaape uuringuks Proovimaterjali kogumine Bactec k\u00fclviks Proovimaterjali kogumine kaabete, eritiste, punktaatide, vedelike, k\u00fc\u00fcnte,&hellip;","_links":{"self":[{"href":"https:\/\/www.kliinikum.ee\/yhendlabor\/wp-json\/wp\/v2\/pages\/5904","targetHints":{"allow":["GET"]}}],"collection":[{"href":"https:\/\/www.kliinikum.ee\/yhendlabor\/wp-json\/wp\/v2\/pages"}],"about":[{"href":"https:\/\/www.kliinikum.ee\/yhendlabor\/wp-json\/wp\/v2\/types\/page"}],"author":[{"embeddable":true,"href":"https:\/\/www.kliinikum.ee\/yhendlabor\/wp-json\/wp\/v2\/users\/36"}],"replies":[{"embeddable":true,"href":"https:\/\/www.kliinikum.ee\/yhendlabor\/wp-json\/wp\/v2\/comments?post=5904"}],"version-history":[{"count":0,"href":"https:\/\/www.kliinikum.ee\/yhendlabor\/wp-json\/wp\/v2\/pages\/5904\/revisions"}],"up":[{"embeddable":true,"href":"https:\/\/www.kliinikum.ee\/yhendlabor\/wp-json\/wp\/v2\/pages\/5856"}],"wp:attachment":[{"href":"https:\/\/www.kliinikum.ee\/yhendlabor\/wp-json\/wp\/v2\/media?parent=5904"}],"curies":[{"name":"wp","href":"https:\/\/api.w.org\/{rel}","templated":true}]}}