{"id":5917,"date":"2023-04-21T13:57:56","date_gmt":"2023-04-21T11:57:56","guid":{"rendered":"https:\/\/www.kliinikum.ee\/yhendlabor\/?page_id=5917"},"modified":"2026-01-30T09:16:10","modified_gmt":"2026-01-30T07:16:10","slug":"proovimaterjalide-logistika","status":"publish","type":"page","link":"https:\/\/www.kliinikum.ee\/yhendlabor\/partnerile-ja-kolleegile\/proovimaterjalide-logistika\/","title":{"rendered":"SA T\u00dcK \u00fchendlabori poolt organiseeritav proovimaterjalide transport"},"content":{"rendered":"\n<p><strong>Kliinikumis ja Tartu linna piires<\/strong><\/p>\n\n\n\n<p>T\u00f6\u00f6p\u00e4eviti (08:00\u201416:00) garanteeritakse proovimaterjalide transport vastavalt transpordiringis etten\u00e4htud graafikule (<a href=\"https:\/\/www.kliinikum.ee\/yhendlabor\/wp-content\/uploads\/2026\/01\/TUL-6.4.3-Kliinikute-prooviring-auto1-ver45.pdf\" target=\"_blank\" rel=\"noreferrer noopener\">T\u00dcL-6.4.3<\/a>;\u00a0<a href=\"https:\/\/www.kliinikum.ee\/yhendlabor\/wp-content\/uploads\/2025\/03\/TUL-6.4.7.pdf\" target=\"_blank\" rel=\"noreferrer noopener\">T\u00dcL-6.4.7<\/a>).\u00a0Graafiku koostamise eest vastutab vastuv\u00f5tu ja logistika osakonna juhtiv bioanal\u00fc\u00fctik K\u00fclli Kuus, kelle poole p\u00f6\u00f6rduda ettepanekute ja probleemide korral telefon 731 8310,\u00a0<a href=\"mailto:kylli.kuus@kliinikum.ee\"><\/a><a href=\"mailto:kylli.kuus@kliinikum.ee\">kylli.kuus@kliinikum.ee<\/a>.<\/p>\n\n\n\n<p>Lisaks eelnevale on \u00fchendlaboris teostatavate anal\u00fc\u00fcside proovimaterjale v\u00f5imalik Tartu \u00dclikooli Kliinikumi kliinikutel transportida laborisse E-R p\u00e4rast kella 16:00 ja L-P kliinikumi transpordiga. Selleks tuleb Kliinikumi garaa\u017eist tellida auto, telefon 731 8351.<\/p>\n\n\n\n<p> <strong>Eesti piires Kliinikumi transpordiga<\/strong><\/p>\n\n\n\n<p>Kliinikumi poolt on korraldatud regulaarne proovimaterjalide transport igal neljap\u00e4eval (va riiklikud p\u00fchad) Tartu \u2013 Tallinn \u2013 Tartu<strong>.<\/strong><\/p>\n\n\n\n<p>Proovimaterjalide Tallinnasse saatmiseks tuleb:<\/p>\n\n\n\n<ol start=\"1\" style=\"list-style-type:1\" class=\"wp-block-list\">\n<li>informeerida e-maili teel K\u00fclli Kuus-i (<a href=\"mailto:kylli.kuus@kliinikum.ee\"><\/a><a href=\"mailto:kylli.kuus@kliinikum.ee\">kylli.kuus@kliinikum.ee<\/a>) hiljemalt kolmap\u00e4eval, kella 13:00-ks, kes koostab autojuhile s\u00f5idugraafiku<\/li>\n\n\n\n<li>saadetavad proovimaterjalid tuua L. Puusepa 8, ruum J2114 hiljemalt kolmap\u00e4eval, kell 14:30<\/li>\n<\/ol>\n\n\n\n<p>Auto s\u00f5idab Tartust v\u00e4lja reeglina neljap\u00e4eva hommikul kell 08:00 ning j\u00f5uab tagasi orienteeruvalt 15:00-16:00.<\/p>\n\n\n\n<p>Proovimaterjalid ja anal\u00fc\u00fcside tellimislehed peavad olema pakendatud saatja poolt transportkonteinerisse. Saadetis peab olema m\u00e4rgistatud sihtkoha t\u00e4pse aadressi, kontaktisiku nime ja \u2013telefoniga. Samuti on vajalik saatja nimi ja kontakttelefon. Mingil juhul ei tohi saata anal\u00fc\u00fcse tavalise kirja\u00fcmbrikuga.<\/p>\n\n\n\n<p>Antud transpordiringiga on v\u00f5imalik \u00fchendlaborisse saata proovimaterjale ka Tallinnast (k\u00fcll ainult nendest punktidest, kust automarsruut l\u00e4bi l\u00e4heb). <\/p>\n\n\n\n<p>Lisainfo \u00fchendlabor vastuv\u00f5tu ja logistika osakonna juhtiv bioanal\u00fc\u00fctik K\u00fclli Kuus  7318310,&nbsp;<a href=\"mailto:kylli.kuus@kliinikum.ee\"><\/a><a href=\"mailto:kylli.kuus@kliinikum.ee\">kylli.kuus@kliinikum.ee<\/a>.<\/p>\n\n\n\n<p><strong>Eesti piires T grupp O\u00dc Cargobus kullerteenusega<\/strong><\/p>\n\n\n\n<p>Eesti piires on v\u00f5imalik saata proovimaterjale ettev\u00f5tte T grupp O\u00dc Cargobus vahendusel. Anal\u00fc\u00fcsid, mida \u00fchendlaboris ei teostata, on v\u00f5imalik edasi saata vastavaid anal\u00fc\u00fcse teostavatesse laboritesse \u00fcle Eesti. Proovimaterjalid peavad olema varustatud tellimislehega v\u00f5i tellitud elektroonselt ja pakendatud saatja poolt transportkonteinerisse. Saadetis peab olema m\u00e4rgistatud sihtkoha t\u00e4pse aadressi, kontaktisiku nime ja \u2013telefoniga. Samuti on vajalik saatja nimi ja kontakttelefon.<\/p>\n\n\n\n<p>Kui pakk peab j\u00f5udma samal p\u00e4eval sihtpunkti, tuleb pakk tuua kella 08:00ks L. Puusepa 8, ruum J2114 \u00fchendlabori vastuv\u00f5tu ja logistika osakonda.<\/p>\n\n\n\n<p>SA T\u00dc kliinikumi kullerteenuse graafik adressaadilt adressaadini. Partner T grupp O\u00dc Cargobus<\/p>\n\n\n\n<figure class=\"wp-block-table is-style-regular\" style=\"font-style:normal;font-weight:400;text-transform:none\"><table><tbody><tr><td><strong>Pealelaadimise aadressid ja n\u00e4dalap\u00e4evad<\/strong><\/td><td><strong>Pealelaadimise aeg<\/strong><\/td><\/tr><tr><td>Rakvere haigla AS, L\u00f5una p\u00f5ik 1, Rakvere -&nbsp;<strong>Esmasp\u00e4ev<\/strong><\/td><td><strong>12:00<\/strong><\/td><\/tr><tr><td>L\u00e4\u00e4ne-Tallinna AS Keskhaigla s\u00fcnnitusmaja, S\u00f5le 23, Tallinn<strong>&nbsp;<\/strong>\u2013<strong> Esmasp\u00e4ev<\/strong><\/td><td><strong>13:00-13:30<\/strong><\/td><\/tr><tr><td>Kuressaare haigla SA s\u00fcnnitusosakond, Aia 25, Kuressaare -&nbsp;<strong>Esmasp\u00e4ev<\/strong><\/td><td><strong>11:30-12:00<\/strong><\/td><\/tr><tr><td>P\u00f5hja-Eesti Regionaalhaigla SA, proovide vastuv\u00f5tt, C korpus, III korrus, J. S\u00fctiste tee 19, Tallinn<strong>&nbsp;<\/strong>- <strong>E, T, K, R<\/strong><\/td><td><strong>10:00<\/strong><\/td><\/tr><tr><td>Ida-Tallinna Keskhaigla AS, Ravi 18, Tallinn<strong>&nbsp;<\/strong>-<strong> K&nbsp;<\/strong>(PMK)<br>Ida-Tallinna Keskhaigla AS, Ravi 18, Tallinn -<strong>&nbsp;E, T, R<\/strong><\/td><td><strong>11:00<\/strong><br><strong>12:30-13:00<\/strong><\/td><\/tr><tr><td>SA T\u00dcK Meestekliinik, ruum 6.01.029, Sepapaja 12\/1, Tallinn -<strong> E, T, K, N, R<\/strong><\/td><td><strong>E 11:00 <br><strong>T-R 8:00 ja 11:00<\/strong><\/strong><\/td><\/tr><tr><td>SA T\u00dcK, Geneetika ja personaalmeditsiini kliinik, ruum 6.01.046, Sepapaja 12\/1, Tallinn - <strong>E, T, K, N, R<\/strong><\/td><td><strong>E 11:00 <\/strong><br><strong>T-R 8:00 ja 11:00<\/strong><br><strong>R 15:30<\/strong><\/td><\/tr><tr><td>Tartu \u00dclikooli Kliinikumi Meestekliinik, Seedri 6, ruum 200, P\u00e4rnu -&nbsp;<strong>E, T, K, N, R<\/strong><\/td><td><strong>10:00<\/strong><\/td><\/tr><tr><td>Valga haigla AS, Peetri 2 Valga (valvelaud, sissep\u00e4\u00e4s kiirabi vastuv\u00f5tust)<strong>&nbsp;- E, K, R<\/strong><\/td><td><strong>10:00<\/strong><\/td><\/tr><tr><td>L\u00f5una-Eesti Haigla AS, Meegom\u00e4e k\u00fcla, V\u00f5ru vald, V\u00f5rumaa<strong>&nbsp;- K, R<\/strong><\/td><td><strong>8:30<\/strong><\/td><\/tr><tr><td>SA Narva haigla, labor, Haigla 3, Narva<strong>&nbsp;- E, T, K, N, R<\/strong><br>SA Narva haigla, keemiaravi kabinet 221, Haigla 1, Narva (vajadusel tellida kuller) - <strong>E<\/strong><\/td><td><strong>09:00<\/strong><br><strong>13:00<\/strong><\/td><\/tr><tr><td>Ida-Viru Keskhaigla SA, Ilmajaama 14, Ravi 10b, Ravi 10d, Kohtla-J\u00e4rve<strong>&nbsp;- E, T, K, N, R<\/strong><\/td><td><strong>10:00<\/strong><\/td><\/tr><tr><td>P\u00e4rnu haigla SA, labor, Ristiku 1, P\u00e4rnu<strong>&nbsp;- E, T, K, N, R<\/strong><\/td><td><strong>08:00<\/strong><\/td><\/tr><tr><td>P\u00e4rnu haigla SA, veretalitlus, Metsa 1, P\u00e4rnu<strong>&nbsp;- E, T, K, N, R<\/strong><\/td><td><strong>E, K, R 13:30<\/strong><br><strong>T, N 15:30<\/strong><\/td><\/tr><tr><td><strong>3 x t\u00f6\u00f6p\u00e4evas \u2013&nbsp;<\/strong>T\u00dcK \u00dchendlabor vastuv\u00f5tu ja logistika osakond, J2114, L Puusepa 8, Tartu; T\u00dcK Geneetika ja personaalmeditsiini kliinik - L. Puusepa 2, II korrus, Tartu<\/td><td><strong>08:00-08:15<\/strong><br><strong>13:00-13:30<\/strong><br><strong>15:00-15:30<\/strong><\/td><\/tr><\/tbody><\/table><\/figure>\n\n\n\n<p>Cargobus kuller toob pakke Kliinikumi \u00fchendlaborisse (juhul, kui need on laekunud terminali) j\u00e4rgmistel kellaaegadel:<\/p>\n\n\n\n<ol class=\"wp-block-list\">\n<li>08:00\u201408:15 (Tartusse j\u00f5udnud eelmisel \u00f5htul)<\/li>\n\n\n\n<li>13:00\u201413:30 (Tartusse j\u00f5udnud hiljemalt 12:00)<\/li>\n\n\n\n<li>15:00\u201415:30 (Tartusse j\u00f5udnud hiljemalt 14:30)<\/li>\n\n\n\n<li>20:00 (Tartusse j\u00f5udnud hiljemalt 19:30)<\/li>\n<\/ol>\n\n\n\n<p>Muudetud 02.01.2025<\/p>\n\n\n\n<p class=\"has-medium-font-size\"><strong><a href=\"https:\/\/www.kliinikum.ee\/yhendlabor\/wp-content\/uploads\/2025\/04\/JKL-241_Proovinoude_torupostiga_saatmine_ja_vastuvotmine_uhendlaborisse_patoloogiateenistusse_ja_verekeskusesse_02-5.pdf\" target=\"_blank\" rel=\"noreferrer noopener\">Proovin\u00f5ude torupostiga saatmise juhend<\/a><\/strong> (pdf)<\/p>\n","protected":false},"excerpt":{"rendered":"<p>Kliinikumis ja Tartu linna piires T\u00f6\u00f6p\u00e4eviti (08:00\u201416:00) garanteeritakse proovimaterjalide transport vastavalt transpordiringis etten\u00e4htud graafikule (T\u00dcL-6.4.3;\u00a0T\u00dcL-6.4.7).\u00a0Graafiku koostamise eest vastutab vastuv\u00f5tu ja logistika osakonna juhtiv bioanal\u00fc\u00fctik K\u00fclli Kuus, kelle poole p\u00f6\u00f6rduda ettepanekute ja probleemide korral telefon 731 8310,\u00a0kylli.kuus@kliinikum.ee. Lisaks eelnevale on \u00fchendlaboris teostatavate anal\u00fc\u00fcside proovimaterjale v\u00f5imalik Tartu \u00dclikooli Kliinikumi kliinikutel transportida laborisse E-R p\u00e4rast kella 16:00 ja [&hellip;]<\/p>\n","protected":false},"author":36,"featured_media":0,"parent":5850,"menu_order":2,"comment_status":"closed","ping_status":"closed","template":"","meta":{"_uag_custom_page_level_css":"","footnotes":""},"class_list":["post-5917","page","type-page","status-publish","hentry"],"acf":[],"yoast_head":"<!-- This site is optimized with the Yoast SEO plugin v27.3 - https:\/\/yoast.com\/product\/yoast-seo-wordpress\/ -->\n<title>SA T\u00dcK \u00fchendlabori poolt organiseeritav proovimaterjalide transport - \u00dchendlabor<\/title>\n<meta name=\"robots\" content=\"index, follow, max-snippet:-1, max-image-preview:large, max-video-preview:-1\" \/>\n<link rel=\"canonical\" href=\"https:\/\/www.kliinikum.ee\/yhendlabor\/partnerile-ja-kolleegile\/proovimaterjalide-logistika\/\" \/>\n<meta property=\"og:locale\" content=\"et_EE\" \/>\n<meta property=\"og:type\" content=\"article\" \/>\n<meta property=\"og:title\" content=\"SA T\u00dcK \u00fchendlabori poolt organiseeritav proovimaterjalide transport - \u00dchendlabor\" \/>\n<meta property=\"og:description\" content=\"Kliinikumis ja Tartu linna piires T\u00f6\u00f6p\u00e4eviti (08:00\u201416:00) garanteeritakse proovimaterjalide transport vastavalt transpordiringis etten\u00e4htud graafikule (T\u00dcL-6.4.3;\u00a0T\u00dcL-6.4.7).\u00a0Graafiku koostamise eest vastutab vastuv\u00f5tu ja logistika osakonna juhtiv bioanal\u00fc\u00fctik K\u00fclli Kuus, kelle poole p\u00f6\u00f6rduda ettepanekute ja probleemide korral telefon 731 8310,\u00a0kylli.kuus@kliinikum.ee. Lisaks eelnevale on \u00fchendlaboris teostatavate anal\u00fc\u00fcside proovimaterjale v\u00f5imalik Tartu \u00dclikooli Kliinikumi kliinikutel transportida laborisse E-R p\u00e4rast kella 16:00 ja [&hellip;]\" \/>\n<meta property=\"og:url\" content=\"https:\/\/www.kliinikum.ee\/yhendlabor\/partnerile-ja-kolleegile\/proovimaterjalide-logistika\/\" \/>\n<meta property=\"og:site_name\" content=\"\u00dchendlabor\" \/>\n<meta property=\"article:modified_time\" content=\"2026-01-30T07:16:10+00:00\" \/>\n<meta name=\"twitter:card\" content=\"summary_large_image\" \/>\n<meta name=\"twitter:label1\" content=\"Est. reading time\" \/>\n\t<meta name=\"twitter:data1\" content=\"4 minutit\" \/>\n<script type=\"application\/ld+json\" class=\"yoast-schema-graph\">{\"@context\":\"https:\\\/\\\/schema.org\",\"@graph\":[{\"@type\":\"WebPage\",\"@id\":\"https:\\\/\\\/www.kliinikum.ee\\\/yhendlabor\\\/partnerile-ja-kolleegile\\\/proovimaterjalide-logistika\\\/\",\"url\":\"https:\\\/\\\/www.kliinikum.ee\\\/yhendlabor\\\/partnerile-ja-kolleegile\\\/proovimaterjalide-logistika\\\/\",\"name\":\"SA T\u00dcK \u00fchendlabori poolt organiseeritav proovimaterjalide transport - \u00dchendlabor\",\"isPartOf\":{\"@id\":\"https:\\\/\\\/www.kliinikum.ee\\\/yhendlabor\\\/#website\"},\"datePublished\":\"2023-04-21T11:57:56+00:00\",\"dateModified\":\"2026-01-30T07:16:10+00:00\",\"breadcrumb\":{\"@id\":\"https:\\\/\\\/www.kliinikum.ee\\\/yhendlabor\\\/partnerile-ja-kolleegile\\\/proovimaterjalide-logistika\\\/#breadcrumb\"},\"inLanguage\":\"et\",\"potentialAction\":[{\"@type\":\"ReadAction\",\"target\":[\"https:\\\/\\\/www.kliinikum.ee\\\/yhendlabor\\\/partnerile-ja-kolleegile\\\/proovimaterjalide-logistika\\\/\"]}]},{\"@type\":\"BreadcrumbList\",\"@id\":\"https:\\\/\\\/www.kliinikum.ee\\\/yhendlabor\\\/partnerile-ja-kolleegile\\\/proovimaterjalide-logistika\\\/#breadcrumb\",\"itemListElement\":[{\"@type\":\"ListItem\",\"position\":1,\"name\":\"Home\",\"item\":\"https:\\\/\\\/www.kliinikum.ee\\\/yhendlabor\\\/\"},{\"@type\":\"ListItem\",\"position\":2,\"name\":\"Partnerile ja kolleegile\",\"item\":\"https:\\\/\\\/www.kliinikum.ee\\\/yhendlabor\\\/partnerile-ja-kolleegile\\\/\"},{\"@type\":\"ListItem\",\"position\":3,\"name\":\"SA T\u00dcK \u00fchendlabori poolt organiseeritav proovimaterjalide transport\"}]},{\"@type\":\"WebSite\",\"@id\":\"https:\\\/\\\/www.kliinikum.ee\\\/yhendlabor\\\/#website\",\"url\":\"https:\\\/\\\/www.kliinikum.ee\\\/yhendlabor\\\/\",\"name\":\"\u00dchendlabor\",\"description\":\"Hoolivus, Uuendusmeelsus, P\u00e4devus ja Usaldusv\u00e4\u00e4rsus\",\"potentialAction\":[{\"@type\":\"SearchAction\",\"target\":{\"@type\":\"EntryPoint\",\"urlTemplate\":\"https:\\\/\\\/www.kliinikum.ee\\\/yhendlabor\\\/?s={search_term_string}\"},\"query-input\":{\"@type\":\"PropertyValueSpecification\",\"valueRequired\":true,\"valueName\":\"search_term_string\"}}],\"inLanguage\":\"et\"}]}<\/script>\n<!-- \/ Yoast SEO plugin. -->","yoast_head_json":{"title":"SA T\u00dcK \u00fchendlabori poolt organiseeritav proovimaterjalide transport - \u00dchendlabor","robots":{"index":"index","follow":"follow","max-snippet":"max-snippet:-1","max-image-preview":"max-image-preview:large","max-video-preview":"max-video-preview:-1"},"canonical":"https:\/\/www.kliinikum.ee\/yhendlabor\/partnerile-ja-kolleegile\/proovimaterjalide-logistika\/","og_locale":"et_EE","og_type":"article","og_title":"SA T\u00dcK \u00fchendlabori poolt organiseeritav proovimaterjalide transport - \u00dchendlabor","og_description":"Kliinikumis ja Tartu linna piires T\u00f6\u00f6p\u00e4eviti (08:00\u201416:00) garanteeritakse proovimaterjalide transport vastavalt transpordiringis etten\u00e4htud graafikule (T\u00dcL-6.4.3;\u00a0T\u00dcL-6.4.7).\u00a0Graafiku koostamise eest vastutab vastuv\u00f5tu ja logistika osakonna juhtiv bioanal\u00fc\u00fctik K\u00fclli Kuus, kelle poole p\u00f6\u00f6rduda ettepanekute ja probleemide korral telefon 731 8310,\u00a0kylli.kuus@kliinikum.ee. Lisaks eelnevale on \u00fchendlaboris teostatavate anal\u00fc\u00fcside proovimaterjale v\u00f5imalik Tartu \u00dclikooli Kliinikumi kliinikutel transportida laborisse E-R p\u00e4rast kella 16:00 ja [&hellip;]","og_url":"https:\/\/www.kliinikum.ee\/yhendlabor\/partnerile-ja-kolleegile\/proovimaterjalide-logistika\/","og_site_name":"\u00dchendlabor","article_modified_time":"2026-01-30T07:16:10+00:00","twitter_card":"summary_large_image","twitter_misc":{"Est. reading time":"4 minutit"},"schema":{"@context":"https:\/\/schema.org","@graph":[{"@type":"WebPage","@id":"https:\/\/www.kliinikum.ee\/yhendlabor\/partnerile-ja-kolleegile\/proovimaterjalide-logistika\/","url":"https:\/\/www.kliinikum.ee\/yhendlabor\/partnerile-ja-kolleegile\/proovimaterjalide-logistika\/","name":"SA T\u00dcK \u00fchendlabori poolt organiseeritav proovimaterjalide transport - \u00dchendlabor","isPartOf":{"@id":"https:\/\/www.kliinikum.ee\/yhendlabor\/#website"},"datePublished":"2023-04-21T11:57:56+00:00","dateModified":"2026-01-30T07:16:10+00:00","breadcrumb":{"@id":"https:\/\/www.kliinikum.ee\/yhendlabor\/partnerile-ja-kolleegile\/proovimaterjalide-logistika\/#breadcrumb"},"inLanguage":"et","potentialAction":[{"@type":"ReadAction","target":["https:\/\/www.kliinikum.ee\/yhendlabor\/partnerile-ja-kolleegile\/proovimaterjalide-logistika\/"]}]},{"@type":"BreadcrumbList","@id":"https:\/\/www.kliinikum.ee\/yhendlabor\/partnerile-ja-kolleegile\/proovimaterjalide-logistika\/#breadcrumb","itemListElement":[{"@type":"ListItem","position":1,"name":"Home","item":"https:\/\/www.kliinikum.ee\/yhendlabor\/"},{"@type":"ListItem","position":2,"name":"Partnerile ja kolleegile","item":"https:\/\/www.kliinikum.ee\/yhendlabor\/partnerile-ja-kolleegile\/"},{"@type":"ListItem","position":3,"name":"SA T\u00dcK \u00fchendlabori poolt organiseeritav proovimaterjalide transport"}]},{"@type":"WebSite","@id":"https:\/\/www.kliinikum.ee\/yhendlabor\/#website","url":"https:\/\/www.kliinikum.ee\/yhendlabor\/","name":"\u00dchendlabor","description":"Hoolivus, Uuendusmeelsus, P\u00e4devus ja Usaldusv\u00e4\u00e4rsus","potentialAction":[{"@type":"SearchAction","target":{"@type":"EntryPoint","urlTemplate":"https:\/\/www.kliinikum.ee\/yhendlabor\/?s={search_term_string}"},"query-input":{"@type":"PropertyValueSpecification","valueRequired":true,"valueName":"search_term_string"}}],"inLanguage":"et"}]}},"uagb_featured_image_src":{"full":false,"thumbnail":false,"medium":false,"medium_large":false,"large":false,"1536x1536":false,"2048x2048":false},"uagb_author_info":{"display_name":"Jane Freimann","author_link":"https:\/\/www.kliinikum.ee\/yhendlabor\/author\/janef\/"},"uagb_comment_info":0,"uagb_excerpt":"Kliinikumis ja Tartu linna piires T\u00f6\u00f6p\u00e4eviti (08:00\u201416:00) garanteeritakse proovimaterjalide transport vastavalt transpordiringis etten\u00e4htud graafikule (T\u00dcL-6.4.3;\u00a0T\u00dcL-6.4.7).\u00a0Graafiku koostamise eest vastutab vastuv\u00f5tu ja logistika osakonna juhtiv bioanal\u00fc\u00fctik K\u00fclli Kuus, kelle poole p\u00f6\u00f6rduda ettepanekute ja probleemide korral telefon 731 8310,\u00a0kylli.kuus@kliinikum.ee. Lisaks eelnevale on \u00fchendlaboris teostatavate anal\u00fc\u00fcside proovimaterjale v\u00f5imalik Tartu \u00dclikooli Kliinikumi kliinikutel transportida laborisse E-R p\u00e4rast kella 16:00 ja&hellip;","_links":{"self":[{"href":"https:\/\/www.kliinikum.ee\/yhendlabor\/wp-json\/wp\/v2\/pages\/5917","targetHints":{"allow":["GET"]}}],"collection":[{"href":"https:\/\/www.kliinikum.ee\/yhendlabor\/wp-json\/wp\/v2\/pages"}],"about":[{"href":"https:\/\/www.kliinikum.ee\/yhendlabor\/wp-json\/wp\/v2\/types\/page"}],"author":[{"embeddable":true,"href":"https:\/\/www.kliinikum.ee\/yhendlabor\/wp-json\/wp\/v2\/users\/36"}],"replies":[{"embeddable":true,"href":"https:\/\/www.kliinikum.ee\/yhendlabor\/wp-json\/wp\/v2\/comments?post=5917"}],"version-history":[{"count":0,"href":"https:\/\/www.kliinikum.ee\/yhendlabor\/wp-json\/wp\/v2\/pages\/5917\/revisions"}],"up":[{"embeddable":true,"href":"https:\/\/www.kliinikum.ee\/yhendlabor\/wp-json\/wp\/v2\/pages\/5850"}],"wp:attachment":[{"href":"https:\/\/www.kliinikum.ee\/yhendlabor\/wp-json\/wp\/v2\/media?parent=5917"}],"curies":[{"name":"wp","href":"https:\/\/api.w.org\/{rel}","templated":true}]}}